-- Table structure for table `wmp18_wc_admin_notes`
--

CREATE TABLE `wmp18_wc_admin_notes` (
  `note_id` bigint unsigned NOT NULL AUTO_INCREMENT,
  `name` varchar(255) CHARACTER SET utf8mb4 COLLATE utf8mb4_unicode_520_ci NOT NULL,
  `type` varchar(20) CHARACTER SET utf8mb4 COLLATE utf8mb4_unicode_520_ci NOT NULL,
  `locale` varchar(20) CHARACTER SET utf8mb4 COLLATE utf8mb4_unicode_520_ci NOT NULL,
  `title` longtext CHARACTER SET utf8mb4 COLLATE utf8mb4_unicode_520_ci NOT NULL,
  `content` longtext CHARACTER SET utf8mb4 COLLATE utf8mb4_unicode_520_ci NOT NULL,
  `icon` varchar(200) CHARACTER SET utf8mb4 COLLATE utf8mb4_unicode_520_ci NOT NULL DEFAULT 'info',
  `content_data` longtext CHARACTER SET utf8mb4 COLLATE utf8mb4_unicode_520_ci,
  `status` varchar(200) CHARACTER SET utf8mb4 COLLATE utf8mb4_unicode_520_ci NOT NULL,
  `source` varchar(200) CHARACTER SET utf8mb4 COLLATE utf8mb4_unicode_520_ci NOT NULL,
  `date_created` datetime NOT NULL DEFAULT '0000-00-00 00:00:00',
  `date_reminder` datetime DEFAULT NULL,
  `is_snoozable` tinyint(1) NOT NULL DEFAULT '0',
  `layout` varchar(20) CHARACTER SET utf8mb4 COLLATE utf8mb4_unicode_520_ci NOT NULL DEFAULT '',
  `image` varchar(200) CHARACTER SET utf8mb4 COLLATE utf8mb4_unicode_520_ci DEFAULT NULL,
  `is_deleted` tinyint(1) NOT NULL DEFAULT '0',
  `is_read` tinyint(1) NOT NULL DEFAULT '0',
  PRIMARY KEY (`note_id`)
) ENGINE=InnoDB AUTO_INCREMENT=226 DEFAULT CHARSET=utf8mb4 COLLATE=utf8mb4_unicode_520_ci;

--
-- Dumping data for table `wmp18_wc_admin_notes`
--

INSERT INTO `wmp18_wc_admin_notes` VALUES (4,'wc-admin-wc-helper-connection','info','en_US','Se connecter à WooCommerce.com','Connectez-vous pour obtenir des notifications et des mises à jour importantes sur les produits.','info','{}','unactioned','woocommerce-admin','2020-05-27 08:26:37',NULL,0,'',NULL,0,1),(5,'wc-admin-orders-milestone','info','en_US','Félicitations pour le traitement des commandes 10 !','Vous avez atteint 10 commandes majeures ! Bien joué. Découvrez quelques modèles de réussite WooCommerce pour trouver l\'inspiration.','trophy','{}','unactioned','woocommerce-admin','2020-05-27 08:26:37',NULL,0,'',NULL,0,1),(6,'wc-update-db-reminder','update','en_US','Mise à jour de base de données WooCommerce obligatoire','WooCommerce a été mis à jour ! Pour garder un fonctionnement fluide, nous devons mettre à jour la base de données à la dernière version. Le traitement de la mise à jour se fait en arrière-plan et peut prendre un peu de temps, veuillez patienter. Sinon, les utilisateurs/utilisatrices avancés peuvent aussi mettre à jour via <a href=\"https://github.com/woocommerce/woocommerce/wiki/Upgrading-the-database-using-WP-CLI\">WP CLI</a>.','info','{}','unactioned','woocommerce-core','2020-03-10 18:27:34',NULL,0,'plain',NULL,0,1),(7,'wc-admin-mobile-app','info','en_US','Installer l\'application mobile Woo','Installez l\'application mobile WooCommerce pour gérer les commandes, recevoir des notifications de vente et afficher les statistiques principales où que vous soyez.','phone','{}','unactioned','woocommerce-admin','2020-05-29 09:02:06',NULL,0,'',NULL,0,1),(8,'wc-admin-onboarding-email-marketing','info','en_US','Astuces, mises à jour des produits et inspiration','Nous sommes à votre disposition. Profitez de conseils, de mises à jour des produits et de sources d\'inspiration directement dans votre boîte de messagerie.','mail','{}','unactioned','woocommerce-admin','2020-05-29 09:02:06',NULL,0,'',NULL,0,1),(10,'wc-admin-facebook-extension','info','en_US','Market on Facebook','Développez votre activité en ciblant la clientèle et en augmentant les ventes avec Facebook. Vous pouvez désormais installer cette extension gratuite.','thumbs-up','{}','unactioned','woocommerce-admin','2020-05-30 08:35:02',NULL,0,'',NULL,0,1),(12,'wc-admin-store-notice-giving-feedback-2','info','en_US','Donner des commentaires','Maintenant que vous nous avez choisis comme partenaire, notre objectif est de nous assurer que nous vous fournissons les bons outils pour répondre à vos besoins. Nous sommes impatients de recevoir vos commentaires sur votre expérience de conception de la boutique pour que nous puissions l’améliorer à l’avenir.','info','{}','unactioned','woocommerce-admin','2020-10-03 08:26:50',NULL,0,'plain','',0,1),(15,'wc-admin-real-time-order-alerts','info','en_US','Obtenir des alertes de commande en temps réel n’importe où','Obtenez des notifications sur l’activité de votre boutique, notamment des nouvelles commandes et des avis sur vos produits, directement sur vos appareils mobiles grâce à l’application Woo.','info','{}','unactioned','woocommerce-admin','2020-10-03 08:26:50',NULL,0,'plain','',0,1),(16,'wc-admin-coupon-page-moved','update','en_US','La gestion des codes promo a changé d’emplacement !','Vous gérez désormais les codes promo dans Marketing &gt; Codes promo. Cliquez sur le bouton ci-dessous pour supprimer l’élément de menu hérité WooCommerce &gt; Codes promo.','info','{}','actioned','woocommerce-admin','2020-10-26 02:45:29',NULL,0,'plain','',0,1),(17,'ecomm-need-help-setting-up-your-store','info','en_US','Need help setting up your Store?','Schedule a free 30-min <a href=\"https://wordpress.com/support/concierge-support/\">quick start session</a> and get help from our specialists. We’re happy to walk through setup steps, show you around the WordPress.com dashboard, troubleshoot any issues you may have, and help you the find the features you need to accomplish your goals for your site.','info','{}','pending','woocommerce.com','2020-10-19 07:49:45',NULL,0,'plain','',0,1),(18,'woocommerce-services','info','en_US','WooCommerce Shipping & Tax','WooCommerce Shipping &amp; Tax helps get your store \"ready to sell\" as quickly as possible. You create your products. We take care of tax calculation, payment processing, and shipping label printing! Learn more about the extension that you just installed.','info','{}','pending','woocommerce.com','2020-10-19 07:49:45',NULL,0,'plain','',0,1),(19,'ecomm-unique-shopping-experience','info','en_US','For a shopping experience as unique as your customers','Product Add-Ons allow your customers to personalize products while they\'re shopping on your online store. No more follow-up email requests—customers get what they want, before they\'re done checking out. Learn more about this extension that comes included in your plan.','info','{}','pending','woocommerce.com','2020-10-19 07:49:45',NULL,0,'plain','',0,1),(20,'wcpay-promo-2020-11','marketing','en_US','wcpay-promo-2020-11','wcpay-promo-2020-11','info','{}','pending','woocommerce.com','2020-11-14 07:34:46',NULL,0,'plain','',0,1),(21,'wcpay-subscriptions-2020-11','marketing','en_US','Manage subscriber payments from your store\'s dashboard','Securely accept cards and manage transactions right from your dashboard with <a href=\"https://woocommerce.com/payments/?utm_medium=notification&amp;utm_source=product&amp;utm_campaign=wcpay_ctrl20\" target=\"_blank\">WooCommerce Payments</a>  – now supporting <a href=\"https://woocommerce.com/products/woocommerce-subscriptions/?utm_medium=notification&amp;utm_source=product&amp;utm_campaign=wcpay_ctrl20\" target=\"_blank\">WooCommerce Subscriptions</a>! <br /><br /><em>By clicking \"Install now,\" you agree to our <a href=\"https://wordpress.com/tos/?utm_medium=notification&amp;utm_source=product&amp;utm_campaign=wcpay_ctrl20\" target=\"_blank\">Terms of Service</a>.</em>','info','{}','pending','woocommerce.com','2020-11-15 16:34:46',NULL,0,'plain','',0,1),(23,'wcpay-promo-2020-12','marketing','en_US','wcpay-promo-2020-12','wcpay-promo-2020-12','info','{}','pending','woocommerce.com','2020-12-05 14:27:30',NULL,0,'plain','',0,1),(24,'wcpay-subscriptions-2020-12','marketing','en_US','Manage payments from your store\'s dashboard','Securely accept cards and manage transactions right from your dashboard with <a href=\"https://woocommerce.com/payments/?utm_medium=notification&amp;utm_source=product&amp;utm_campaign=wcpay_ctrl20\" target=\"_blank\">WooCommerce Payments</a>! Zero setup fees or monthly fees. Just pay-as-you-go, starting at just 2.9% + $0.30 per transaction for U.S.-issued cards. <br /><br /><em>By clicking \"Install now,\" you agree to our <a href=\"https://wordpress.com/tos/?utm_medium=notification&amp;utm_source=product&amp;utm_campaign=wcpay_ctrl20\" target=\"_blank\">Terms of Service</a>.</em>','info','{}','pending','woocommerce.com','2020-12-06 23:27:30',NULL,0,'plain','',0,1),(25,'wc-admin-manage-orders-on-the-go','info','en_US','Gérez vos commandes à la volée','Recherchez des commandes et des informations sur les clients, et effectuez des remboursements en un clic à l’aide de l’application Woo.','info','{}','unactioned','woocommerce-admin','2020-12-15 08:35:11',NULL,0,'plain','',0,1),(26,'your-first-product','info','en_US','Your first product','That’s huge! You’re well on your way to building a successful online store — now it’s time to think about how you’ll fulfill your orders.<br /><br />Read our shipping guide to learn best practices and options for putting together your shipping strategy. And for WooCommerce stores in the United States, you can print discounted shipping labels via USPS with <a href=\"https://href.li/?https://woocommerce.com/shipping\" target=\"_blank\">WooCommerce Shipping</a>.','info','{}','pending','woocommerce.com','2021-01-06 13:27:39',NULL,0,'plain','',0,1),(27,'wc-admin-getting-started-in-ecommerce','info','en_US','Getting Started in eCommerce - webinar','We want to make eCommerce and this process of getting started as easy as possible for you. Watch this webinar to get tips on how to have our store up and running in a breeze.','info','{}','pending','woocommerce.com','2021-01-12 19:27:35',NULL,0,'plain','',0,1),(29,'wc-square-apple-pay-boost-sales','marketing','en_US','Boost sales with Apple Pay','Now that you accept Apple Pay® with Square you can increase conversion rates by letting your customers know that Apple Pay® is available. Here’s a marketing guide to help you get started.','info','{}','pending','woocommerce.com','2021-01-29 13:29:05',NULL,0,'plain','',0,1),(30,'wc-square-apple-pay-grow-your-business','marketing','en_US','Grow your business with Square and Apple Pay ','Now more than ever, shoppers want a fast, simple, and secure online checkout experience. Increase conversion rates by letting your customers know that you now accept Apple Pay®.','info','{}','pending','woocommerce.com','2021-01-29 13:29:05',NULL,0,'plain','',0,1),(31,'facebook_pixel_api_2021','marketing','en_US','Improve the performance of your Facebook ads','Enable Facebook Pixel and Conversions API through the latest version of Facebook for WooCommerce for improved measurement and ad targeting capabilities.','info','{}','pending','woocommerce.com','2021-01-30 14:28:20',NULL,0,'plain','',0,1),(32,'facebook_ec_2021','marketing','en_US','Sync your product catalog with Facebook to help boost sales','A single click adds all products to your Facebook Business Page shop. Product changes are automatically synced, with the flexibility to control which products are listed.','info','{}','pending','woocommerce.com','2021-01-30 14:28:20',NULL,0,'plain','',0,1),(33,'wc-admin-optimizing-the-checkout-flow','info','en_US','Optimizing the checkout flow','It’s crucial to get your store’s checkout as smooth as possible to avoid losing sales. Let’s take a look at how you can optimize the checkout experience for your shoppers.','info','{}','unactioned','woocommerce.com','2022-01-05 08:26:55',NULL,0,'plain','',0,0),(34,'wc-admin-first-five-things-to-customize','info','en_US','The first 5 things to customize in your store','Deciding what to start with first is tricky. To help you properly prioritize, we’ve put together this short list of the first few things you should customize in WooCommerce.','info','{}','unactioned','woocommerce.com','2022-01-05 08:26:55',NULL,0,'plain','',0,0),(36,'wc-admin-choosing-a-theme','marketing','en_US','Vous cherchez un thème ?','Découvrez les thèmes compatibles avec WooCommerce et choisissez celui qui correspond le mieux à l’image de votre marque et à vos besoins.','info','{}','unactioned','woocommerce-admin','2021-02-20 08:32:40',NULL,0,'plain','',0,1),(39,'wc-admin-performance-on-mobile','info','en_US','Suivre les performances de votre boutique sur mobile','Suivez vos ventes et performances de vos produits avec l’application Woo.','info','{}','unactioned','woocommerce-admin','2021-02-21 08:46:08',NULL,0,'plain','',0,1),(40,'wcpay-apple-pay-boost-sales','marketing','en_US','Boost sales with Apple Pay','Now that you accept Apple Pay® with WooCommerce Payments you can increase conversion rates by letting your customers know that Apple Pay® is available. Here’s a marketing guide to help you get started.','info','{}','pending','woocommerce.com','2021-03-15 11:31:10',NULL,0,'plain','',0,1),(41,'wcpay-apple-pay-grow-your-business','marketing','en_US','Grow your business with WooCommerce Payments and Apple Pay','Now more than ever, shoppers want a fast, simple, and secure online checkout experience. Increase conversion rates by letting your customers know that you now accept Apple Pay®.','info','{}','pending','woocommerce.com','2021-03-15 11:31:10',NULL,0,'plain','',0,1),(42,'wcpay-apple-pay-is-now-available','marketing','en_US','Apple Pay is now available with WooCommerce Payments!','Increase your conversion rate by offering a fast and secure checkout with <a href=\"https://woocommerce.com/apple-pay/?utm_source=inbox&amp;utm_medium=product&amp;utm_campaign=wcpay_applepay\" target=\"_blank\">Apple Pay</a>®. It’s free to get started with <a href=\"https://woocommerce.com/payments/?utm_source=inbox&amp;utm_medium=product&amp;utm_campaign=wcpay_applepay\" target=\"_blank\">WooCommerce Payments</a>.','info','{}','pending','woocommerce.com','2021-03-25 07:29:21',NULL,0,'plain','',0,1),(43,'paypal_ppcp_gtm_2021','marketing','en_US','Offer more options with the new PayPal','Get the latest PayPal extension for a full suite of payment methods with extensive currency and country coverage.','info','{}','unactioned','woocommerce.com','2021-03-28 00:35:03',NULL,0,'plain','',0,1),(44,'wc-payments-qualitative-feedback','info','en_US','WooPayments setup - let us know what you think','Congrats on enabling WooPayments for your store. Please share your feedback in this 2 minute survey to help us improve the setup process.','info','{}','pending','woocommerce.com','2021-04-08 20:27:39',NULL,0,'plain','',0,1),(46,'share-your-feedback-on-paypal','info','en_US','Share your feedback on PayPal','Share your feedback in this 2 minute survey about how we can make the process of accepting payments more useful for your store.','info','{}','unactioned','woocommerce.com','2021-07-16 07:34:47',NULL,0,'plain','',0,1),(47,'wcpay_instant_deposits_gtm_2021','marketing','en_US','Get paid within minutes – Instant Deposits for WooCommerce Payments','Stay flexible with immediate access to your funds when you need them – including nights, weekends, and holidays. With <a href=\"https://woocommerce.com/products/woocommerce-payments/?utm_source=inbox&amp;utm_medium=product&amp;utm_campaign=wcpay_instant_deposits\">WooCommerce Payments\'</a> new Instant Deposits feature, you’re able to transfer your earnings to a debit card within minutes.','info','{}','pending','woocommerce.com','2021-05-10 06:30:05',NULL,0,'plain','',0,1),(48,'wc-admin-edit-products-on-the-move','info','en_US','Modifier les produits en étant mobile','Modifier et créer des nouveaux produits depuis votre application mobile avec l’application WooCommerce','info','{}','unactioned','woocommerce-admin','2021-05-27 08:27:55',NULL,0,'plain','',0,1),(49,'wc-subscriptions-security-update-3-0-15','info','en_US','WooCommerce Subscriptions security update!','We recently released an important security update to WooCommerce Subscriptions. To ensure your site’s data is protected, please upgrade <strong>WooCommerce Subscriptions to version 3.0.15</strong> or later.<br /><br />Click the button below to view and update to the latest Subscriptions version, or log in to <a href=\"https://woocommerce.com/my-dashboard\">WooCommerce.com Dashboard</a> and navigate to your <strong>Downloads</strong> page.<br /><br />We recommend always using the latest version of WooCommerce Subscriptions, and other software running on your site, to ensure maximum security.<br /><br />If you have any questions we are here to help — just <a href=\"https://woocommerce.com/my-account/create-a-ticket/\">open a ticket</a>.','info','{}','pending','woocommerce.com','2021-05-27 16:31:37',NULL,0,'plain','',0,1),(50,'google_listings_and_ads_install','marketing','en_US','Drive traffic and sales with Google','Reach online shoppers to drive traffic and sales for your store by showcasing products across Google, for free or with ads.','info','{}','unactioned','woocommerce.com','2021-06-06 10:27:12',NULL,0,'plain','',0,1),(51,'woocommerce-core-update-5-4-0','info','en_US','Update to WooCommerce 5.4.1 now','WooCommerce 5.4.1 addresses a checkout issue discovered in WooCommerce 5.4. We recommend upgrading to WooCommerce 5.4.1 as soon as possible.','info','{}','pending','woocommerce.com','2021-06-08 14:30:51',NULL,0,'plain','',0,1),(52,'wcpay-promo-2021-6-incentive-1','marketing','en_US','Simplify the payments process for you and your customers with WooCommerce Payments','With <a href=\"https://woocommerce.com/payments/?utm_medium=notification&amp;utm_source=product&amp;utm_campaign=wcpay601\">WooCommerce Payments</a>, you can securely accept all major cards, Apple Pay®, and recurring revenue in over 100 currencies.\n				Built into your store’s WooCommerce dashboard, track cash flow and manage all of your transactions in one place – with no setup costs or monthly fees.\n				<br /><br />\n				By clicking \"Get WooCommerce Payments,\" you agree to the <a href=\"https://wordpress.com/tos/?utm_medium=notification&amp;utm_source=product&amp;utm_campaign=wcpay601\">Terms of Service</a>\n				and acknowledge you have read the <a href=\"https://automattic.com/privacy/\">Privacy Policy</a>.\n				','info','{}','pending','woocommerce.com','2021-06-09 16:27:30',NULL,0,'plain','',0,1),(53,'wcpay-promo-2021-6-incentive-2','marketing','en_US','Simplify the payments process for you and your customers with WooCommerce Payments','With <a href=\"https://woocommerce.com/payments/?utm_medium=notification&amp;utm_source=product&amp;utm_campaign=wcpay601\">WooCommerce Payments</a>, you can securely accept all major cards, Apple Pay®, and recurring revenue in over 100 currencies.\n				Built into your store’s WooCommerce dashboard, track cash flow and manage all of your transactions in one place – with no setup costs or monthly fees.\n				<br /><br />\n				By clicking \"Get WooCommerce Payments,\" you agree to the <a href=\"https://wordpress.com/tos/?utm_medium=notification&amp;utm_source=product&amp;utm_campaign=wcpay601\">Terms of Service</a>\n				and acknowledge you have read the <a href=\"https://automattic.com/privacy/\">Privacy Policy</a>.\n				','info','{}','pending','woocommerce.com','2021-06-09 16:27:30',NULL,0,'plain','',0,1),(54,'ppxo-pps-upgrade-paypal-payments-1','info','en_US','Get the latest PayPal extension for WooCommerce','Heads up! There’s a new PayPal on the block!<br /><br />Now is a great time to upgrade to our latest <a href=\"https://woocommerce.com/products/woocommerce-paypal-payments/\" target=\"_blank\">PayPal extension</a> to continue to receive support and updates with PayPal.<br /><br />Get access to a full suite of PayPal payment methods, extensive currency and country coverage, and pay later options with the all-new PayPal extension for WooCommerce.','info','{}','unactioned','woocommerce.com','2021-06-21 14:33:04',NULL,0,'plain','',0,1),(55,'ppxo-pps-upgrade-paypal-payments-2','info','en_US','Upgrade your PayPal experience!','Get access to a full suite of PayPal payment methods, extensive currency and country coverage, offer subscription and recurring payments, and the new PayPal pay later options.<br /><br />Start using our <a href=\"https://woocommerce.com/products/woocommerce-paypal-payments/\" target=\"_blank\">latest PayPal today</a> to continue to receive support and updates.','info','{}','unactioned','woocommerce.com','2021-07-15 11:21:03',NULL,0,'plain','',0,1),(56,'eu_vat_changes_2021','marketing','en_US','Get your business ready for the new EU tax regulations','On July 1, 2021, new taxation rules will come into play when the <a href=\"https://ec.europa.eu/taxation_customs/business/vat/modernising-vat-cross-border-ecommerce_en\">European Union (EU) Value-Added Tax (VAT) eCommerce package</a> takes effect.<br /><br />The new regulations will impact virtually every B2C business involved in cross-border eCommerce trade with the EU.<br /><br />We therefore recommend <a href=\"https://woocommerce.com/posts/new-eu-vat-regulations\">familiarizing yourself with the new updates</a>, and consult with a tax professional to ensure your business is following regulations and best practice.','info','{}','unactioned','woocommerce.com','2021-06-22 16:28:38',NULL,0,'plain','',0,1),(57,'wayflyer_q3_2021','marketing','en_US','Grow your revenue with Wayflyer financing and analytics','Flexible financing tailored to your needs by <a href=\"https://woocommerce.com/products/wayflyer/\">Wayflyer</a> – one fee, no interest rates, penalties, equity, or personal guarantees. Based on your store\'s performance, Wayflyer can provide the financing you need to grow and the analytical insights to help you spend it.','info','{}','pending','woocommerce.com','2021-07-17 08:27:59',NULL,0,'plain','',0,1),(58,'woocommerce-core-sqli-july-2021-need-to-update','update','en_US','Action required: Critical vulnerabilities in WooCommerce','In response to a critical vulnerability identified on July 13, 2021, we are working with the WordPress Plugins Team to deploy software updates to stores running WooCommerce (versions 3.3 to 5.5) and the WooCommerce Blocks feature plugin (versions 2.5 to 5.5).<br /><br />Our investigation into this vulnerability is ongoing, but <strong>we wanted to let you know now about the importance of updating immediately</strong>.<br /><br />For more information on which actions you should take, as well as answers to FAQs, please urgently review our blog post detailing this issue.','info','{}','pending','woocommerce.com','2021-07-17 08:27:59',NULL,0,'plain','',0,1),(59,'woocommerce-blocks-sqli-july-2021-need-to-update','update','en_US','Action required: Critical vulnerabilities in WooCommerce Blocks','In response to a critical vulnerability identified on July 13, 2021, we are working with the WordPress Plugins Team to deploy software updates to stores running WooCommerce (versions 3.3 to 5.5) and the WooCommerce Blocks feature plugin (versions 2.5 to 5.5).<br /><br />Our investigation into this vulnerability is ongoing, but <strong>we wanted to let you know now about the importance of updating immediately</strong>.<br /><br />For more information on which actions you should take, as well as answers to FAQs, please urgently review our blog post detailing this issue.','info','{}','pending','woocommerce.com','2021-07-17 08:27:59',NULL,0,'plain','',0,1),(60,'woocommerce-core-sqli-july-2021-store-patched','update','en_US','Solved: Critical vulnerabilities patched in WooCommerce','In response to a critical vulnerability identified on July 13, 2021, we worked with the WordPress Plugins Team to deploy software updates to stores running WooCommerce (versions 3.3 to 5.5) and the WooCommerce Blocks feature plugin (versions 2.5 to 5.5).<br /><br /><strong>Your store has been updated to the latest secure version(s)</strong>. For more information and answers to FAQs, please review our blog post detailing this issue.','info','{}','pending','woocommerce.com','2021-07-17 08:27:59',NULL,0,'plain','',0,1),(61,'woocommerce-blocks-sqli-july-2021-store-patched','update','en_US','Solved: Critical vulnerabilities patched in WooCommerce Blocks','In response to a critical vulnerability identified on July 13, 2021, we worked with the WordPress Plugins Team to deploy software updates to stores running WooCommerce (versions 3.3 to 5.5) and the WooCommerce Blocks feature plugin (versions 2.5 to 5.5).<br /><br /><strong>Your store has been updated to the latest secure version(s)</strong>. For more information and answers to FAQs, please review our blog post detailing this issue.','info','{}','pending','woocommerce.com','2021-07-17 08:28:00',NULL,0,'plain','',0,1),(62,'ppcp-disable-ppxo-note','info','en_US','Action Required: Deactivate PayPal Checkout','As of 1 Sept 2021, PayPal Checkout will be officially retired from WooCommerce.com, and support for this product will end as of 1 March 2022. To fully switch over, all you need to do is deactivate and/or remove the PayPal Checkout plugin from your store.','info','{}','actioned','woocommerce-paypal-payments','2021-08-10 02:17:28',NULL,0,'plain','',0,0),(63,'mercadopago_q3_2021_EN','marketing','en_US','Get paid with Mercado Pago Checkout','Latin America\'s leading payment processor is now available for WooCommerce stores. Securely accept debit and credit cards, cash, bank transfers, and installment payments – backed by exclusive fraud prevention tools.','info','{}','pending','woocommerce.com','2021-09-01 08:35:25',NULL,0,'plain','',0,0),(64,'bbpos-chipper-launch','marketing','en_US','Ready to grow your business beyond online?','Collect payment in person for orders placed online using WooCommerce In-Person Payments. The BBPOS Chipper card reader can process payments securely, and keep everything synced in your WooCommerce Payments dashboard – no matter where you are.','info','{}','pending','woocommerce.com','2021-10-16 08:28:10',NULL,0,'plain','',0,0),(67,'habit-moment-survey','marketing','en_US','We’re all ears! Share your experience so far with WooCommerce','We’d love your input to shape the future of WooCommerce together. Feel free to share any feedback, ideas or suggestions that you have.','info','{}','unactioned','woocommerce.com','2022-03-17 08:28:19',NULL,0,'plain','',0,0),(68,'new_in_app_marketplace_2021_1','info','en_US','Grow your business with extensions','Check out our NEW Extensions tab to see our favorite extensions for growing your business, and discover the most popular extensions in the WooCommerce Marketplace.','info','{}','pending','woocommerce.com','2021-11-09 08:26:39',NULL,0,'plain','',0,0),(69,'new_in_app_marketplace_2021_2','info','en_US','Customize your store with extensions','Check out our NEW Extensions tab to see our favorite extensions for customizing your store, and discover the most popular extensions in the WooCommerce Marketplace.','info','{}','pending','woocommerce.com','2021-11-09 08:26:39',NULL,0,'plain','',0,0),(70,'stripe_applepay_holiday2021','marketing','en_US','Boost sales this holiday season with Apple Pay!','Increase your conversion rate by letting your customers know that you accept Apple Pay. It’s seamless to <a href=\"https://docs.woocommerce.com/document/stripe/?_ga=2.90941597.642705274.1635776464-1391993999.1621950839#apple-pay\">enable Apple Pay with Stripe</a> and easy to communicate it with this <a href=\"https://developer.apple.com/apple-pay/marketing/\">marketing guide</a>.','info','{}','unactioned','woocommerce.com','2021-11-12 08:26:41',NULL,0,'plain','',0,0),(71,'square_applepay_holiday2021','marketing','en_US','Boost sales this holiday season with Apple Pay!','Increase your conversion rate by letting your customers know that you accept Apple Pay. It’s seamless to <a href=\"https://docs.woocommerce.com/document/woocommerce-square/?_ga=2.90941597.642705274.1635776464-1391993999.1621950839#section-14\">enable Apple Pay with Square</a> and easy to communicate it with this <a href=\"https://developer.apple.com/apple-pay/marketing/\">marketing guide</a>.','info','{}','pending','woocommerce.com','2021-11-12 08:26:41',NULL,0,'plain','',0,0),(72,'wcpay_applepay_holiday2021','marketing','en_US','Boost sales this holiday season with Apple Pay!','Increase your conversion rate by letting your customers know that you accept Apple Pay. It’s seamless to <a href=\"https://docs.woocommerce.com/document/payments/apple-pay/\">enable Apple Pay with WooCommerce Payments</a> and easy to communicate it with this <a href=\"https://developer.apple.com/apple-pay/marketing/\">marketing guide</a>.','info','{}','pending','woocommerce.com','2021-11-12 08:26:41',NULL,0,'plain','',0,0),(73,'wayflyer_bnpl_q4_2021','marketing','en_US','Grow your business with funding through Wayflyer','Fast, flexible financing to boost cash flow and help your business grow – one fee, no interest rates, penalties, equity, or personal guarantees. Based on your store’s performance, Wayflyer provides funding and analytical insights to invest in your business.','info','{}','pending','woocommerce.com','2021-11-12 08:26:41',NULL,0,'plain','',0,0),(74,'wc_shipping_mobile_app_usps_q4_2021','marketing','en_US','Print and manage your shipping labels with WooCommerce Shipping and the WooCommerce Mobile App','Save time by printing, purchasing, refunding, and tracking shipping labels generated by <a href=\"https://woocommerce.com/woocommerce-shipping/\">WooCommerce Shipping</a> – all directly from your mobile device!','info','{}','pending','woocommerce.com','2021-11-12 08:26:41',NULL,0,'plain','',0,0),(75,'wc_shipping_mobile_app_q4_2021','marketing','en_US','Print and manage your shipping labels with the WooCommerce Mobile App','Save time by printing, purchasing, refunding, and tracking shipping labels generated by <a href=\"https://woocommerce.com/woocommerce-shipping/\">WooCommerce Shipping</a> – all directly from your mobile device!','info','{}','pending','woocommerce.com','2021-11-12 08:26:41',NULL,0,'plain','',0,0),(76,'new_in_app_marketplace_2021','info','en_US','Customize your store with extensions','Check out our NEW Extensions tab to see our favorite extensions for customizing your store, and discover the most popular extensions in the WooCommerce Marketplace.','info','{}','unactioned','woocommerce.com','2021-11-29 23:31:12',NULL,0,'plain','',0,0),(79,'wc-admin-launch-checklist','info','en_US','Prêt à lancer votre boutique ?','Pour ne jamais ressentir cette sensation d’avoir oublié quelque chose, nous avons conçu une liste de contrôle reprenant les points essentiels avant lancement.','info','{}','unactioned','woocommerce-admin','2022-01-05 08:26:55',NULL,0,'plain','',0,0),(80,'ecomm-wc-navigation-survey','info','en_US','We’d like your feedback on the WooCommerce navigation','We’re making improvements to the WooCommerce navigation and would love your feedback. Share your experience in this 2 minute survey.','info','{}','pending','woocommerce.com','2022-01-06 08:28:54',NULL,0,'plain','',0,0),(81,'wc_simple_payments_m2_reader_launch_q1_2022','marketing','en_US','Take quick and easy in-person payments','WooCommerce is continuing to power up your business with our new Simple Payments feature, built exclusively for WooCommerce In-Person Payments. Capture quick and simple payments anywhere else your customers are – or offer a local pickup option with payment taken in-person for orders placed online.','info','{}','pending','woocommerce.com','2022-02-04 08:27:43',NULL,0,'plain','',0,0),(82,'wcpay_applepay_q1_2022','marketing','en_US','Increase conversions with Apple Pay – just like Diane does','See how Diane from <a href=\"https://woocommerce.com/posts/lady-dye-yarns-from-crafts-to-activism-with-woocommerce/?utm_source=product&amp;utm_medium=inboxnotification&amp;utm_campaign=apple-pay\" target=\"_blank\">Lady Dye Yarns</a> uses Apple Pay to provide customers with the fast, secure checkout experience they love. You can, too – Apple Pay is included in WooCommerce Payments. Here\'s how you can increase conversions by encouraging shoppers to pay with a single tap.','info','{}','pending','woocommerce.com','2022-02-07 08:31:03',NULL,0,'plain','',0,0),(83,'stripe_applepay_q1_2022','marketing','en_US','Increase conversions with Apple Pay – just like Thomas does','Read the inspirational story of <a href=\"https://woocommerce.com/posts/incredible-story-of-thomas-trendy-socks-down-syndrome-entrepreneur/?utm_source=product&amp;utm_medium=inboxnotification&amp;utm_campaign=apple-pay\" target=\"_blank\">Thomas\'s Trendy Socks</a> and see how he’s using Apple Pay to provide customers with the fast, secure checkout experience they love. You can, too – ready to turn more visitors into buyers? Accept Apple Pay by selecting Enable express checkouts in Settings &gt; Payments &gt; Stripe.','info','{}','unactioned','woocommerce.com','2022-02-07 08:31:03',NULL,0,'plain','',0,0),(84,'square_applepay_q1_2022','marketing','en_US','Increase conversions with a faster checkout experience','By enabling Apple Pay in Square, your customers can complete purchases quickly and securely with a single touch or a glance – no lengthy checkout forms necessary. Accept Apple Pay by enabling Digital Wallets within Settings &gt; Payments &gt; Square.','info','{}','pending','woocommerce.com','2022-02-07 08:31:03',NULL,0,'plain','',0,0),(85,'lead_gen_existing_customers_1','marketing','en_US','Talk to a consultant','As your business grows, you want to optimize costs, streamline operations, and sell more. We can help. Talk to us about how you can get the most out of WooCommerce.','info','{}','pending','woocommerce.com','2022-02-12 08:28:57',NULL,0,'plain','',0,0),(86,'woocommerce-core-paypal-march-2022-updated','update','en_US','Security auto-update of WooCommerce','<strong>Your store has been updated to the latest secure version of WooCommerce</strong>. We worked with WordPress to deploy PayPal Standard security updates for stores running WooCommerce (version 3.5 to 6.3). It’s recommended to disable PayPal Standard, and use <a href=\"https://woocommerce.com/products/woocommerce-paypal-payments/\" target=\"_blank\">PayPal Payments</a> to accept PayPal.','info','{}','pending','woocommerce.com','2024-11-29 01:54:39',NULL,0,'plain','',0,0),(87,'woocommerce-core-paypal-march-2022-updated-nopp','update','en_US','Security auto-update of WooCommerce','<strong>Your store has been updated to the latest secure version of WooCommerce</strong>. We worked with WordPress to deploy security updates related to PayPal Standard payment gateway for stores running WooCommerce (version 3.5 to 6.3).','info','{}','pending','woocommerce.com','2022-03-11 08:26:53',NULL,0,'plain','',0,0),(88,'pinterest_03_2022_update','marketing','en_US','Your Pinterest for WooCommerce plugin is out of date!','Update to the latest version of Pinterest for WooCommerce to continue using this plugin and keep your store connected with Pinterest. To update, visit <strong>Plugins &gt; Installed Plugins</strong>, and click on “update now” under Pinterest for WooCommerce.','info','{}','pending','woocommerce.com','2022-03-24 08:27:09',NULL,0,'plain','',0,0),(89,'pinterest_gtm_q2_2021','marketing','en_US','Get your products in front of a large, engaged audience','Did you know that shoppers on Pinterest spend twice as much as people on other social platforms? With the new, official Pinterest for WooCommerce, you can turn your product catalog into shoppable Pins and showcase them to 400+ million monthly users looking to buy.','info','{}','unactioned','woocommerce.com','2022-04-24 08:29:52',NULL,0,'plain','',0,0),(90,'setup_task_initiative_survey_q2_2022','survey','en_US','We want to know what matters most to you','Take 2 minutes to give us your input on what is important for you while setting up your store and help shape the future of WooCommerce together.','info','{}','pending','woocommerce.com','2022-04-27 08:27:19',NULL,0,'plain','',0,0),(91,'woocommerce_payments_subscriptions_nopayments_q2_2022','marketing','en_US','Sell subscriptions online – without a paid extension','Say hello to WooCommerce Payments – now with built-in subscriptions functionality. Get free access to the features you need to start earning recurring revenue online. Pay as you go, with no setup costs or monthly fees.','info','{}','pending','woocommerce.com','2022-04-27 08:27:19',NULL,0,'plain','',0,0),(92,'woocommerce_payments_subscriptions_yespayments_q2_2022','marketing','en_US','Sell subscriptions online – no extra extension required','It\'s here! WooCommerce Payments now features built-in subscriptions functionality. No need to install an extra, paid extension – we\'ve made it simpler than ever to start earning recurring revenue. Ready to grow your business?','info','{}','pending','woocommerce.com','2022-04-27 08:27:19',NULL,0,'plain','',0,0),(93,'setup_task_second_survey_q2_2022','survey','en_US','We want to know what matters most to you','Take 2 minutes to give us your input on what is important for you while setting up your store and help shape the future of WooCommerce together.','info','{}','pending','woocommerce.com','2022-05-10 08:40:54',NULL,0,'plain','',0,0),(94,'store_setup_survey_survey_q2_2022','survey','en_US','How is your store setup going?','Our goal is to make sure you have all the right tools to start setting up your store in the smoothest way possible.\r\nWe’d love to know if we hit our mark and how we can improve. To collect your thoughts, we made a 2-minute survey.','info','{}','pending','woocommerce.com','2022-05-10 08:40:54',NULL,0,'plain','',0,0),(95,'affirm_q2_2022','marketing','en_US','Boost your business with flexible payments','Expand your customer base with smarter payment options for more shoppers. With Affirm,  you can offer the most relevant payment options at every price point – from four interest-free payments every two weeks to longer installments up to 36 months. Fast-track your revenue goals today!','info','{}','pending','woocommerce.com','2022-05-15 08:35:50',NULL,0,'plain','',0,0),(96,'wc-admin-EU-consumer-protection','marketing','en_US','Important changes to EU consumer protection laws','New regulations to help modernize and strengthen consumer protection laws in the European Union (EU) take effect on May 28, 2022. These rules impact all merchants selling to the EU, regardless of where their business is located. Further detailed information is available on the European Commission\'s official website.','info','{}','unactioned','woocommerce.com','2022-05-15 08:35:50',NULL,0,'plain','',0,0),(97,'googlelistings_multicountrygtm_q22022','marketing','en_US','Expand your audience with Multi-Country Advertising','It\'s time to expand your audience with Multi-Country Advertising, an exciting new feature in Google Listings &amp; Ads. Reach more potential customers in as many regions as you like within a single campaign, all from the convenience of your WooCommerce dashboard.','info','{}','unactioned','woocommerce.com','2022-05-16 08:31:32',NULL,0,'plain','',0,0),(98,'wc_ipp_order_creation_GTM_launch_q2_2022','marketing','en_US','Grow your business on the go with WooCommerce In-Person Payments','Quickly create new orders, manage transactions, and take secure payments no matter where your business takes you. With automatic inventory sync, WooCommerce In-Person Payments is the only fully integrated solution for taking your WooCommerce store offline.','info','{}','pending','woocommerce.com','2022-05-26 08:31:17',NULL,0,'plain','',0,0),(99,'wc-admin-wisepad3','marketing','en_US','Take your business on the go in Canada with WooCommerce In-Person Payments','Quickly create new orders, accept payment in person for orders placed online, and automatically sync your inventory – no matter where your business takes you. With WooCommerce In-Person Payments and the WisePad 3 card reader, you can bring the power of your store anywhere.','info','{}','pending','woocommerce.com','2022-06-15 08:26:51',NULL,0,'plain','',0,0),(100,'TikTok q2_2022','marketing','en_US','Give your store a stage on the world’s fastest-growing advertising channel','With TikTok for WooCommerce, you can sync your catalog, create videos, and track performance in front of TikTok’s one billion global users. Try the Smart Video Generator to make ads using your existing product images – no camera needed. Get $200 in ad credit from TikTok after a $20 spend (terms &amp; conditions apply).','info','{}','unactioned','woocommerce.com','2022-06-22 08:35:37',NULL,0,'plain','',0,0),(101,'tiktok-webinar-promo-july2022','marketing','en_US','Free webinar: TikTok for WooCommerce','Join WooCommerce and TikTok live on July 14 to learn about ad types, trends, and the best ways to connect with an audience of one billion active users on the world’s fastest-growing social platform. Participants have a chance to score a free month of Vimeo Pro, and two winners will get a $5,000 ad credit and more.','info','{}','unactioned','woocommerce.com','2022-07-09 08:27:16',NULL,0,'plain','',0,0),(102,'klarna_q3_2022','marketing','en_US','Meet Klarna – your ultimate growth partner','Increase conversions by offering secure, flexible payment solutions – including buy now, pay later – all through a one-click checkout experience. Plus, you’ll tap into a whole new market of the world’s most engaged shoppers.','info','{}','pending','woocommerce.com','2022-08-08 08:28:18',NULL,0,'plain','',0,0),(103,'mercado_pago_q3_2022','marketing','en_US','Get paid with Mercado Pago Checkout','Give your customers a checkout they can trust with Latin America\'s leading payment processor. Securely accept debit and credit cards, cash, bank transfers, and installment payments – backed by exclusive fraud prevention tools.','info','{}','pending','woocommerce.com','2022-08-09 08:37:27',NULL,0,'plain','',0,0),(104,'woocommerce-payments-august-2022-need-to-update','update','en_US','Action required: Please update WooCommerce Payments','An updated secure version of WooCommerce Payments is available – please ensure that you’re using the latest patch version. For more information on what action you need to take, please review the article below.','info','{}','pending','woocommerce.com','2022-08-10 08:27:03',NULL,0,'plain','',0,0),(105,'woocommerce-payments-august-2022-store-patched','update','en_US','WooCommerce Payments has been automatically updated','You’re now running the latest secure version of WooCommerce Payments. We’ve worked with the WordPress Plugins team to deploy a security update to stores running WooCommerce Payments (version 3.9 to 4.5). For further information, please review the article below.','info','{}','pending','woocommerce.com','2022-08-10 08:27:03',NULL,0,'plain','',0,0),(106,'mobile_app_order_management_q3_2022','marketing','en_US','Take order management on the go','The WooCommerce Mobile App continues to get better with added order management functionality! Add or remove products, edit fees, or change the shipping options in any existing order – all from within the app.','info','{}','unactioned','woocommerce.com','2022-08-17 08:29:00',NULL,0,'plain','',0,0),(107,'product_creation_usability_test_3_months','survey','en_US','Have a say in the future of WooCommerce','Take an early look at the future of editing products in WooCommerce. Share your thoughts (~5 minutes) and help shape the experience for yourself and other merchants.','info','{}','pending','woocommerce.com','2022-08-26 08:26:42',NULL,0,'plain','',0,0),(108,'product_creation_usability_test_6_months','survey','en_US','Try the new product edit form prototype','Take an early look at the future of editing products in WooCommerce. Share your thoughts (~5 minutes) and help shape the experience for yourself and other merchants.','info','{}','pending','woocommerce.com','2022-08-30 08:32:56',NULL,0,'plain','',0,0),(109,'product_creation_usability_test_12_months','survey','en_US','Try the new product edit form prototype','Take an early look at the future of editing products in WooCommerce. Share your thoughts (~5 minutes) and help shape the experience for yourself and other merchants.','info','{}','pending','woocommerce.com','2022-09-07 08:27:01',NULL,0,'plain','',0,0),(110,'custom_deposit_schedules_inbox','marketing','en_US','Customize your deposit schedule','Receive your funds according to your own business needs with custom deposit schedules from WooCommerce Payments. You’ll have the flexibility to deposit funds into your bank account daily, weekly, monthly, or even on-demand – you’ve done the work, now get paid on your terms.','info','{}','unactioned','woocommerce.com','2022-09-15 08:26:38',NULL,0,'plain','',0,0),(111,'googlelistings_signals2022_hasGLA','marketing','en_US','Show off your products with Ads on Google','You’re ready to grow with ads. Google optimizes for performance across your products; you only pay for results. If you’re new to Google, you can earn up to $500 in ad credits (T&amp;Cs apply). <a href=\"https://woocommerce.com/my-account/create-a-ticket/\">Contact support</a> if you need guidance with Google Listings &amp; Ads.','info','{}','pending','woocommerce.com','2022-09-23 08:30:03',NULL,0,'plain','',0,0),(112,'googlelistings_signals2022_noGLA','marketing','en_US','Show off your products with Ads on Google','You’re ready to grow with ads. Google optimizes for performance across your products; you only pay for results. If you’re new to Google, you can earn up to $500 in ad credits (T&amp;Cs apply). <a href=\"https://woocommerce.com/my-account/create-a-ticket/\">Contact support</a> if you need guidance with Google Listings &amp; Ads.','info','{}','pending','woocommerce.com','2022-09-23 08:30:03',NULL,0,'plain','',0,0),(113,'pre-black-friday-sale-2022-announcement','marketing','en_US','Surprise! We’re offering 40% off everything at WooCommerce.com','Just in time to get your store Black Friday ready. Sale ends 7 October, 2pm UTC.','info','{}','unactioned','woocommerce.com','2022-10-04 08:36:06',NULL,0,'plain','',0,0),(114,'shipping_category_q4_2022','marketing','en_US','Save time on shipping','Is your store all set to ship? Save valuable time (and money!) by automating your fulfillment process for the busiest shopping season. Explore our range of trusted shipping partners to get started.','info','{}','unactioned','woocommerce.com','2022-10-14 08:27:32',NULL,0,'plain','',0,0),(115,'facebook_q4-2022_hasFB','marketing','en_US','Drive more demand this holiday season with Facebook for WooCommerce','Deliver a personalized and seamless shopping experience this holiday season with Facebook for WooCommerce. With more ad formats than ever, you can create engaging ads that meet customers across Facebook, Instagram, Messenger, and WhatsApp throughout the busy shopping season.','info','{}','pending','woocommerce.com','2022-10-21 08:31:09',NULL,0,'plain','',0,0),(116,'facebook_q4-2022_noFB','marketing','en_US','Meet your customers where they are with Facebook for WooCommerce','Don’t wait for your customers to come to you – meet them where they’re browsing! Use the Facebook for WooCommerce extension to promote your products on Facebook, Instagram, Messenger, and WhatsApp. Create seamless shopping experiences – straight from your WooCommerce dashboard.','info','{}','unactioned','woocommerce.com','2022-10-22 08:27:48',NULL,0,'plain','',0,0),(117,'tiktok-targeted-q4-2022','marketing','en_US','Get $200 in ad credit from TikTok after you spend $20 on your first campaign','Reach one billion shoppers with TikTok for WooCommerce this holiday season! Sync your product catalog, capture insights, and create ad campaigns right from your dashboard. Connect your store today to unlock this limited time offer! <a href=\"https://ads.tiktok.com/help/article?aid=10011326\">Terms &amp; conditions apply</a>.','info','{}','unactioned','woocommerce.com','2022-10-25 08:29:32',NULL,0,'plain','',0,0),(118,'paypal_paylater_g3_q4_22','marketing','en_US','Transformez les visiteurs en acheteurs avec le Paiement en 4X','Ajoutez PayPal à vos modes de paiement et proposez notre Paiement en 4X. Disponible dans les Paiements PayPal, le Paiement en 4X vous permet de recevoir votre paiement immédiatement, tandis que vos clients paient en plusieurs fois. Augmentez le panier moyen et boostez vos ventes, sans frais supplémentaires pour vous.','info','{}','pending','woocommerce.com','2022-11-02 08:39:53',NULL,0,'plain','',0,0),(119,'woocommerce_admin_deprecation_q4_2022','info','en_US','WooCommerce Admin is part of WooCommerce!','To make sure your store continues to run smoothly, check that WooCommerce is up-to-date – at least version 6.5 – and then disable the WooCommerce Admin plugin.','info','{}','pending','woocommerce.com','2022-11-04 08:35:38',NULL,0,'plain','',0,0),(120,'paypal_paylater_g2_q4_22','marketing','en_US','Upgrade to PayPal Payments to offer Pay Later at checkout','PayPal Pay Later is included in PayPal Payments at no additional cost to you. Customers can spread their payments over time while you get paid up front. \r\nThere’s never been a better time to upgrade your PayPal plugin. Simply download it and connect with a PayPal Business account.','info','{}','pending','woocommerce.com','2022-11-04 08:35:38',NULL,0,'plain','',0,0),(121,'google_listings_ads_custom_attribute_mapping_q4_2022','marketing','en_US','Our latest improvement to the Google Listings & Ads extension: Attribute Mapping','You spoke, we listened. This new feature enables you to easily upload your products, customize your product attributes in one place, and target shoppers with more relevant ads. Extend how far your ad dollars go with each campaign.','info','{}','pending','woocommerce.com','2022-12-01 08:27:05',NULL,0,'plain','',0,0),(122,'wc-admin-manualauthcapture','marketing','en_US','Miss fewer manual payments in WooCommerce Payments','Using WooCommerce Payments to manually authorize and capture payments? We’ve introduced a simplified and more efficient process, so you can miss fewer payments and continue to grow your revenue.','info','{}','pending','woocommerce.com','2022-12-01 08:27:05',NULL,0,'plain','',0,0),(123,'apple_pay_square_q422','marketing','en_US','Grow your business with Apple Pay','Start boosting your online conversions today with Apple Pay – shoppers can safely complete a purchase with a touch or a glance and are more likely to come back. Enable Apple Pay with Square by selecting  Settings &gt; Payments &gt; Square.','info','{}','pending','woocommerce.com','2022-12-08 08:26:48',NULL,0,'plain','',0,0),(124,'apple_pay_wcpay_q422','marketing','en_US','Grow your business with Apple Pay','Start boosting your online conversions today with Apple Pay – shoppers can safely complete a purchase with a touch or a glance and are more likely to come back. Confirm Apple Pay is enabled by selecting Payments &gt; Settings and making sure Enable express checkouts is checked.','info','{}','pending','woocommerce.com','2022-12-08 08:26:48',NULL,0,'plain','',0,0),(125,'meta-hasFB-dec-q4-2022','marketing','en_US','Power up your Facebook ad strategy','Did you know that new privacy policies may be decreasing the effectiveness of your Facebook ads? Get back on track with Meta’s Conversion API. It creates a direct connection between the marketing data from your store and Meta, helping you more accurately track, attribute and improve your Facebook marketing performance.','info','{}','pending','woocommerce.com','2022-12-10 08:26:37',NULL,0,'plain','',0,0),(126,'meta-noFB-dec-q4-2022','marketing','en_US','Create highly targeted Facebook ads with Facebook for WooCommerce','Sync your product catalog to create Facebook ads and track their performance – all from within your WooCommerce dashboard. With improved tracking signals and speed, plus more accurate tracking with the introduction of Meta’s Conversion API, you’ll have all the tools you need to run effective ad campaigns.','info','{}','unactioned','woocommerce.com','2022-12-12 08:42:48',NULL,0,'plain','',0,0),(127,'wc-stripe-upe-availability-note','info','en_US','Boostez vos ventes avec la nouvelle expérience de paiement dans Stripe','Accédez en avant-première à une expérience de paiement améliorée, désormais disponible pour certains marchands. <a href=\"https://woocommerce.com/document/stripe/#new-checkout-experience\" target=\"_blank\">En savoir plus</a>.','info','{}','unactioned','woocommerce-gateway-stripe','2022-12-13 13:56:21',NULL,0,'plain','',0,0),(128,'needs-update-eway-payment-gateway-rin-2022-12-20','update','en_US','Security vulnerability patched in WooCommerce Eway Gateway','In response to a potential vulnerability identified in WooCommerce Eway Gateway versions 3.1.0 to 3.5.0, we’ve worked to deploy security fixes and have released an updated version.\r\nNo external exploits have been detected, but we recommend you update to your latest supported version 3.1.26, 3.2.3, 3.3.1, 3.4.6, or 3.5.1','info','{}','pending','woocommerce.com','2023-01-05 08:42:33',NULL,0,'plain','',0,0),(129,'updated-eway-payment-gateway-rin-2022-12-20','update','en_US','WooCommerce Eway Gateway has been automatically updated','Your store is now running the latest secure version of WooCommerce Eway Gateway. We worked with the WordPress Plugins team to deploy a software update to stores running WooCommerce Eway Gateway (versions 3.1.0 to 3.5.0) in response to a security vulnerability that was discovered.','info','{}','pending','woocommerce.com','2023-01-05 08:42:33',NULL,0,'plain','',0,0),(130,'storeediting_feedback_jan_2023','marketing','en_US','Tell us what you need to customize your store!','We need your feedback. Please spare a few minutes to share your input on what is most important to you when designing and customizing your storefront to help us build the features you need.','info','{}','unactioned','woocommerce.com','2023-01-13 08:26:46',NULL,0,'plain','',0,0),(131,'ecomm-wc-navigation-survey-2023','info','en_US','Navigating WooCommerce on WordPress.com','We are improving the WooCommerce navigation on WordPress.com and would love your help to make it better! Please share your experience with us in this 2-minute survey.','info','{}','pending','woocommerce.com','2023-01-16 08:32:16',NULL,0,'plain','',0,0),(132,'affirm_q1_2023','marketing','en_US','Turn more browsers into buyers with flexible payments','When you offer flexible payment options to shoppers, they\'re more likely to convert. It’s why businesses offering Affirm see an average order value lift of 63%. Affirm tailors your store\'s payment options with terms proven to reach new customers, boost conversions, and grow sales.','info','{}','pending','woocommerce.com','2023-03-13 08:28:45',NULL,0,'plain','',0,0),(133,'google_listings_ads_pmax_i1_q1_2023_no_gla','marketing','en_US','Create more engaging ads – without the hard work','Get in front of millions of shoppers searching for products like yours with Google Listings &amp; Ads. With new customization features, Google automatically tests multiple combinations of text and images to create the most engaging ad to boost your business. Plus, get up to $500 in ad credit – terms and conditions apply.','info','{}','unactioned','woocommerce.com','2023-03-16 08:32:55',NULL,0,'plain','',0,0),(134,'google_listings_ads_pmax_i1_q1_2023_with_gla','marketing','en_US','New customization features to boost your business','You can now add custom images, messaging, and URLs to campaigns in Google Listings &amp; Ads. Google then automatically tests multiple combinations to create the most engaging version to help boost your business. Get more sales with dynamic content – edit an existing campaign or create a new ad now.','info','{}','pending','woocommerce.com','2023-03-16 08:32:55',NULL,0,'plain','',0,0),(135,'woocommerce-wcpay-march-2023-update-needed','update','en_US','Action required: Security update for WooCommerce Payments','<strong>Your store requires a security update for WooCommerce Payments</strong>. Please update to the latest version of WooCommerce Payments immediately to address a potential vulnerability discovered on March 22. For more information on how to update, visit this WooCommerce Developer Blog Post.','info','{}','pending','woocommerce.com','2023-03-24 08:35:01',NULL,0,'plain','',0,0),(136,'tap_to_pay_iphone_q2_2023_no_wcpay','marketing','en_US','Accept in-person contactless payments on your iPhone','Tap to Pay on iPhone and WooCommerce Payments is quick, secure, and simple to set up — no extra terminals or card readers are needed. Accept contactless debit and credit cards, Apple Pay, and other NFC digital wallets in person.','info','{}','unactioned','woocommerce.com','2023-04-04 08:32:44',NULL,0,'plain','',0,0),(137,'tap_to_pay_iphone_q2_2023_with_wcpay','marketing','en_US','New: accept in-person contactless payments on your iPhone','Tap to Pay on iPhone is quick, secure, and simple to set up in WooCommerce Payments — no extra terminals or card readers are needed. Accept contactless debit and credit cards, Apple Pay, and other NFC digital wallets in person in a few short steps!','info','{}','pending','woocommerce.com','2023-04-04 08:32:44',NULL,0,'plain','',0,0),(138,'woocommerce-WCPreOrders-april-2023-update-needed','update','en_US','Action required: Security update of WooCommerce Pre-Orders extension','<strong>Your store requires a security update for the WooCommerce Pre-Orders extension</strong>. Please update the WooCommerce Pre-Orders extension immediately to address a potential vulnerability discovered on April 11.','info','{}','pending','woocommerce.com','2023-04-15 08:27:07',NULL,0,'plain','',0,0),(139,'wc-admin-wcpay-denmark-Q2-2023','marketing','en_US','WooCommerce Payments is now available in Denmark!','We’ve recently released WooCommerce Payments in Denmark. You can view and manage transactions right in your WordPress dashboard while securely accepting major cards, Apple Pay, and payments in over 100 currencies.','info','{}','pending','woocommerce.com','2023-04-15 08:27:07',NULL,0,'plain','',0,0),(140,'wc-admin-wcpay-greece-Q2-2023','marketing','en_US','WooCommerce Payments is now available in Greece!','We’ve recently released WooCommerce Payments in Greece. You can view and manage transactions right in your WordPress dashboard while securely accepting major cards, Apple Pay, and payments in over 100 currencies.','info','{}','pending','woocommerce.com','2023-04-15 08:27:07',NULL,0,'plain','',0,0),(141,'wc-admin-wcpay-norway-Q2-2023','marketing','en_US','WooCommerce Payments is now available in Norway!','We’ve recently released WooCommerce Payments in Norway. You can view and manage transactions right in your WordPress dashboard while securely accepting major cards, Apple Pay, and payments in over 100 currencies.','info','{}','pending','woocommerce.com','2023-04-15 08:27:07',NULL,0,'plain','',0,0),(142,'wc-admin-wcpay-slovakia-Q2-2023','marketing','en_US','WooCommerce Payments is now available in Slovakia!','We’ve recently released WooCommerce Payments in Slovakia. You can view and manage transactions right in your WordPress dashboard while securely accepting major cards, Apple Pay, and payments in over 100 currencies.','info','{}','pending','woocommerce.com','2023-04-15 08:27:07',NULL,0,'plain','',0,0),(143,'wc-admin-wcpay-finland-Q2-2023','marketing','en_US','WooCommerce Payments is now available in Finland!','We’ve recently released WooCommerce Payments in Finland. You can view and manage transactions right in your WordPress dashboard while securely accepting major cards, Apple Pay, and payments in over 100 currencies.','info','{}','pending','woocommerce.com','2023-04-15 08:27:07',NULL,0,'plain','',0,0),(144,'wc-admin-wcpay-estonia-Q2-2023','marketing','en_US','WooCommerce Payments is now available in Estonia!','We’ve recently released WooCommerce Payments in Estonia. You can view and manage transactions right in your WordPress dashboard while securely accepting major cards, Apple Pay, and payments in over 100 currencies.','info','{}','pending','woocommerce.com','2023-04-15 08:27:07',NULL,0,'plain','',0,0),(145,'wc-admin-wcpay-lithuania-Q2-2023','marketing','en_US','WooCommerce Payments is now available in Lithuania!','We’ve recently released WooCommerce Payments in Lithuania. You can view and manage transactions right in your WordPress dashboard while securely accepting major cards, Apple Pay, and payments in over 100 currencies.','info','{}','pending','woocommerce.com','2023-04-15 08:27:07',NULL,0,'plain','',0,0),(146,'wc-admin-wcpay-slovenia-Q2-2023','marketing','en_US','WooCommerce Payments is now available in Slovenia!','We’ve recently released WooCommerce Payments in Slovenia. You can view and manage transactions right in your WordPress dashboard while securely accepting major cards, Apple Pay, and payments in over 100 currencies.','info','{}','pending','woocommerce.com','2023-04-15 08:27:07',NULL,0,'plain','',0,0),(147,'wc-admin-wcpay-latvia-Q2-2023','marketing','en_US','WooCommerce Payments is now available in Latvia!','We’ve recently released WooCommerce Payments in Latvia. You can view and manage transactions right in your WordPress dashboard while securely accepting major cards, Apple Pay, and payments in over 100 currencies.','info','{}','pending','woocommerce.com','2023-04-15 08:27:07',NULL,0,'plain','',0,0),(148,'wc-admin-wcpay-cyprus-Q2-2023','marketing','en_US','WooCommerce Payments is now available in Cyprus!','We’ve recently released WooCommerce Payments in Cyprus. You can view and manage transactions right in your WordPress dashboard while securely accepting major cards, Apple Pay, and payments in over 100 currencies.','info','{}','pending','woocommerce.com','2023-04-15 08:27:07',NULL,0,'plain','',0,0),(149,'wc-admin-wcpay-malta-Q2-2023','marketing','en_US','WooCommerce Payments is now available in Malta!','We’ve recently released WooCommerce Payments in Malta. You can view and manage transactions right in your WordPress dashboard while securely accepting major cards, Apple Pay, and payments in over 100 currencies.','info','{}','pending','woocommerce.com','2023-04-15 08:27:07',NULL,0,'plain','',0,0),(150,'wc-admin-wcpay-luxembourg-Q2-2023','marketing','en_US','WooCommerce Payments is now available in Luxembourg!','We’ve recently released WooCommerce Payments in Luxembourg. You can view and manage transactions right in your WordPress dashboard while securely accepting major cards, Apple Pay, and payments in over 100 currencies.','info','{}','pending','woocommerce.com','2023-04-15 08:27:07',NULL,0,'plain','',0,0),(151,'wc_admin_BNPL_WCPay_coming-soon_Q1_2023','marketing','en_US','Buy now, pay later is heading to WooCommerce Payments','Great news: full integration with Afterpay and Affirm is on its way to WooCommerce Payments! You’ll soon be able to increase your order values, sell more, and offer customers a payment option they’ll love — with no extra downloads or extensions required.','info','{}','pending','woocommerce.com','2023-04-27 08:29:38',NULL,0,'plain','',0,0),(152,'woopay-beta-existingmerchants-noaction-27APR23','info','en_US','WooPay is back!','Thanks for previously trying WooPay, the express checkout feature built into WooCommerce Payments. We’re excited to announce that WooPay availability has resumed. No action is required on your part.\r\n<br /><br />\r\nYou can now continue boosting conversions by offering your customers a simple, secure way to pay with a single click.','info','{}','pending','woocommerce.com','2023-04-28 08:26:46',NULL,0,'plain','',0,0),(153,'woopay-beta-existingmerchants-update-27APR23','info','en_US','WooPay is back!','Thanks for previously trying WooPay, the express checkout feature built into WooCommerce Payments. We’re excited to announce that WooPay availability has resumed.\r\n<br /><br />\r\n\r\nUpdate to the latest WooCommerce Payments version to continue boosting conversions by offering your customers a simple, secure way to pay with a single click.','info','{}','pending','woocommerce.com','2023-04-28 08:26:46',NULL,0,'plain','',0,0),(154,'woopay-beta-existingmerchants-noaction-27APR23-test2','info','en_US','WooPay is back!','Thanks for previously trying WooPay, the express checkout feature built into WooCommerce Payments. We’re excited to announce that WooPay availability has resumed. No action is required on your part.\r\n<br /><br />\r\nYou can now continue boosting conversions by offering your customers a simple, secure way to pay with a single click.','info','{}','pending','woocommerce.com','2023-04-28 08:26:46',NULL,0,'plain','',0,0),(155,'woopay-beta-existingmerchants-update-27APR23-test','info','en_US','WooPay is back!','Thanks for previously trying WooPay, the express checkout feature built into WooCommerce Payments. We’re excited to announce that WooPay availability has resumed.\r\n<br /><br />\r\n\r\nUpdate to the latest WooCommerce Payments version to continue boosting conversions by offering your customers a simple, secure way to pay with a single click.','info','{}','pending','woocommerce.com','2023-04-28 08:26:46',NULL,0,'plain','',0,0),(156,'woopay-beta-merchantrecruitment-04MAY23','info','en_US','Increase conversions with WooPay — our fastest checkout yet','WooPay, a new express checkout feature built into WooCommerce Payments, is now available —and we’re inviting you to be one of the first to try it. \r\n<br><br>\r\nBoost conversions by offering your customers a simple, secure way to pay with a single click.\r\n<br><br>\r\nGet started in seconds.','info','{}','pending','woocommerce.com','2023-05-05 08:40:17',NULL,0,'plain','',0,0),(157,'woopay-beta-merchantrecruitment-update-04MAY23','info','en_US','Increase conversions with WooPay — our fastest checkout yet','WooPay, a new express checkout feature built into WooCommerce Payments, is now available — and you’re invited to try it. \r\n<br /><br />\r\nBoost conversions by offering your customers a simple, secure way to pay with a single click.\r\n<br /><br />\r\nUpdate WooCommerce Payments to get started.','info','{}','pending','woocommerce.com','2023-05-05 08:40:17',NULL,0,'plain','',0,0),(158,'woopay-beta-merchantrecruitment-short-04MAY23','info','en_US','Increase conversions with WooPay — our fastest checkout yet','Be one of the first to try WooPay, a new express checkout feature for WooCommerce Payments. \r\n<br><br>\r\nBoost conversions by letting customers pay with a single click.','info','{}','pending','woocommerce.com','2023-05-05 08:40:17',NULL,0,'plain','',0,0),(159,'woopay-beta-merchantrecruitment-short-update-04MAY23','info','en_US','Increase conversions with WooPay — our fastest checkout yet','Be one of the first to try WooPay, our new express checkout feature. <br>Boost conversions by letting customers pay with a single click. <br><br>Update to the latest version of WooCommerce Payments to get started.','info','{}','pending','woocommerce.com','2023-05-05 08:40:17',NULL,0,'plain','',0,0),(160,'woopay-beta-merchantrecruitment-short-06MAY23-TESTA','info','en_US','Increase conversions with WooPay — our fastest checkout yet','Be one of the first to try WooPay, a new express checkout feature for WooCommerce Payments. \r\n<br><br>\r\nBoost conversions by letting customers pay with a single click.','info','{}','pending','woocommerce.com','2023-05-07 08:35:43',NULL,0,'plain','',0,0),(161,'woopay-beta-merchantrecruitment-short-06MAY23-TESTB','info','en_US','Increase conversions with WooPay — our fastest checkout yet','Be one of the first to try WooPay, a new express checkout feature for WooCommerce Payments. \r\n<br><br>\r\nBoost conversions by letting customers pay with a single click.','info','{}','pending','woocommerce.com','2023-05-07 08:35:43',NULL,0,'plain','',0,0),(162,'woopay-beta-merchantrecruitment-short-06MAY23-TESTC','info','en_US','Increase conversions with WooPay — our fastest checkout yet','Be one of the first to try WooPay, a new express checkout feature for WooCommerce Payments. \r\n<br><br>\r\nBoost conversions by letting customers pay with a single click.','info','{}','pending','woocommerce.com','2023-05-07 08:35:43',NULL,0,'plain','',0,0),(163,'woopay-beta-merchantrecruitment-short-06MAY23-TESTD','info','en_US','Increase conversions with WooPay — our fastest checkout yet','Be one of the first to try WooPay, a new express checkout feature for WooCommerce Payments. \r\n<br><br>\r\nBoost conversions by letting customers pay with a single click.','info','{}','pending','woocommerce.com','2023-05-07 08:35:43',NULL,0,'plain','',0,0),(164,'woopay-beta-merchantrecruitment-short-09MAY23','info','en_US','Increase conversions with WooPay — our fastest checkout yet','Be one of the first to try WooPay, a new express checkout feature for WooCommerce Payments. \r\n<br><br>\r\nBoost conversions by letting customers pay with a single click.','info','{}','pending','woocommerce.com','2023-05-10 08:34:49',NULL,0,'plain','',0,0),(165,'woopay-beta-merchantrecruitment-short-update-09MAY23','info','en_US','Increase conversions with WooPay — our fastest checkout yet','Be one of the first to try WooPay, our new express checkout feature. <br>Boost conversions by letting customers pay with a single click. <br><br>Update to the latest version of WooCommerce Payments to get started.','info','{}','pending','woocommerce.com','2023-05-10 08:34:49',NULL,0,'plain','',0,0),(166,'payoneer_q2_2023','marketing','en_US','Grow with the next generation of payment processing','Ready to stand out in the new global economy? Payoneer Checkout gives you the power to securely accept payments worldwide, build a checkout that customers love, and manage your store’s transactions and finances – all from the same place.','info','{}','unactioned','woocommerce.com','2023-05-14 08:52:05',NULL,0,'plain','',0,1),(168,'ipp_refresh_q2_2023_us_inbox_notification','marketing','en_US','Grow on the go with in-person payments','Sell your products or services on the go with the M2 card reader – a quick, synchronized, and secure way to take payments, no matter where you are. Create an order using the WooCommerce mobile app and connect your card reader to accept payments.','info','{}','pending','woocommerce.com','2023-05-18 08:32:15',NULL,0,'plain','',0,0),(169,'ipp_refresh_q2_2023_ca_inbox_notification','marketing','en_US','Grow on the go with in-person payments','Sell your products or services on the go with the WisePad 3 card reader – a quick, synchronized, and secure way to take payments, no matter where you are. Create an order using the WooCommerce mobile app and connect your card reader to accept payments.','info','{}','pending','woocommerce.com','2023-05-18 08:32:15',NULL,0,'plain','',0,0),(170,'product_management_card_sorting','survey','en_US','How do you create and edit products?','Have a say in the future of WooCommerce. Take part in a brief exercise and help us understand what information is important to you while editing products.','info','{}','unactioned','woocommerce.com','2023-05-19 08:31:45',NULL,0,'plain','',0,1),(171,'woocommerce-WCstripe-May-2023-updated-needed','update','en_US','Action required: Security update of WooCommerce Stripe plugin','<strong>Your store requires a security update for the WooCommerce Stripe plugin</strong>. Please update the WooCommerce Stripe plugin immediately to address a potential vulnerability.','info','{}','unactioned','woocommerce.com','2023-06-02 08:27:28',NULL,0,'plain','',0,0),(172,'woocommerce-WCReturnsWarranty-June-2023-updated-needed','update','en_US','Action required: Security update of WooCommerce Returns and Warranty Requests extension','<strong>Your store requires a security update for the Returns and Warranty Requests extension</strong>.  Please update to the latest version of the WooCommerce Returns and Warranty Requests extension immediately to address a potential vulnerability discovered on May 31.','info','{}','pending','woocommerce.com','2023-06-03 08:30:36',NULL,0,'plain','',0,0),(173,'woocommerce-WCSubscriptions-June-2023-updated-needed','marketing','en_US','Action required: Security update of WooCommerce Subscriptions','<strong>Your store requires a security update for the WooCommerce Subscriptions plugin</strong>. Please update the WooCommerce Subscriptions plugin immediately to address a potential vulnerability.','info','{}','pending','woocommerce.com','2023-06-06 08:31:04',NULL,0,'plain','',0,0),(174,'wc-admin-new-sales-record','info','en_US','Nouveau record de ventes !','Super, le 6 juin 2023 vous avez effectué un nombre record de ventes ! Vos ventes nettes s’élevaient à €896.85, dépassant votre record précédent de €722.30 établi le 15 mai 2023.','info','{\"old_record_date\":\"2023-05-15\",\"old_record_amt\":722.3,\"new_record_date\":\"2023-06-06\",\"new_record_amt\":896.8499999999999}','unactioned','woocommerce-admin','2023-06-07 08:26:37',NULL,0,'plain','',0,1),(175,'woocommerce-WCPayments-June-2023-updated-needed','update','en_US','Action required: Security update of WooCommerce Payments','<strong>Your store requires a security update for the WooCommerce Payments plugin</strong>. Please update the WooCommerce Payments plugin immediately to address a potential vulnerability.','info','{}','pending','woocommerce.com','2023-06-07 08:26:39',NULL,0,'plain','',0,0),(176,'woocommerce_hpos_1st_notification_q2_2023','marketing','en_US','High-Performance Order Storage (HPOS) is on its way','Our team is targeting August 2023 to roll out a major database upgrade that can unlock faster checkout and order creation for your customers — and lightning-quick order lookup for you. Enablement is optional and you won’t be forced to update, but read on to see why this was our most requested new feature.','info','{}','unactioned','woocommerce.com','2023-06-07 08:26:39',NULL,0,'plain','',0,1),(177,'woocommerce-WCOPC-June-2023-updated-needed','update','en_US','Action required: Security update of WooCommerce One Page Checkout','<strong>Your shop requires a security update to address a vulnerability in the WooCommerce One Page Checkout extension</strong>. The fix for this vulnerability was released for this extension on June 13th. Please update immediately.','info','{}','pending','woocommerce.com','2023-06-22 08:28:14',NULL,0,'plain','',0,0),(178,'wc-admin-wcpay-bulgaria-Q2-2023','marketing','en_US','WooCommerce Payments is now available in Bulgaria!','We’ve recently released WooCommerce Payments in Bulgaria. You can view and manage transactions right in your WordPress dashboard while securely accepting major cards, Apple Pay, and payments in over 100 currencies.','info','{}','pending','woocommerce.com','2023-06-30 08:28:42',NULL,0,'plain','',0,0),(179,'wc-admin-wcpay-czechia-Q2-2023','marketing','en_US','WooCommerce Payments is now available in Czechia!','We’ve recently released WooCommerce Payments in Czechia. You can view and manage transactions right in your WordPress dashboard while securely accepting major cards, Apple Pay, and payments in over 100 currencies.','info','{}','pending','woocommerce.com','2023-06-30 08:28:42',NULL,0,'plain','',0,0),(180,'wc-admin-wcpay-croatia-Q2-2023','marketing','en_US','WooCommerce Payments is now available in Croatia!','We’ve recently released WooCommerce Payments in Croatia. You can view and manage transactions right in your WordPress dashboard while securely accepting major cards, Apple Pay, and payments in over 100 currencies.','info','{}','pending','woocommerce.com','2023-06-30 08:28:42',NULL,0,'plain','',0,0),(181,'wc-admin-wcpay-hungary-Q2-2023','marketing','en_US','WooCommerce Payments is now available in Hungary!','We’ve recently released WooCommerce Payments in Hungary. You can view and manage transactions right in your WordPress dashboard while securely accepting major cards, Apple Pay, and payments in over 100 currencies.','info','{}','pending','woocommerce.com','2023-06-30 08:28:42',NULL,0,'plain','',0,0),(182,'wc-admin-wcpay-romania-Q2-2023','marketing','en_US','WooCommerce Payments is now available in Romania!','We’ve recently released WooCommerce Payments in Romania. You can view and manage transactions right in your WordPress dashboard while securely accepting major cards, Apple Pay, and payments in over 100 currencies.','info','{}','pending','woocommerce.com','2023-06-30 08:28:42',NULL,0,'plain','',0,0),(183,'wc-admin-wcpay-sweden-Q2-2023','marketing','en_US','WooCommerce Payments is now available in Sweden!','We’ve recently released WooCommerce Payments in Sweden. You can view and manage transactions right in your WordPress dashboard while securely accepting major cards, Apple Pay, and payments in over 100 currencies.','info','{}','pending','woocommerce.com','2023-06-30 08:28:42',NULL,0,'plain','',0,0),(184,'tiktok-spc_june-2023','marketing','en_US','Take the guesswork out of TikTok advertising','Save time and create smarter ads using new automated campaign management from TikTok for WooCommerce. Simplify your campaign creation and watch TikTok’s machine learning build, target, and optimize ads that support your advertising goals — and grow your audience.','info','{}','unactioned','woocommerce.com','2023-06-30 08:28:42',NULL,0,'plain','',0,1),(185,'woocommerce-WCGC-July-2023-update-needed','update','en_US','Action required: Security update of WooCommerce GoCardless Extension','<strong>Your shop requires a security update to address a vulnerability in the WooCommerce GoCardless extension</strong>. The fix for this vulnerability was released on July 4th. Please update immediately.','info','{}','pending','woocommerce.com','2023-07-05 08:36:52',NULL,0,'plain','',0,0),(186,'woocommerce-shipping-fedex-api-outage-2023-07-16','warning','en_US','Scheduled FedEx API outage — July 2023','On July 16 there will be a full outage of the FedEx API from 04:00 to 08:00 AM UTC. Due to planned maintenance by FedEx, you\'ll be unable to provide FedEx shipping rates during this time. Follow the link below for more information and recommendations on how to minimize impact.','info','{}','pending','woocommerce.com','2023-07-06 08:29:27',NULL,0,'plain','',0,0),(187,'wcship-2023-07-hazmat-update-needed','update','en_US','Action required: USPS HAZMAT compliance update for WooCommerce Shipping & Tax extension','<strong>Your store requires an update for the WooCommerce Shipping extension</strong>. Please update to the latest version of the WooCommerce Shipping &amp; Tax extension immediately to ensure compliance with new USPS HAZMAT rules currently in effect.','info','{}','pending','woocommerce.com','2023-07-12 08:29:12',NULL,0,'plain','',0,0),(188,'square_payments_q3_2023','marketing','en_US','Square for WooCommerce','Connect your Square account with WooCommerce to accept online and in-person payments (including contactless payments and cross-channel gift cards) quickly and securely. Save time by syncing sales, customers, and items and inventory — and manage everything through one centralized platform.','info','{}','pending','woocommerce.com','2023-07-20 08:26:42',NULL,0,'plain','',0,0),(189,'wc-admin-woopayments-rebrand','marketing','en_US','WooCommerce Payments is now WooPayments','We’ve changed the name as part of recent updates to the Woo brand. You’ll still enjoy the same seamless payments experience — just look for WooPayments in your WordPress admin.','info','{}','pending','woocommerce.com','2023-07-29 08:27:32',NULL,0,'plain','',0,0),(190,'woocommerce-WCStripe-Aug-2023-update-needed','update','en_US','Action required: Security update for WooCommerce Stripe plugin','<strong>Your shop requires an important security update for the  WooCommerce Stripe plugin</strong>. The fix for this vulnerability was released on July 31. Please update immediately.','info','{}','pending','woocommerce.com','2024-11-29 01:54:39',NULL,0,'plain','',0,0),(191,'woocommerce-WCStripe-Aug-2023-security-updated','update','en_US','Security update of WooCommerce Stripe plugin','<strong>Your store has been updated to the latest secure version of the WooCommerce Stripe plugin</strong>. This update was released on July 31.','info','{}','pending','woocommerce.com','2023-08-03 08:31:42',NULL,0,'plain','',0,0),(192,'woocommerce-WooPayments-Aug-2023-update-needed','update','en_US','Action required: Security update for WooPayments (WooCommerce Payments) plugin','<strong>Your shop requires an important security update for the WooPayments (WooCommerce Payments) extension</strong>. The fix for this vulnerability was released on July 31. Please update immediately.','info','{}','pending','woocommerce.com','2023-08-03 08:31:42',NULL,0,'plain','',0,0),(193,'woocommerce-WooPayments-Aug-2023-security-updated','update','en_US','Security update of WooPayments (WooCommerce Payments) plugin','<strong>Your store has been updated to the more secure version of WooPayments (WooCommerce Payments)</strong>. This update was released on July 31.','info','{}','pending','woocommerce.com','2023-08-03 08:31:42',NULL,0,'plain','',0,0),(194,'tiktok-apac-webinar-2023','marketing','en_US','Unlocking TikTok: Live Webinar August 9','Join us on August 9 for a free online masterclass with our partners at TikTok, tailored to Woo merchants in the APAC region (11 am AEST). You’ll learn how to connect your store to TikTok, unlock expert advertising tools, and reach its one billion active global users — all from the comfort of your own home.','info','{}','pending','woocommerce.com','2023-08-05 08:33:08',NULL,0,'plain','',0,0),(195,'avalara_q3-2023_noAvaTax','marketing','en_US','Automatically calculate VAT in real time','Take the effort out of determining tax rates and sell confidently across borders with automated tax management from Avalara AvaTax— including built-in VAT calculation when you sell into or across the EU and UK. Save time and stay compliant when you let Avalara do the heavy lifting.','info','{}','pending','woocommerce.com','2023-08-09 08:29:09',NULL,0,'plain','',0,0),(196,'avalara_q3-2023_withAvaTax','marketing','en_US','New in AvaTax: Calculate VAT in real time','Take the effort out of determining tax rates and sell confidently across borders with automated tax management from Avalara AvaTax— including built-in VAT calculation when you sell into or across the EU and UK. Save time and stay compliant when you let Avalara do the heavy lifting.','info','{}','pending','woocommerce.com','2023-08-09 08:29:09',NULL,0,'plain','',0,0),(197,'google_uxstudy_recruitment_q3-2023','marketing','en_US','Share your feedback in exchange for $150','Woo has teamed up with Google to collect feedback on advertising products and services available to you. If selected, you’ll receive an incentive equal to $150 USD for a 60-minute interview that can help improve the products you use to advertise. If interested, please take 2 minutes to complete the screening survey.','info','{}','pending','woocommerce.com','2023-08-10 08:27:25',NULL,0,'plain','',0,0),(198,'woo-activation-survey-blockers-22AUG23','info','en_US','How can we help you get that first sale?','Your feedback is vital. Please take a minute to share your experience of setting up your new store and whether anything is preventing you from making those first few sales. Together, we can make Woo even better!','info','{}','pending','woocommerce.com','2023-08-23 08:43:24',NULL,0,'plain','',0,0),(199,'tiktok_shopGTM_q3-2023_hasTikTok','marketing','en_US','You can now sell your products on TikTok Shop','TikTok is changing the way shoppers find and connect with brands. With TikTok Shop, you can sync your entire catalog from within Woo and sell directly to TikTok users through in-feed videos, livestreams, and your product showcase tab.','info','{}','pending','woocommerce.com','2023-09-07 08:26:46',NULL,0,'plain','',0,0),(200,'tiktok_shopGTM_q3-2023_noTikTok','marketing','en_US','You can now sell your products on TikTok Shop','TikTok is changing the way shoppers find and connect with brands. With TikTok Shop, you can sync your entire catalog from within Woo and sell directly to TikTok users through in-feed videos, livestreams, and your product showcase tab.','info','{}','pending','woocommerce.com','2023-09-08 08:34:33',NULL,0,'plain','',0,0),(201,'klaviyo_q3_2023','marketing','en_US','Build long lasting relationships with Klaviyo for WooCommerce','Increase customer engagement and boost conversions with powerful email and SMS automation from Klaviyo. Fully integrated with your Woo store, Klaviyo enables you to send personalized communications to your customers — ensuring that the right message is delivered at the right time for maximum impact.','info','{}','unactioned','woocommerce.com','2023-09-12 08:33:23',NULL,0,'plain','',0,1),(202,'wc_admin_BNPL_WCPay_Q3_2023','marketing','en_US','Afterpay and Affirm have arrived in WooCommerce Payments!','Give your customers more power with buy now, pay later from Afterpay and Affirm — now included as part of WooCommerce Payments! With this new integration, you can quickly offer a checkout option that converts sales and boosts average order value, all from within the same payments dashboard you already know.','info','{}','pending','woocommerce.com','2023-09-19 08:31:09',NULL,0,'plain','',0,0),(203,'wc_admin_afterpay_WCPay_Q3_2023','marketing','en_US','Afterpay has arrived in WooCommerce Payments!','Give your customers more power with buy now, pay later from Afterpay — now included as part of WooCommerce Payments! With this new integration, you can quickly offer a checkout option that converts sales and boosts average order value, all from within the same payments dashboard you already know.','info','{}','pending','woocommerce.com','2023-09-19 08:31:09',NULL,0,'plain','',0,0),(204,'woocommerce-usermeta-Sept2023-productvendors','update','en_US','Your store requires a security update','<strong>Your shop needs an update to address a vulnerability in WooCommerce.</strong> The fix was released on Sept 15. Please update WooCommerce to the latest version immediately. <a href=\"https://developer.woocommerce.com/2023/09/16/woocommerce-vulnerability-reintroduced-from-7-0-1/\" />Read our developer update</a> for more information.','info','{}','pending','woocommerce.com','2023-09-20 08:31:15',NULL,0,'plain','',0,0),(205,'Klarna_10OCT23','marketing','en_US','Klarna is now available','This is a test. Klarna is now available.','info','{}','pending','woocommerce.com','2023-10-11 08:27:43',NULL,0,'plain','',0,0),(206,'wc_com_in_person_payments_card_sale_US_inbox_note_q4_23','marketing','en_US','Save 35% on a WooPayments card reader','Have you been thinking about selling your products or services in person? Now’s the perfect time to do so, as we’re discounting our M2 card readers by 35%! Securely process payments wherever your business takes you, with full store and inventory sync. Don’t miss out — this offer ends October 29, 2023.','info','{}','pending','woocommerce.com','2023-10-13 08:30:54',NULL,0,'plain','',0,0),(207,'wc_com_in_person_payments_card_sale_UK_inbox_note_q4_23','marketing','en_US','Save 35% on a WooPayments card reader','Have you been thinking about selling your products or services in person? Now’s the perfect time to do so, as we’re discounting our WisePad 3 card readers by 35%! Securely process payments wherever your business takes you, with full store and inventory sync. Don’t miss out — this offer ends 29th October 2023.','info','{}','pending','woocommerce.com','2023-10-13 08:30:54',NULL,0,'plain','',0,0),(208,'wc_com_in_person_payments_card_sale_CA_inbox_note_q4_23','marketing','en_US','Save 35% on a WooPayments card reader','Have you been thinking about selling your products or services in person? Now’s the perfect time to do so, as we’re discounting our WisePad 3 card readers by 35%! Securely process payments wherever your business takes you, with full store and inventory sync. Don’t miss out — this offer ends October 29, 2023.','info','{}','pending','woocommerce.com','2023-10-13 08:30:54',NULL,0,'plain','',0,0),(209,'woocommerce-STRIPE-Oct-2023-update-needed','update','en_US','Action required: Security update for WooCommerce Stripe Gateway','<strong>Your shop requires a security update to address a vulnerability in the WooCommerce Stripe Gateway</strong>. The fix for this vulnerability was released on October 17. Please update immediately.','info','{}','pending','woocommerce.com','2024-11-29 01:54:39',NULL,0,'plain','',0,0),(210,'wc_admin_WooPay_Q4_2023','marketing','en_US','Convert more sales with our fastest checkout yet','Enable WooPay and offer the only single-click checkout experience built by Woo, for Woo. Give shoppers the power to pay instantly and securely speed through checkout, even if it\'s their first visit. Add it for free with one tap in your WooPayments dashboard.','info','{}','pending','woocommerce.com','2023-10-28 08:27:16',NULL,0,'plain','',0,0),(211,'wc_admin_WooPay_Oct30_2023','marketing','en_US','Convert more sales with our fastest checkout yet','Enable WooPay and offer the only single-click checkout experience built by Woo, for Woo. Give shoppers the power to pay instantly and securely speed through checkout, even if it\'s their first visit. Add it for free with one tap in your WooPayments dashboard.','info','{}','pending','woocommerce.com','2023-11-03 08:29:07',NULL,0,'plain','',0,0),(212,'paypal_paylater_q4_23','marketing','en_US','Boost your sales this holiday season with PayPal','Set yourself up for success this holiday season by allowing customers to pay the way they prefer. With the latest version of PayPal Payments, you can accept PayPal, Venmo (US), Pay Later*, credit and debit cards, and popular alternative payment methods in one secure solution.','info','{}','pending','woocommerce.com','2023-11-07 08:29:07',NULL,0,'plain','',0,0),(213,'tap_to_pay_iphone_q4_2023_no_woopayments','marketing','en_US','Accept in-person contactless payments on your iPhone','Tap to Pay on iPhone and WooPayments is quick, secure, and simple to set up — no extra terminals or card readers are needed. Accept contactless debit and credit cards, Apple Pay, and other NFC digital wallets in person.','info','{}','pending','woocommerce.com','2023-12-06 08:27:55',NULL,0,'plain','',0,0),(214,'tap_to_pay_iphone_q4_2023_with_woopayments','marketing','en_US','Accept in-person contactless payments on your iPhone','Tap to Pay on iPhone is quick, secure, and simple to set up in WooPayments — no extra terminals or card readers are needed. Accept contactless debit and credit cards, Apple Pay, and other NFC digital wallets in person in a few short steps!','info','{}','pending','woocommerce.com','2023-12-06 08:27:55',NULL,0,'plain','',0,0),(215,'amazon-mcf-reviews-2023-12-07','marketing','en_US','Enjoying Amazon MCF for WooCommerce?','We\'re Never Settle, the developers behind Amazon MCF for WooCommerce, and would be deeply honored to have your review. Reviews help immensely as other users can learn how MCF can solve their needs too! Not happy or need help? Please reach out for support and we’d love to make things right!','info','{}','pending','woocommerce.com','2023-12-07 08:36:27',NULL,0,'plain','',0,0),(216,'amazon_pay_reactivate_q1-24','marketing','en_US','Special offer: Activate 0% promo rate for Amazon Pay','For a limited time, Woo merchants who register with Amazon Pay can enjoy a promotional rate of 0% on all transaction fees for 30 days. Valid for businesses based in the United Kingdom. Terms and conditions apply.','info','{}','pending','woocommerce.com','2024-01-10 08:29:00',NULL,0,'plain','',0,0),(217,'remove_estimated_deposits_2024','marketing','en_US','Estimated deposits are going away','To provide more accurate deposit information and support the expansion of instant deposits, estimated deposit details will no longer be available in WooPayments. We recommend upgrading to the latest version of WooPayments for more detailed balance status information.','info','{}','pending','woocommerce.com','2024-01-19 08:37:15',NULL,0,'plain','',0,0),(218,'custom_order_attribution_inbox_q1_2024','marketing','en_US','NEW: Custom Order Attribution','Order attribution tracking is now available for all Woo stores! See whether an order came from a search ad, video, or email. Make better marketing decisions and watch your products go from “maybe” to “must-have.”','info','{}','unactioned','woocommerce.com','2024-02-06 08:27:19',NULL,0,'plain','',0,1),(219,'wc_admin_UKpricingchange_WCPay_Q1_2024','marketing','en_US','Fee Changes for WooPayments in the EEA and UK','WooPayments fees for transactions between the EEA and UK will change as of 1st March, 2024. Transactions between the UK and EEA are now deemed by card networks to be cross-border, thus international payment fees will be applicable. This also changes base processing fees.','info','{}','pending','woocommerce.com','2024-03-01 08:27:14',NULL,0,'plain','',0,0),(220,'airwallex_q1_2024','marketing','en_US','Save big on foreign exchange (FX) fees','Boost your international sales by offering Apple Pay, Google Pay, and 60+ local payment methods with Airwallex. Save time and money by settling payments directly in USD, EUR, HKD, SGD, AUD, and more — without the extra FX fees. Simple, cost-effective, fast.','info','{}','unactioned','woocommerce.com','2024-03-01 08:27:14',NULL,0,'plain','',0,1),(221,'paypal_promo_Q4_2024','marketing','en_US','Add PayPal to your existing checkout this holiday season','Drive conversion and give customers more confidence to buy when you complement your checkout with PayPal, Venmo, Pay Later, and more. Attract new shoppers and give them a streamlined buying experience with Fastlane, PayPal’s fast and simple guest checkout.','info','{}','pending','woocommerce.com','2024-11-29 08:26:47',NULL,0,'plain','',0,0),(222,'sirt-woo-2024-11-xss-admin','update','en_US','An important update is required for WooCommerce','This update addresses a security vulnerability that could allow unauthorized access to administrative privileges on your site. <a href=\"https://developer.woocommerce.com/2024/12/03/woocommerce-9-4-3-and-woocommerce-9-3-4-available-now/\">Learn more</a>.\r\n<br><br>\r\n<strong>Please ensure your site is updated to the latest version to stay secure.</strong>','info','{}','pending','woocommerce.com','2024-12-04 08:28:29',NULL,0,'plain','',0,0),(223,'usps-mail-service-to-canada-suspended-dec-2024','update','en_US','Please note: USPS Mail Service to Canada Suspended','The United States Postal Service has temporarily suspended mail service to Canada due to the ongoing Canadian postal workers\' strike. USPS is asking users to refrain from mailing items to Canada at this time.','info','{}','pending','woocommerce.com','2024-12-05 08:27:08',NULL,0,'plain','',0,0),(224,'Announce-UPS-WCShipping-Dec2024','marketing','en_US','WooCommerce Shipping now supports select UPS services','Give customers the power and reliability of UPS, directly from your dashboard. Access discounted rates, convenient shipping options, and fast, on-time delivery with UPS on WooCommerce Shipping — and stay tuned for UPS® Ground Saver rates coming in 2025.','info','{}','pending','woocommerce.com','2024-12-13 08:26:44',NULL,0,'plain','',0,0),(225,'woocommerce-analytics-order-attribution-promotions-december-2024','marketing','en_US','Discover what drives your sales','Use our powerful <strong>Order Attribution</strong> extension to understand what truly drives your revenue. Track your sales journey, identify your most effective marketing channels, and optimize your sales strategy.','info','{}','unactioned','woocommerce.com','2025-01-01 03:02:50',NULL,0,'plain','',0,1);

--
-- Table structure for table `wmp18_wc_category_lookup`
--

CREATE TABLE `wmp18_wc_category_lookup` (
  `category_tree_id` bigint unsigned NOT NULL,
  `category_id` bigint unsigned NOT NULL,
  PRIMARY KEY (`category_tree_id`,`category_id`)
) ENGINE=InnoDB DEFAULT CHARSET=utf8mb4 COLLATE=utf8mb4_unicode_520_ci;

--
-- Dumping data for table `wmp18_wc_category_lookup`
--

INSERT INTO `wmp18_wc_category_lookup` VALUES (69,69),(70,70),(79,79),(80,80),(95,95),(162,162),(163,163),(164,164),(166,166),(180,180),(184,184);

--
-- Table structure for table `wmp18_wc_customer_lookup`
--

CREATE TABLE `wmp18_wc_customer_lookup` (
  `customer_id` bigint unsigned NOT NULL AUTO_INCREMENT,
  `user_id` bigint unsigned DEFAULT NULL,
  `username` varchar(60) CHARACTER SET utf8mb4 COLLATE utf8mb4_unicode_520_ci NOT NULL DEFAULT '',
  `first_name` varchar(255) CHARACTER SET utf8mb4 COLLATE utf8mb4_unicode_520_ci NOT NULL,
  `last_name` varchar(255) CHARACTER SET utf8mb4 COLLATE utf8mb4_unicode_520_ci NOT NULL,
  `email` varchar(100) CHARACTER SET utf8mb4 COLLATE utf8mb4_unicode_520_ci DEFAULT NULL,
  `date_last_active` timestamp NULL DEFAULT NULL,
  `date_registered` timestamp NULL DEFAULT NULL,
  `country` char(2) CHARACTER SET utf8mb4 COLLATE utf8mb4_unicode_520_ci NOT NULL DEFAULT '',
  `postcode` varchar(20) CHARACTER SET utf8mb4 COLLATE utf8mb4_unicode_520_ci NOT NULL DEFAULT '',
  `city` varchar(100) CHARACTER SET utf8mb4 COLLATE utf8mb4_unicode_520_ci NOT NULL DEFAULT '',
  `state` varchar(100) CHARACTER SET utf8mb4 COLLATE utf8mb4_unicode_520_ci NOT NULL DEFAULT '',
  PRIMARY KEY (`customer_id`),
  UNIQUE KEY `user_id` (`user_id`),
  KEY `email` (`email`)
) ENGINE=InnoDB AUTO_INCREMENT=74 DEFAULT CHARSET=utf8mb4 COLLATE=utf8mb4_unicode_520_ci;

--
-- Dumping data for table `wmp18_wc_customer_lookup`
--

INSERT INTO `wmp18_wc_customer_lookup` VALUES (1,11,'Christian Audibert','Christian','AUDIBERT','rd2s@ism2d.com','2022-01-12 00:00:00','2017-12-29 06:33:54','FR','13980','ALLEINS',''),(2,7,'michel.vautier2017@gmail.com','Michel','Vautier','michel.vautier2017@gmail.com','2020-12-01 23:00:00','2017-12-17 08:45:13','FR','94200','dumaguete',''),(3,NULL,'','Cricri','Test','christianaudibert@hotmail.com','2019-07-08 09:46:17',NULL,'PH','6200','Dumag','NER'),(4,NULL,'','Michel','TEST','michel-vautier@gmail.com','2019-07-08 07:02:52',NULL,'FR','33470','Gujan',''),(5,97,'nikolas.casar','Nikolas','Casar','nikolas.casar@gmail.com','2018-06-25 10:08:17','2018-06-25 05:48:55','FR','13300','Dumaguete',''),(6,113,'test.teston','test','teston','christianaudibert@hotmail.com','2020-12-13 23:00:00','2020-12-13 08:25:03','FR','46665','khgkgkjj',''),(7,114,'elisabeth.pluchon','Elisabeth','Pluchon','elisabeth.pluchon@laposte.net','2021-02-04 23:00:00','2021-01-31 14:54:13','FR','29200','Brest',''),(8,229,'patriciaoi.falippou','Patriciaoi','Falippou','patricia.falippou62@orange.fr','2021-03-26 07:01:55','2021-03-26 07:01:54','FR','12000','Rodez',''),(9,291,'paul.herrmann','PAUL','HERRMANN','paul.herrmann@wanadoo.fr','2021-04-19 08:51:51','2021-04-19 08:51:50','FR','35200','RENNES',''),(10,292,'sebastien.vincent','Sébastien','Vincent','seb_vincent7@hotmail.com','2021-05-03 04:32:32','2021-05-03 04:32:30','FR','67100','Strasbourg',''),(11,380,'josine.deplanque','josine','deplanque','josine.deplanque@orange.fr','2023-04-29 00:00:00','2021-08-13 10:12:55','FR','51200','epernay',''),(12,381,'isabelle.monge','Isabelle','MONGE','pilawi@gmx.fr','2021-09-22 00:00:00','2021-09-12 15:10:51','FR','69420','CONDRIEU',''),(13,382,'jean baptiste.gabriele','JEAN BAPTISTE','GABRIELE','jeanbaptiste.gabriele@neuf.fr','2021-09-20 16:08:03','2021-09-20 16:08:02','FR','47000','Agen',''),(14,383,'sonia.tisserand','SONIA','TISSERAND','phiso76@gmail.com','2022-02-15 09:36:06','2021-10-20 14:20:59','FR','88700','RAMBERVILLERS',''),(15,385,'dominique.mellin','Dominique','MELLIN','dmellin@wanadoo.fr','2021-12-09 18:38:33','2021-12-09 18:38:33','FR','84800','L’ISLE SUR LA SORGUE',''),(16,386,'lucille.ducret','Lucille','Ducret','lucilleducret.3@gmail.com','2021-12-12 00:00:00','2021-12-10 20:04:19','FR','20000','Ajaccio',''),(17,115,'ISM2D','Christian','AUDIBERT','info@ism2d.com','2022-03-18 06:43:12','2021-02-20 06:21:56','FR','13300','Salon',''),(18,387,'sebquen','sebquen','trauth','sebquen@hotmail.fr','2022-01-04 12:38:30','2022-01-04 12:08:19','FR','54320','Maxéville',''),(19,388,'vivian.lucchesi','Vivian','Lucchesi','vivian.lucchesi@gmail.com','2022-01-12 13:59:57','2022-01-12 13:31:28','FR','13990','Fontvieille',''),(20,390,'melanie.rouille','Mélanie','ROUILLE','melanie.branche@orange.fr','2022-01-27 20:05:34','2022-01-27 20:05:33','FR','01260','VALROMEY SUR SERAN',''),(21,391,'fabian.garin','Fabian','Garin','fabiangarin62@gmail.com','2022-03-29 00:00:00','2022-03-17 08:17:27','FR','62790','leforest',''),(22,392,'romain.joseph francois','Romain','JOSEPH FRANCOIS','cat4eme@hotmail.fr','2022-04-07 20:37:25','2022-04-07 20:37:24','MQ','97200','Fort de France',''),(23,393,'andre.lassaube','andre','lassaube','lassaube.andre@gmail.com','2022-05-27 01:50:50','2022-05-27 01:50:49','FR','64300','maslacq',''),(24,394,'dominique.dewez','DOMINIQUE','DEWEZ','Dodo.d@gmx.com','2022-05-28 12:15:58','2022-05-28 12:15:57','FR','59187','DECHY',''),(25,395,'rose-marie.bazin','ROSE-MARIE','BAZIN','rose-marie.bazin@wanadoo.fr','2022-06-12 08:19:07','2022-06-12 08:19:06','FR','40240','SAINT JUSTIN',''),(26,397,'amandine.simon','Amandine','Simon','amandine.simon2020@gmail.com','2022-06-24 11:34:35','2022-06-24 11:34:34','FR','22170','Plouvara',''),(27,398,'francinedrieu','francinedrieu','Drieu','francinedrieu@hotmail.com','2022-08-04 13:06:24','2022-08-04 12:59:37','FR','06130','06130 - GRASSE',''),(28,399,'nicole.stephane','nicole.stephane','Nicole','nicole.stephane@protonmail.ch','2023-08-07 00:00:00','2022-08-07 10:22:35','CH','1290','genève',''),(29,400,'martine.cretenoud','Martine','CRETENOUD','mcoeur7@gmail.com','2022-08-13 00:00:00','2022-08-09 15:52:44','FR','24580','PLAZAC',''),(30,402,'elsa.vidal15','elsa.vidal15','Vidal','elsa.vidal15@hotmail.fr','2022-10-01 00:00:00','2022-10-01 19:03:20','MF','97150','Saint Martin','Saint Martin'),(31,403,'garino.jeanmichel','garino.jeanmichel','','garino.jeanmichel@bbox.fr','2022-10-15 00:00:00','2022-10-05 08:08:28','','','',''),(32,404,'anthony.rohr','Anthony','Rohr','anthonyjosephrohr@gmail.com','2022-11-01 00:00:00','2022-10-26 17:58:10','FR','57620','Goetzenbruck',''),(33,406,'luigi.assoumaya','Luigi','Assoumaya','provencalpsyckotyk@wanadoo.fr','2022-11-23 20:41:45','2022-11-23 20:41:44','FR','77100','NANTEUIL LES MEAUX',''),(34,409,'fernande.meyer','Fernande','MEYER','meyerfer46@gmail.com','2022-12-12 10:25:22','2022-11-30 15:09:46','FR','68000','colmar',''),(35,414,'christian.boillod','christian','boillod','bimbo57230@gmail.com','2022-12-06 12:51:58','2022-12-06 12:51:57','FR','57230','baerenthal',''),(36,430,'christian.lachapelle','Christian','Lachapelle','xtian777@yahoo.com','2022-12-30 01:46:17','2022-12-30 01:46:16','CA','J0C 1G0','SAINT-CELESTIN','QC'),(37,433,'philippe.texier','Philippe','Texier','phil.cdc@orange.fr','2023-04-08 00:00:00','2023-01-02 08:54:35','FR','35580','st senoux',''),(38,434,'daniel.favre','daniel.favre','FAVRE','daniel.favre@me.com','2023-02-24 00:00:00','2023-01-05 11:20:06','FR','74920','COMBLOUX',''),(39,442,'brigitte.galeraud','Brigitte','GALERAUD','brigittegaleraud@orange.fr','2023-01-31 09:23:16','2023-01-31 09:23:15','FR','32410','LARROQUE ST SERNIN',''),(40,453,'jeanine.gosse','Jeanine','Gosse','jeanine.gosse@nordnet.fr','2023-03-10 00:00:00','2023-03-06 13:58:15','FR','24410','SERVANCHES',''),(41,455,'xuan.vo','Xuan','VO','xuan.vo@orangge.fr','2023-03-11 10:58:45','2023-03-11 10:58:44','FR','23500','Felletin',''),(42,457,'carinespegt','carinespegt','Spegt','carinespegt@gmail.com','2024-03-03 00:00:00','2023-03-15 13:58:48','FR','67840','KILSTETT',''),(43,461,'marianne.scheben','Marianne','Scheben','sinfonie9@yahoo.de','2023-03-22 15:02:36','2023-03-22 15:02:35','FR','57230','Baerenthal',''),(44,464,'dimitar.neshev','Dimitar','Neshev','ka_dim34@yahoo.fr','2023-03-26 12:51:38','2023-03-26 12:51:38','FR','34070','Montpellier',''),(45,488,'gabriel.jordan','Gabriel','Jordan','gabriel.jordan1964@gmail.com','2023-04-04 21:00:38','2023-04-04 21:00:37','FR','67120','Molsheim',''),(46,489,'patrick.ranalter','patrick.ranalter','RANALTER','patrick.ranalter@hotmail.fr','2023-04-05 15:31:30','2023-04-05 12:06:02','FR','57230','baerenthal',''),(47,491,'jean-luc.goralsky','jean-luc','goralsky','jlgoralsky001@cegetel.rss.fr','2023-08-31 09:04:36','2023-04-18 07:59:37','FR','67610','la Wantzenau',''),(48,493,'marine.siron','Marine','Siron','thalasso.siron@gmail.com','2023-04-27 00:00:00','2023-04-26 20:08:37','FR','50530','Dragey-Ronthon',''),(49,505,'joel','joel','FERRY','joel@desenfumage.com','2023-05-22 00:00:00','2023-05-15 08:41:11','FR','54000','Nancy',''),(50,538,'rl57000','rl57000','','rl57000@aol.com','2023-06-02 00:00:00','2023-06-02 17:39:37','','','',''),(51,542,'jean yves.thouvenin','JEAN YVES','THOUVENIN','ythouven@sfr.fr','2024-03-01 08:00:14','2023-06-05 08:07:44','FR','88140','CONTREXEVILLE',''),(52,543,'sylvie.miart','sylvie','miart','s.miart@yahoo.com','2023-06-06 13:39:26','2023-06-06 09:59:41','FR','60740','saint-maximin',''),(53,546,'marchands31tlse','marchands31tlse','MATAGNE','marchands31tlse@gmail.com','2023-06-07 08:17:30','2023-06-07 08:05:00','FR','31500','Toulouse',''),(54,550,'gilles.boissiere','gilles','Boissière','giso@wanadoo.fr','2023-06-11 17:40:27','2023-06-11 17:40:27','FR','76200','DIEPPE',''),(55,555,'bruno.guyot','Bruno','Guyot','bruno.guyot@gmail.com','2023-06-21 14:49:52','2023-06-21 06:19:25','FR','74500','FETERNES',''),(56,558,'coet.marianne','coet.marianne','debladis','coet.marianne@gmail.com','2023-06-29 00:00:00','2023-06-22 11:33:28','FR','78000','VERSAILLES',''),(57,559,'mat.pauly-bertrand7','MTHERESE','BERTRAND','mat.pauly-bertrand7@orange.fr','2023-06-24 00:00:00','2023-06-23 12:11:49','','','',''),(58,565,'michel.lecron','michel.lecron','','michel.lecron@gmail.com','2023-07-07 00:00:00','2023-07-07 12:49:47','','','',''),(59,566,'eric.terrasse','eric.terrasse','Terrasse','eric.terrasse@zeptonmail.com','2023-07-18 00:00:00','2023-07-08 11:44:23','CH','1304','Cossonay','VD'),(60,571,'amelie.longue','Amelie','Longué','longue.amely@gmail.com','2023-07-24 00:00:00','2023-07-23 19:38:37','FR','74200','Thonon les bains',''),(61,574,'bernard.desard','BERNARD','DESARD','bernard.desard@free.fr','2023-07-25 16:39:36','2023-07-25 16:39:35','FR','68230','KATZENTHAL',''),(62,577,'laura.leone','Laura','Leone','morasse-manivelles-0h@icloud.com','2023-07-30 13:01:24','2023-07-30 13:01:23','FR','74140','Sciez',''),(63,580,'agnes.reiss','Agnès','REISS','agnes.reiss@yahoo.com','2023-08-06 14:50:27','2023-08-06 14:50:26','FR','57620','Goetzenbruck',''),(64,588,'josiane.paillet','Josiane','Paillet','trinity74200@gmail.com','2023-09-01 19:32:42','2023-09-01 19:32:41','FR','74200','Thonon',''),(65,599,'patrick.barratchine','patrick.barratchine','','patrick.barratchine@gmail.com','2023-09-14 00:00:00','2023-09-14 15:20:21','','','',''),(66,602,'genevieve.leick','Geneviève','Leick','genevieve.leick@education.lu','2023-10-02 00:00:00','2023-09-21 14:20:43','LU','2335','Luxembourg',''),(67,606,'dominique.bernard','Dominique','BERNARD','contact@dominiquebernard.com','2023-09-26 14:04:43','2023-09-26 14:04:40','FR','88000','EPINAL',''),(68,607,'christian.boursiez','Christian','BOURSIEZ','Christian.boursiez@gmail.com','2023-09-28 00:00:00','2023-09-27 12:25:16','FR','40160','Parentis en Born',''),(69,617,'thierry.klein','Thierry','KLEIN','klthierry@yahoo.fr','2023-10-10 18:17:58','2023-10-10 18:17:57','FR','57620','GOETZENBRUCK',''),(70,628,'fabien.chevreul','Fabien','CHEVREUL','laurenfabio@free.fr','2023-11-03 02:23:27','2023-11-03 02:23:26','FR','78480','Verneuil sur seine',''),(71,716,'amalia.millich','Amalia','Millich','liamillich@orange.fr','2024-03-19 13:17:24','2024-03-19 13:17:21','FR','67610','----La Wantzenau',''),(72,735,'ursula.philipp','ursula','philipp','philipp.jeanmarie@gmail.com','2024-04-26 00:00:00','2024-04-22 15:25:46','FR','57230','BITCHE','');

--
-- Table structure for table `wmp18_wc_download_log`
--

CREATE TABLE `wmp18_wc_download_log` (
  `download_log_id` bigint unsigned NOT NULL AUTO_INCREMENT,
  `timestamp` datetime NOT NULL,
  `permission_id` bigint unsigned NOT NULL,
  `user_id` bigint unsigned DEFAULT NULL,
  `user_ip_address` varchar(100) COLLATE utf8mb4_unicode_520_ci DEFAULT '',
  PRIMARY KEY (`download_log_id`),
  KEY `permission_id` (`permission_id`),
  KEY `timestamp` (`timestamp`)
) ENGINE=InnoDB AUTO_INCREMENT=191 DEFAULT CHARSET=utf8mb4 COLLATE=utf8mb4_unicode_520_ci;

--
-- Dumping data for table `wmp18_wc_download_log`
--

INSERT INTO `wmp18_wc_download_log` VALUES (1,'2018-02-19 10:02:53',19,11,'110.54.158.127'),(2,'2018-02-20 07:59:05',21,7,'110.54.159.36'),(3,'2018-02-21 04:21:21',24,7,'110.54.159.94'),(4,'2018-02-21 04:22:07',23,7,'110.54.159.94'),(5,'2018-02-21 04:22:31',23,7,'110.54.159.94'),(6,'2018-02-21 04:25:10',25,7,'110.54.159.94'),(7,'2018-02-21 04:25:30',26,7,'110.54.159.94'),(8,'2018-02-21 04:25:42',26,7,'110.54.159.94'),(9,'2018-02-21 04:26:02',26,7,'110.54.159.94'),(10,'2018-02-21 04:28:53',27,7,'110.54.159.94'),(11,'2018-02-21 04:29:10',28,7,'110.54.159.94'),(12,'2018-02-21 04:36:43',29,NULL,'110.54.159.94'),(13,'2018-02-21 04:38:40',30,NULL,'110.54.159.94'),(14,'2018-02-21 04:59:04',39,NULL,'110.54.159.94'),(15,'2018-02-21 05:00:12',40,NULL,'110.54.159.94'),(16,'2018-02-21 05:09:19',42,NULL,'110.54.159.94'),(17,'2018-02-21 05:10:35',42,NULL,'110.54.159.94'),(18,'2018-02-21 05:10:54',42,NULL,'110.54.159.94'),(19,'2018-02-21 05:11:13',42,NULL,'110.54.159.94'),(20,'2018-02-21 05:12:26',37,NULL,'110.54.159.94'),(21,'2018-02-21 05:12:47',38,NULL,'110.54.159.94'),(22,'2018-02-21 07:22:03',43,NULL,'110.54.158.127'),(23,'2018-02-21 07:22:18',44,NULL,'110.54.158.127'),(24,'2018-02-22 13:42:21',45,22,'49.145.101.165'),(25,'2018-02-22 13:42:27',46,22,'49.145.101.165'),(26,'2018-03-14 07:31:51',59,32,'110.54.191.251'),(27,'2018-03-14 07:32:19',60,32,'110.54.191.251'),(28,'2018-05-09 06:27:54',7,7,'110.54.248.197'),(29,'2018-05-09 06:38:48',8,NULL,'110.54.248.197'),(30,'2018-05-09 07:44:30',9,7,'110.54.248.197'),(31,'2018-05-09 07:47:12',9,NULL,'110.54.248.197'),(32,'2018-05-09 07:53:08',10,64,'110.54.248.197'),(33,'2018-05-09 08:10:38',11,64,'110.54.248.197'),(34,'2018-05-10 02:50:05',12,NULL,'110.54.251.198'),(35,'2018-05-10 02:50:28',13,NULL,'110.54.251.198'),(36,'2018-05-10 02:50:42',14,NULL,'110.54.251.198'),(37,'2018-05-10 04:46:57',15,NULL,'110.54.251.198'),(38,'2018-05-10 04:47:38',16,NULL,'110.54.251.198'),(39,'2018-05-10 04:48:12',17,NULL,'110.54.251.198'),(40,'2018-05-10 06:57:58',19,65,'110.54.251.198'),(41,'2018-05-10 06:58:10',20,65,'110.54.251.198'),(42,'2018-05-10 06:58:34',21,65,'110.54.251.198'),(43,'2018-05-10 08:02:09',22,65,'110.54.251.198'),(44,'2018-05-10 08:02:19',23,65,'110.54.251.198'),(45,'2018-05-10 08:02:35',24,65,'110.54.251.198'),(46,'2018-06-18 05:49:36',34,11,'110.54.232.220'),(47,'2018-06-27 07:29:59',36,93,'31.37.229.37'),(48,'2018-07-06 15:15:20',35,93,'31.37.229.37'),(49,'2019-07-14 06:07:12',47,99,'185.97.137.199'),(50,'2019-08-02 07:01:38',48,100,'90.103.180.237'),(51,'2019-08-02 07:02:07',48,100,'90.103.180.237'),(52,'2019-10-31 19:20:50',53,105,'91.160.66.194'),(53,'2019-11-11 13:36:13',57,11,'49.145.103.157'),(54,'2019-11-11 13:36:28',56,11,'49.145.103.157'),(55,'2019-11-12 10:07:18',54,106,'90.57.135.158'),(56,'2019-11-12 10:08:00',55,106,'90.57.135.158'),(57,'2019-11-12 10:08:31',56,106,'90.57.135.158'),(58,'2019-11-12 10:09:21',57,106,'90.57.135.158'),(59,'2020-06-12 11:22:08',60,NULL,'85.95.210.220'),(60,'2020-06-12 11:22:44',61,NULL,'85.95.210.220'),(61,'2020-06-12 11:23:02',62,NULL,'85.95.210.220'),(62,'2020-06-12 11:23:17',63,NULL,'85.95.210.220'),(63,'2021-01-31 15:55:38',64,114,'77.205.47.238'),(64,'2021-03-26 08:33:09',65,229,'86.201.5.214'),(65,'2021-03-26 09:04:49',65,229,'86.201.5.214'),(66,'2021-03-26 09:04:57',65,229,'86.201.5.214'),(67,'2021-05-04 08:28:47',67,292,'89.234.141.13'),(68,'2021-05-04 08:29:02',68,292,'89.234.141.13'),(69,'2021-08-13 10:13:11',71,380,'86.225.14.42'),(70,'2021-08-13 10:13:31',72,380,'86.225.14.42'),(71,'2021-08-13 10:13:39',73,380,'86.225.14.42'),(72,'2021-09-12 15:11:47',74,381,'91.170.86.134'),(73,'2021-09-12 15:12:05',75,381,'91.170.86.134'),(74,'2021-09-12 15:12:17',76,381,'91.170.86.134'),(75,'2021-09-30 08:05:03',71,380,'86.225.207.27'),(76,'2021-09-30 08:06:17',71,380,'86.225.207.27'),(77,'2021-09-30 08:07:15',71,380,'86.225.207.27'),(78,'2021-10-24 13:52:26',71,380,'86.225.207.27'),(79,'2021-10-24 13:52:48',72,380,'86.225.207.27'),(80,'2021-10-24 13:53:08',73,380,'86.225.207.27'),(81,'2021-10-24 13:59:28',73,380,'86.225.207.27'),(82,'2021-10-24 13:59:42',72,380,'86.225.207.27'),(83,'2021-10-24 13:59:56',71,380,'86.225.207.27'),(84,'2021-10-24 13:59:57',71,380,'86.225.207.27'),(85,'2021-12-09 18:39:45',78,385,'193.248.228.124'),(86,'2021-12-10 20:45:43',84,386,'90.8.81.222'),(87,'2021-12-10 20:48:53',81,386,'90.8.81.222'),(88,'2021-12-10 20:52:46',86,386,'90.8.81.222'),(89,'2021-12-10 20:52:55',86,NULL,'193.51.224.134'),(90,'2021-12-10 20:53:21',87,386,'90.8.81.222'),(91,'2021-12-10 20:56:17',87,386,'90.8.81.222'),(92,'2021-12-10 20:58:55',79,386,'90.8.81.222'),(93,'2021-12-10 20:59:01',79,NULL,'77.95.65.69'),(94,'2021-12-10 21:00:41',80,386,'90.8.81.222'),(95,'2021-12-10 21:02:36',79,NULL,'193.51.224.132'),(96,'2021-12-10 21:29:24',78,NULL,'109.208.69.10'),(97,'2021-12-10 22:42:09',86,NULL,'193.51.224.135'),(98,'2021-12-12 19:48:00',79,386,'90.8.81.222'),(99,'2021-12-20 10:17:06',79,NULL,'90.8.94.211'),(100,'2021-12-20 10:17:13',79,NULL,'90.8.94.211'),(101,'2021-12-20 10:27:11',82,NULL,'90.8.94.211'),(102,'2021-12-20 10:30:44',85,NULL,'90.8.94.211'),(103,'2021-12-20 10:31:36',86,NULL,'90.8.94.211'),(104,'2021-12-20 10:32:06',87,NULL,'90.8.94.211'),(105,'2021-12-20 10:32:35',84,NULL,'90.8.94.211'),(106,'2021-12-20 10:35:20',83,NULL,'90.8.94.211'),(107,'2021-12-20 10:35:48',84,NULL,'90.8.94.211'),(108,'2021-12-20 10:39:13',84,NULL,'90.8.94.211'),(109,'2021-12-20 10:48:04',85,NULL,'90.8.94.211'),(110,'2021-12-20 10:48:43',85,NULL,'90.8.94.211'),(111,'2021-12-20 11:10:15',79,NULL,'90.8.94.211'),(112,'2021-12-20 11:10:24',87,NULL,'90.8.94.211'),(113,'2021-12-20 11:12:51',84,NULL,'90.8.94.211'),(114,'2021-12-20 11:28:05',86,NULL,'90.8.94.211'),(115,'2021-12-20 18:36:24',79,NULL,'90.8.94.211'),(116,'2021-12-20 18:37:02',79,NULL,'90.8.94.211'),(117,'2021-12-20 18:40:11',87,NULL,'90.8.94.211'),(118,'2021-12-20 18:42:49',79,NULL,'90.8.94.211'),(119,'2021-12-20 18:44:40',79,NULL,'90.8.94.211'),(120,'2022-01-04 12:43:05',88,387,'83.196.167.117'),(121,'2022-01-04 12:43:47',89,387,'83.196.167.117'),(122,'2022-01-04 12:43:59',90,387,'83.196.167.117'),(123,'2022-01-04 12:59:17',88,387,'83.196.167.117'),(124,'2022-01-04 12:59:29',89,387,'83.196.167.117'),(125,'2022-01-04 12:59:44',90,387,'83.196.167.117'),(126,'2022-03-17 08:17:49',96,391,'88.127.147.198'),(127,'2022-03-22 10:40:52',95,NULL,'77.153.27.29'),(128,'2022-05-27 01:51:20',98,393,'83.193.42.13'),(129,'2022-05-27 01:51:33',98,393,'83.193.42.13'),(130,'2022-05-28 12:18:14',99,394,'176.179.154.204'),(131,'2022-05-28 12:18:56',99,394,'176.179.154.204'),(132,'2022-08-04 13:13:03',100,398,'37.166.199.146'),(133,'2022-08-04 13:13:07',100,398,'37.166.199.146'),(134,'2022-08-04 13:13:14',100,398,'37.166.199.146'),(135,'2022-08-13 10:36:20',101,400,'78.115.32.154'),(136,'2022-08-13 10:36:49',102,400,'78.115.32.154'),(137,'2022-08-13 10:36:57',103,400,'78.115.32.154'),(138,'2022-08-13 10:37:02',104,400,'78.115.32.154'),(139,'2022-08-21 14:41:09',105,399,'178.194.109.157'),(140,'2022-08-21 14:41:44',106,399,'178.194.109.157'),(141,'2022-08-21 14:41:48',107,399,'178.194.109.157'),(142,'2022-11-23 20:42:11',110,406,'83.114.115.221'),(143,'2022-11-23 20:44:03',109,406,'83.114.115.221'),(144,'2022-11-23 20:44:08',111,406,'83.114.115.221'),(145,'2022-12-06 12:53:06',112,414,'147.78.41.11'),(146,'2022-12-30 01:47:20',114,430,'104.151.134.213'),(147,'2023-01-06 15:45:41',115,NULL,'83.205.2.118'),(148,'2023-01-06 15:46:20',116,NULL,'83.205.2.118'),(149,'2023-01-06 15:46:26',117,NULL,'83.205.2.118'),(150,'2023-01-09 17:00:14',114,NULL,'104.151.134.213'),(151,'2023-01-31 18:06:19',118,442,'86.249.139.200'),(152,'2023-03-11 11:00:01',121,455,'160.238.38.245'),(153,'2023-03-11 11:00:24',120,455,'160.238.38.245'),(154,'2023-03-15 14:02:00',122,457,'81.220.127.59'),(155,'2023-03-22 15:03:00',123,461,'147.78.41.10'),(156,'2023-03-28 08:33:53',123,NULL,'147.78.41.13'),(157,'2023-03-28 08:37:35',123,NULL,'147.78.41.13'),(158,'2023-04-29 16:03:11',71,380,'90.109.125.34'),(159,'2023-04-29 16:03:21',72,380,'90.109.125.34'),(160,'2023-04-29 16:03:35',73,380,'90.109.125.34'),(161,'2023-05-15 08:51:43',126,NULL,'83.194.131.110'),(162,'2023-05-15 10:05:47',127,505,'83.194.131.110'),(163,'2023-05-15 15:36:35',127,NULL,'83.194.131.110'),(164,'2023-05-15 15:44:27',127,505,'83.194.131.110'),(165,'2023-05-22 14:52:33',126,505,'83.194.131.110'),(166,'2023-06-07 05:10:30',129,NULL,'88.178.56.97'),(167,'2023-06-07 11:28:34',129,NULL,'88.178.56.97'),(168,'2023-06-10 15:39:30',130,NULL,'77.141.125.49'),(169,'2023-06-29 12:21:53',131,NULL,'45.154.138.233'),(170,'2023-06-29 12:22:49',131,NULL,'45.154.138.193'),(171,'2023-06-29 12:23:57',131,NULL,'45.154.138.189'),(172,'2023-06-29 12:27:17',131,NULL,'45.154.138.232'),(173,'2023-06-29 12:28:21',131,NULL,'45.154.138.190'),(174,'2023-06-29 12:28:35',131,NULL,'45.154.138.208'),(175,'2023-07-10 11:08:16',133,566,'185.159.157.17'),(176,'2023-07-10 11:08:27',134,566,'185.159.157.17'),(177,'2023-07-10 11:08:43',135,566,'185.159.157.17'),(178,'2023-07-25 16:40:35',138,574,'91.170.105.29'),(179,'2023-07-25 16:40:42',139,574,'91.170.105.29'),(180,'2023-07-25 16:41:03',140,574,'91.170.105.29'),(181,'2023-07-30 13:02:12',141,577,'81.220.110.202'),(182,'2023-07-30 13:02:36',141,577,'81.220.110.202'),(183,'2023-07-30 13:03:03',141,577,'81.220.110.202'),(184,'2023-07-30 13:03:27',141,577,'81.220.110.202'),(185,'2023-07-30 13:04:41',141,577,'81.220.110.202'),(186,'2023-07-30 17:46:46',142,399,'188.60.161.221'),(187,'2023-08-07 16:22:28',142,399,'188.60.161.221'),(188,'2023-11-03 02:24:01',147,628,'91.168.199.197'),(189,'2023-11-03 02:24:13',148,628,'91.168.199.197'),(190,'2024-06-02 14:08:51',123,NULL,'147.78.41.16');

--
-- Table structure for table `wmp18_wc_order_addresses`
--

CREATE TABLE `wmp18_wc_order_addresses` (
  `id` bigint unsigned NOT NULL AUTO_INCREMENT,
  `order_id` bigint unsigned NOT NULL,
  `address_type` varchar(20) COLLATE utf8mb4_unicode_520_ci DEFAULT NULL,
  `first_name` text COLLATE utf8mb4_unicode_520_ci,
  `last_name` text COLLATE utf8mb4_unicode_520_ci,
  `company` text COLLATE utf8mb4_unicode_520_ci,
  `address_1` text COLLATE utf8mb4_unicode_520_ci,
  `address_2` text COLLATE utf8mb4_unicode_520_ci,
  `city` text COLLATE utf8mb4_unicode_520_ci,
  `state` text COLLATE utf8mb4_unicode_520_ci,
  `postcode` text COLLATE utf8mb4_unicode_520_ci,
  `country` text COLLATE utf8mb4_unicode_520_ci,
  `email` varchar(320) COLLATE utf8mb4_unicode_520_ci DEFAULT NULL,
  `phone` varchar(100) COLLATE utf8mb4_unicode_520_ci DEFAULT NULL,
  PRIMARY KEY (`id`),
  UNIQUE KEY `address_type_order_id` (`address_type`,`order_id`),
  KEY `order_id` (`order_id`),
  KEY `email` (`email`),
  KEY `phone` (`phone`)
) ENGINE=InnoDB DEFAULT CHARSET=utf8mb4 COLLATE=utf8mb4_unicode_520_ci;

--
-- Dumping data for table `wmp18_wc_order_addresses`
--


--
-- Table structure for table `wmp18_wc_order_coupon_lookup`
--

CREATE TABLE `wmp18_wc_order_coupon_lookup` (
  `order_id` bigint unsigned NOT NULL,
  `coupon_id` bigint NOT NULL,
  `date_created` datetime NOT NULL DEFAULT '0000-00-00 00:00:00',
  `discount_amount` double NOT NULL DEFAULT '0',
  PRIMARY KEY (`order_id`,`coupon_id`),
  KEY `coupon_id` (`coupon_id`),
  KEY `date_created` (`date_created`)
) ENGINE=InnoDB DEFAULT CHARSET=utf8mb4 COLLATE=utf8mb4_unicode_520_ci;

--
-- Dumping data for table `wmp18_wc_order_coupon_lookup`
--

INSERT INTO `wmp18_wc_order_coupon_lookup` VALUES (2988,1071,'2023-02-21 10:54:20',2.9);

--
-- Table structure for table `wmp18_wc_order_operational_data`
--

CREATE TABLE `wmp18_wc_order_operational_data` (
  `id` bigint unsigned NOT NULL AUTO_INCREMENT,
  `order_id` bigint unsigned DEFAULT NULL,
  `created_via` varchar(100) COLLATE utf8mb4_unicode_520_ci DEFAULT NULL,
  `woocommerce_version` varchar(20) COLLATE utf8mb4_unicode_520_ci DEFAULT NULL,
  `prices_include_tax` tinyint(1) DEFAULT NULL,
  `coupon_usages_are_counted` tinyint(1) DEFAULT NULL,
  `download_permission_granted` tinyint(1) DEFAULT NULL,
  `cart_hash` varchar(100) COLLATE utf8mb4_unicode_520_ci DEFAULT NULL,
  `new_order_email_sent` tinyint(1) DEFAULT NULL,
  `order_key` varchar(100) COLLATE utf8mb4_unicode_520_ci DEFAULT NULL,
  `order_stock_reduced` tinyint(1) DEFAULT NULL,
  `date_paid_gmt` datetime DEFAULT NULL,
  `date_completed_gmt` datetime DEFAULT NULL,
  `shipping_tax_amount` decimal(26,8) DEFAULT NULL,
  `shipping_total_amount` decimal(26,8) DEFAULT NULL,
  `discount_tax_amount` decimal(26,8) DEFAULT NULL,
  `discount_total_amount` decimal(26,8) DEFAULT NULL,
  `recorded_sales` tinyint(1) DEFAULT NULL,
  PRIMARY KEY (`id`),
  UNIQUE KEY `order_id` (`order_id`),
  KEY `order_key` (`order_key`)
) ENGINE=InnoDB DEFAULT CHARSET=utf8mb4 COLLATE=utf8mb4_unicode_520_ci;

--
-- Dumping data for table `wmp18_wc_order_operational_data`
--


--
-- Table structure for table `wmp18_wc_order_product_lookup`
--

CREATE TABLE `wmp18_wc_order_product_lookup` (
  `order_item_id` bigint unsigned NOT NULL,
  `order_id` bigint unsigned NOT NULL,
  `product_id` bigint unsigned NOT NULL,
  `variation_id` bigint unsigned NOT NULL,
  `customer_id` bigint unsigned DEFAULT NULL,
  `date_created` datetime NOT NULL DEFAULT '0000-00-00 00:00:00',
  `product_qty` int NOT NULL,
  `product_net_revenue` double NOT NULL DEFAULT '0',
  `product_gross_revenue` double NOT NULL DEFAULT '0',
  `coupon_amount` double NOT NULL DEFAULT '0',
  `tax_amount` double NOT NULL DEFAULT '0',
  `shipping_amount` double NOT NULL DEFAULT '0',
  `shipping_tax_amount` double NOT NULL DEFAULT '0',
  PRIMARY KEY (`order_item_id`),
  KEY `order_id` (`order_id`),
  KEY `product_id` (`product_id`),
  KEY `customer_id` (`customer_id`),
  KEY `date_created` (`date_created`)
) ENGINE=InnoDB DEFAULT CHARSET=utf8mb4 COLLATE=utf8mb4_unicode_520_ci;

--
-- Dumping data for table `wmp18_wc_order_product_lookup`
--

INSERT INTO `wmp18_wc_order_product_lookup` VALUES (238,2521,2489,0,6,'2020-12-13 10:25:04',1,19.3,24.25,0,0,4.95,0),(240,2524,1173,0,7,'2021-01-31 16:54:14',1,215,222.25,0,0,7.25,0),(242,2801,1173,0,8,'2021-03-26 09:01:55',1,215,222.25,0,0,7.25,0),(244,2808,1173,0,9,'2021-04-19 12:51:51',1,215,222.25,0,0,7.25,0),(246,2810,2491,0,10,'2021-05-03 08:32:32',1,32,36.475,0,0,4.475,0),(247,2810,2492,0,10,'2021-05-03 08:32:32',1,47,51.475,0,0,4.475,0),(249,2836,2491,0,11,'2021-08-13 12:12:56',1,32,38.35,0,0,6.35,0),(251,2839,2491,0,12,'2021-09-12 17:10:52',1,32,38.35,0,0,6.35,0),(253,2841,2142,0,13,'2021-09-20 18:08:03',1,29,33.95,0,0,4.95,0),(255,2844,2655,0,14,'2021-10-20 16:21:00',1,225,229.95,0,0,4.95,0),(257,2846,2552,0,14,'2021-10-31 15:04:48',1,260,268.95,0,0,8.95,0),(259,2849,1173,0,15,'2021-12-09 19:38:33',1,215,222.25,0,0,7.25,0),(261,2854,1173,0,16,'2021-12-10 21:04:20',1,215,219.475,0,0,4.475,0),(262,2854,1069,0,16,'2021-12-10 21:04:20',1,78,82.475,0,0,4.475,0),(264,2855,2490,0,16,'2021-12-10 21:44:11',1,94,96.983333,0,0,2.983333,0),(265,2855,2491,0,16,'2021-12-10 21:44:11',1,32,34.983333,0,0,2.983333,0),(266,2855,2655,0,16,'2021-12-10 21:44:11',1,225,227.983333,0,0,2.983333,0),(268,2860,1066,0,17,'2022-01-04 08:39:57',1,18,24.35,0,0,6.35,0),(270,2863,2491,0,18,'2022-01-04 13:38:30',2,64,71.95,0,0,7.95,0),(272,2872,2655,0,19,'2022-01-12 14:31:30',1,225,242,0,0,17,0),(274,2873,2655,0,19,'2022-01-12 14:59:57',1,225,229.95,0,0,4.95,0),(276,2875,2491,0,20,'2022-01-27 21:05:34',1,32,38.35,0,0,6.35,0),(278,2877,2492,0,14,'2022-02-15 10:36:06',1,47,54.25,0,0,7.25,0),(280,2880,1173,0,21,'2022-03-17 09:17:28',1,215,222.25,0,0,7.25,0),(282,2883,1066,0,17,'2022-03-18 07:40:24',2,36,43.95,0,0,7.95,0),(285,2884,852,0,17,'2022-03-18 07:43:12',1,12,12,0,0,0,0),(286,2885,1173,0,22,'2022-04-07 22:37:25',1,215,229.6,0,0,14.6,0),(288,2890,2655,0,23,'2022-05-27 03:50:50',1,225,229.95,0,0,4.95,0),(290,2891,1173,0,24,'2022-05-28 14:15:58',1,215,222.25,0,0,7.25,0),(292,2893,2142,0,25,'2022-06-12 10:19:07',1,29,33.95,0,0,4.95,0),(294,2895,2142,0,26,'2022-06-24 13:34:35',1,29,33.95,0,0,4.95,0),(298,2897,1173,0,27,'2022-08-04 15:06:24',1,215,222.25,0,0,7.25,0),(300,2899,2491,0,29,'2022-08-09 17:52:45',1,32,36.475,0,0,4.475,0),(301,2899,2492,0,29,'2022-08-09 17:52:45',1,47,51.475,0,0,4.475,0),(303,2901,2552,0,28,'2022-08-13 11:14:38',1,260,268.775,0,0,8.775,0),(304,2901,2491,0,28,'2022-08-13 11:14:38',1,32,40.775,0,0,8.775,0),(306,2924,1173,0,32,'2022-10-26 19:58:11',1,140,147.25,0,0,7.25,0),(308,2929,2491,0,33,'2022-11-23 21:41:45',1,32,38.35,0,0,6.35,0),(310,2931,2552,0,34,'2022-11-30 16:09:47',1,260,268.95,0,0,8.95,0),(312,2932,2655,0,35,'2022-12-06 13:51:58',1,225,229.95,0,0,4.95,0),(314,2934,1173,0,34,'2022-12-12 11:25:22',1,140,147.25,0,0,7.25,0),(316,2936,2492,0,36,'2022-12-30 02:46:17',2,94,132,0,0,38,0),(318,2939,2490,0,37,'2023-01-02 09:54:36',1,94,101.95,0,0,7.95,0),(320,2980,1173,0,39,'2023-01-31 10:23:16',1,140,147.25,0,0,7.25,0),(322,2988,2142,0,38,'2023-02-21 10:54:20',1,26.1,31.05,2.9,0,4.95,0),(325,2990,1173,0,40,'2023-03-06 14:58:16',1,140,147.25,0,0,7.25,0),(327,2991,2492,0,41,'2023-03-11 11:58:45',1,47,50.625,0,0,3.625,0),(328,2991,852,0,41,'2023-03-11 11:58:45',1,12,15.625,0,0,3.625,0),(330,2995,2655,0,42,'2023-03-15 15:01:44',1,225,229.95,0,0,4.95,0),(332,2996,2655,0,43,'2023-03-22 16:02:36',1,225,229.95,0,0,4.95,0),(334,2999,2142,0,44,'2023-03-26 14:51:38',1,29,33.95,0,0,4.95,0),(346,3000,2655,0,45,'2023-04-04 23:00:38',1,225,229.95,0,0,4.95,0),(348,3003,2655,0,46,'2023-04-05 17:31:30',1,225,229.95,0,0,4.95,0),(350,3004,2655,0,47,'2023-04-18 09:59:39',1,225,229.95,0,0,4.95,0),(352,3007,1173,0,48,'2023-04-26 22:08:38',1,140,147.25,0,0,7.25,0),(357,3011,2604,0,49,'2023-05-15 10:44:11',1,295,305.025,0,0,10.025,0),(358,3011,2552,0,49,'2023-05-15 10:44:11',1,260,270.025,0,0,10.025,0),(360,3012,1173,0,49,'2023-05-15 12:05:07',1,140,147.25,0,0,7.25,0),(362,3019,1173,0,51,'2023-06-05 10:07:44',1,140,147.25,0,0,7.25,0),(368,3020,2616,0,52,'2023-06-06 11:59:42',1,290,298.95,0,0,8.95,0),(370,3021,2616,0,52,'2023-06-06 12:32:32',1,290,298.95,0,0,8.95,0),(372,3024,2616,0,52,'2023-06-06 15:39:26',1,290,298.95,0,0,8.95,0),(374,3025,2492,0,53,'2023-06-07 10:17:30',1,47,54.25,0,0,7.25,0),(376,3026,2616,0,54,'2023-06-11 19:40:27',1,290,298.95,0,0,8.95,0),(378,3027,2655,0,55,'2023-06-21 08:19:26',1,225,227.475,0,0,2.475,0),(379,3027,2142,0,55,'2023-06-21 08:19:26',1,29,31.475,0,0,2.475,0),(381,3030,2552,0,55,'2023-06-21 16:49:52',1,260,268.95,0,0,8.95,0),(383,3031,2142,0,56,'2023-06-22 14:09:51',1,29,33.95,0,0,4.95,0),(385,3033,2490,0,59,'2023-07-10 13:07:53',1,94,109.5,0,0,15.5,0),(387,3034,2655,0,47,'2023-07-13 10:05:03',1,225,229.95,0,0,4.95,0),(389,3035,2655,0,60,'2023-07-23 21:38:38',1,225,229.95,0,0,4.95,0),(391,3038,2490,0,61,'2023-07-25 18:39:36',1,94,101.95,0,0,7.95,0),(393,3039,2655,0,62,'2023-07-30 15:01:24',1,225,229.95,0,0,4.95,0),(395,3040,1173,0,28,'2023-07-30 19:46:27',1,140,155.5,0,0,15.5,0),(397,3041,2655,0,63,'2023-08-06 16:50:27',1,225,229.95,0,0,4.95,0),(399,3045,2655,0,47,'2023-08-31 11:04:36',1,225,229.95,0,0,4.95,0),(401,3048,2655,0,64,'2023-09-01 21:32:42',1,225,229.95,0,0,4.95,0),(403,3051,2492,0,66,'2023-09-21 16:20:44',1,47,55.775,0,0,8.775,0),(404,3051,2552,0,66,'2023-09-21 16:20:44',1,260,268.775,0,0,8.775,0),(406,3054,2142,0,67,'2023-09-26 16:04:43',1,29,33.95,0,0,4.95,0),(408,3055,2552,0,68,'2023-09-27 14:25:17',1,260,268.95,0,0,8.95,0),(410,3056,2142,0,69,'2023-10-10 20:17:58',1,29,33.95,0,0,4.95,0),(412,3067,2489,0,70,'2023-11-03 03:23:27',1,19,23.95,0,0,4.95,0),(414,3075,2552,0,51,'2024-03-01 09:00:14',1,260,268.95,0,0,8.95,0),(416,3076,2655,0,71,'2024-03-19 14:17:24',1,225,229.95,0,0,4.95,0),(420,3077,2655,0,72,'2024-04-22 17:25:50',1,225,229.95,0,0,4.95,0);

--
-- Table structure for table `wmp18_wc_order_stats`
--

CREATE TABLE `wmp18_wc_order_stats` (
  `order_id` bigint unsigned NOT NULL,
  `parent_id` bigint unsigned NOT NULL DEFAULT '0',
  `date_created` datetime NOT NULL DEFAULT '0000-00-00 00:00:00',
  `date_created_gmt` datetime NOT NULL DEFAULT '0000-00-00 00:00:00',
  `num_items_sold` int NOT NULL DEFAULT '0',
  `total_sales` double NOT NULL DEFAULT '0',
  `tax_total` double NOT NULL DEFAULT '0',
  `shipping_total` double NOT NULL DEFAULT '0',
  `net_total` double NOT NULL DEFAULT '0',
  `returning_customer` tinyint(1) DEFAULT NULL,
  `status` varchar(200) CHARACTER SET utf8mb4 COLLATE utf8mb4_unicode_520_ci NOT NULL,
  `customer_id` bigint unsigned NOT NULL,
  `date_paid` datetime DEFAULT '0000-00-00 00:00:00',
  `date_completed` datetime DEFAULT '0000-00-00 00:00:00',
  PRIMARY KEY (`order_id`),
  KEY `date_created` (`date_created`),
  KEY `customer_id` (`customer_id`),
  KEY `status` (`status`(191))
) ENGINE=InnoDB DEFAULT CHARSET=utf8mb4 COLLATE=utf8mb4_unicode_520_ci;

--
-- Dumping data for table `wmp18_wc_order_stats`
--

INSERT INTO `wmp18_wc_order_stats` VALUES (2521,0,'2020-12-13 10:25:04','2020-12-13 09:25:04',1,24.25,0,4.95,19.3,0,'wc-cancelled',6,'0000-00-00 00:00:00','0000-00-00 00:00:00'),(2524,0,'2021-01-31 16:54:14','2021-01-31 15:54:14',1,222.25,0,7.25,215,0,'wc-completed',7,'0000-00-00 00:00:00','0000-00-00 00:00:00'),(2801,0,'2021-03-26 09:01:55','2021-03-26 08:01:55',1,222.25,0,7.25,215,0,'wc-completed',8,'0000-00-00 00:00:00','0000-00-00 00:00:00'),(2808,0,'2021-04-19 12:51:51','2021-04-19 10:51:51',1,222.25,0,7.25,215,0,'wc-completed',9,'0000-00-00 00:00:00','0000-00-00 00:00:00'),(2810,0,'2021-05-03 08:32:32','2021-05-03 06:32:32',2,87.95,0,8.95,79,0,'wc-completed',10,'0000-00-00 00:00:00','0000-00-00 00:00:00'),(2836,0,'2021-08-13 12:12:56','2021-08-13 10:12:56',1,38.35,0,6.35,32,0,'wc-completed',11,'0000-00-00 00:00:00','0000-00-00 00:00:00'),(2839,0,'2021-09-12 17:10:52','2021-09-12 15:10:52',1,38.35,0,6.35,32,0,'wc-completed',12,'0000-00-00 00:00:00','0000-00-00 00:00:00'),(2841,0,'2021-09-20 18:08:03','2021-09-20 16:08:03',1,33.95,0,4.95,29,0,'wc-completed',13,'0000-00-00 00:00:00','0000-00-00 00:00:00'),(2844,0,'2021-10-20 16:21:00','2021-10-20 14:21:00',1,229.95,0,4.95,225,0,'wc-completed',14,'0000-00-00 00:00:00','0000-00-00 00:00:00'),(2846,0,'2021-10-31 15:04:48','2021-10-31 14:04:48',1,268.95,0,8.95,260,1,'wc-completed',14,'0000-00-00 00:00:00','0000-00-00 00:00:00'),(2849,0,'2021-12-09 19:38:33','2021-12-09 18:38:33',1,222.25,0,7.25,215,0,'wc-completed',15,'0000-00-00 00:00:00','0000-00-00 00:00:00'),(2854,0,'2021-12-10 21:04:20','2021-12-10 20:04:20',2,301.95,0,8.95,293,0,'wc-completed',16,'0000-00-00 00:00:00','0000-00-00 00:00:00'),(2855,0,'2021-12-10 21:44:11','2021-12-10 20:44:11',3,359.95,0,8.95,351,1,'wc-completed',16,'0000-00-00 00:00:00','0000-00-00 00:00:00'),(2860,0,'2022-01-04 08:39:57','2022-01-04 07:39:57',1,24.35,0,6.35,18,0,'wc-cancelled',17,'0000-00-00 00:00:00','0000-00-00 00:00:00'),(2863,0,'2022-01-04 13:38:30','2022-01-04 12:38:30',2,71.95,0,7.95,64,0,'wc-completed',18,'0000-00-00 00:00:00','0000-00-00 00:00:00'),(2872,0,'2022-01-12 14:31:30','2022-01-12 13:31:30',1,242,0,17,225,1,'wc-cancelled',19,'0000-00-00 00:00:00','0000-00-00 00:00:00'),(2873,0,'2022-01-12 14:59:57','2022-01-12 13:59:57',1,229.95,0,4.95,225,0,'wc-completed',19,'0000-00-00 00:00:00','0000-00-00 00:00:00'),(2875,0,'2022-01-27 21:05:34','2022-01-27 20:05:34',1,38.35,0,6.35,32,0,'wc-completed',20,'0000-00-00 00:00:00','0000-00-00 00:00:00'),(2877,0,'2022-02-15 10:36:06','2022-02-15 09:36:06',1,54.25,0,7.25,47,1,'wc-completed',14,'0000-00-00 00:00:00','0000-00-00 00:00:00'),(2880,0,'2022-03-17 09:17:28','2022-03-17 08:17:28',1,222.25,0,7.25,215,0,'wc-completed',21,'0000-00-00 00:00:00','0000-00-00 00:00:00'),(2883,0,'2022-03-18 07:40:24','2022-03-18 06:40:24',2,43.95,0,7.95,36,0,'wc-cancelled',17,'0000-00-00 00:00:00','0000-00-00 00:00:00'),(2884,0,'2022-03-18 07:43:12','2022-03-18 06:43:12',1,12,0,0,12,0,'wc-cancelled',17,'0000-00-00 00:00:00','0000-00-00 00:00:00'),(2885,0,'2022-04-07 22:37:25','2022-04-07 20:37:25',1,229.6,0,14.6,215,0,'wc-completed',22,'0000-00-00 00:00:00','0000-00-00 00:00:00'),(2890,0,'2022-05-27 03:50:50','2022-05-27 01:50:50',1,229.95,0,4.95,225,0,'wc-completed',23,'0000-00-00 00:00:00','0000-00-00 00:00:00'),(2891,0,'2022-05-28 14:15:58','2022-05-28 12:15:58',1,222.25,0,7.25,215,0,'wc-completed',24,'0000-00-00 00:00:00','0000-00-00 00:00:00'),(2893,0,'2022-06-12 10:19:07','2022-06-12 08:19:07',1,33.95,0,4.95,29,0,'wc-completed',25,'0000-00-00 00:00:00','0000-00-00 00:00:00'),(2895,0,'2022-06-24 13:34:35','2022-06-24 11:34:35',1,33.95,0,4.95,29,0,'wc-completed',26,'0000-00-00 00:00:00','0000-00-00 00:00:00'),(2897,0,'2022-08-04 15:06:24','2022-08-04 13:06:24',1,222.25,0,7.25,215,0,'wc-completed',27,'0000-00-00 00:00:00','0000-00-00 00:00:00'),(2899,0,'2022-08-09 17:52:45','2022-08-09 15:52:45',2,87.95,0,8.95,79,0,'wc-completed',29,'0000-00-00 00:00:00','0000-00-00 00:00:00'),(2901,0,'2022-08-13 11:14:38','2022-08-13 09:14:38',2,309.55,0,17.55,292,0,'wc-completed',28,'0000-00-00 00:00:00','0000-00-00 00:00:00'),(2924,0,'2022-10-26 19:58:11','2022-10-26 17:58:11',1,147.25,0,7.25,140,0,'wc-completed',32,'0000-00-00 00:00:00','0000-00-00 00:00:00'),(2929,0,'2022-11-23 21:41:45','2022-11-23 20:41:45',1,38.35,0,6.35,32,0,'wc-completed',33,'0000-00-00 00:00:00','0000-00-00 00:00:00'),(2931,0,'2022-11-30 16:09:47','2022-11-30 15:09:47',1,268.95,0,8.95,260,0,'wc-completed',34,'0000-00-00 00:00:00','0000-00-00 00:00:00'),(2932,0,'2022-12-06 13:51:58','2022-12-06 12:51:58',1,229.95,0,4.95,225,0,'wc-completed',35,'0000-00-00 00:00:00','0000-00-00 00:00:00'),(2934,0,'2022-12-12 11:25:22','2022-12-12 10:25:22',1,147.25,0,7.25,140,1,'wc-completed',34,'0000-00-00 00:00:00','0000-00-00 00:00:00'),(2936,0,'2022-12-30 02:46:17','2022-12-30 01:46:17',2,132,0,38,94,0,'wc-completed',36,'0000-00-00 00:00:00','0000-00-00 00:00:00'),(2939,0,'2023-01-02 09:54:36','2023-01-02 08:54:36',1,101.95,0,7.95,94,0,'wc-completed',37,'0000-00-00 00:00:00','0000-00-00 00:00:00'),(2980,0,'2023-01-31 10:23:16','2023-01-31 09:23:16',1,147.25,0,7.25,140,0,'wc-completed',39,'0000-00-00 00:00:00','0000-00-00 00:00:00'),(2988,0,'2023-02-21 10:54:20','2023-02-21 09:54:20',1,31.05,0,4.95,26.1,0,'wc-completed',38,'0000-00-00 00:00:00','0000-00-00 00:00:00'),(2990,0,'2023-03-06 14:58:16','2023-03-06 13:58:16',1,147.25,0,7.25,140,0,'wc-completed',40,'0000-00-00 00:00:00','0000-00-00 00:00:00'),(2991,0,'2023-03-11 11:58:45','2023-03-11 10:58:45',2,66.25,0,7.25,59,0,'wc-completed',41,'2023-03-11 11:58:50','2023-03-15 06:57:11'),(2995,0,'2023-03-15 15:01:44','2023-03-15 14:01:44',1,229.95,0,4.95,225,0,'wc-completed',42,'2023-03-15 15:01:48','2023-03-15 17:02:04'),(2996,0,'2023-03-22 16:02:36','2023-03-22 15:02:36',1,229.95,0,4.95,225,0,'wc-completed',43,'2023-03-22 16:02:41','2023-03-23 16:17:29'),(2999,0,'2023-03-26 14:51:38','2023-03-26 12:51:38',1,33.95,0,4.95,29,0,'wc-completed',44,'2023-03-26 14:51:45','2023-04-05 12:41:32'),(3000,0,'2023-04-04 23:00:38','2023-04-04 21:00:38',1,229.95,0,4.95,225,0,'wc-failed',45,NULL,NULL),(3003,0,'2023-04-05 17:31:30','2023-04-05 15:31:30',1,229.95,0,4.95,225,0,'wc-completed',46,'2023-04-05 17:31:35','2023-04-06 16:47:36'),(3004,0,'2023-04-18 09:59:39','2023-04-18 07:59:39',1,229.95,0,4.95,225,0,'wc-completed',47,'2023-04-18 09:59:43','2023-04-22 17:06:08'),(3007,0,'2023-04-26 22:08:38','2023-04-26 20:08:38',1,147.25,0,7.25,140,0,'wc-failed',48,NULL,NULL),(3011,0,'2023-05-15 10:44:11','2023-05-15 08:44:11',2,575.05,0,20.05,555,0,'wc-completed',49,'2023-05-15 10:49:10','2023-05-15 17:22:04'),(3012,0,'2023-05-15 12:05:07','2023-05-15 10:05:07',1,147.25,0,7.25,140,1,'wc-completed',49,'2023-05-15 12:05:11','2023-05-15 17:21:40'),(3019,0,'2023-06-05 10:07:44','2023-06-05 08:07:44',1,147.25,0,7.25,140,0,'wc-completed',51,'2023-06-05 10:08:38','2023-06-06 15:21:59'),(3020,0,'2023-06-06 11:59:42','2023-06-06 09:59:42',1,298.95,0,8.95,290,0,'wc-failed',52,NULL,NULL),(3021,0,'2023-06-06 12:32:32','2023-06-06 10:32:32',1,298.95,0,8.95,290,0,'wc-failed',52,NULL,NULL),(3024,0,'2023-06-06 15:39:26','2023-06-06 13:39:26',1,298.95,0,8.95,290,0,'wc-completed',52,'2023-06-06 15:40:06','2023-06-26 11:58:00'),(3025,0,'2023-06-07 10:17:30','2023-06-07 08:17:30',1,54.25,0,7.25,47,0,'wc-completed',53,'2023-06-07 10:17:34','2023-06-11 15:38:27'),(3026,0,'2023-06-11 19:40:27','2023-06-11 17:40:27',1,298.95,0,8.95,290,0,'wc-completed',54,'2023-06-11 19:41:31','2023-06-26 12:05:51'),(3027,0,'2023-06-21 08:19:26','2023-06-21 06:19:26',2,258.95,0,4.95,254,0,'wc-completed',55,'2023-06-21 08:20:23','2023-06-22 16:02:02'),(3030,0,'2023-06-21 16:49:52','2023-06-21 14:49:52',1,268.95,0,8.95,260,1,'wc-completed',55,'2023-06-21 16:51:17','2023-06-22 15:20:31'),(3031,0,'2023-06-22 14:09:51','2023-06-22 12:09:51',1,33.95,0,4.95,29,0,'wc-completed',56,'2023-06-22 14:09:55','2023-06-22 16:00:46'),(3033,0,'2023-07-10 13:07:53','2023-07-10 11:07:53',1,109.5,0,15.5,94,0,'wc-completed',59,'2023-07-10 13:07:57','2023-07-12 09:05:57'),(3034,0,'2023-07-13 10:05:03','2023-07-13 08:05:03',1,229.95,0,4.95,225,1,'wc-completed',47,'2023-07-13 10:05:06','2023-07-13 17:37:12'),(3035,0,'2023-07-23 21:38:38','2023-07-23 19:38:38',1,229.95,0,4.95,225,0,'wc-completed',60,'2023-07-23 21:38:42','2023-07-24 11:00:21'),(3038,0,'2023-07-25 18:39:36','2023-07-25 16:39:36',1,101.95,0,7.95,94,0,'wc-completed',61,'2023-07-25 18:39:41','2023-07-27 14:02:25'),(3039,0,'2023-07-30 15:01:24','2023-07-30 13:01:24',1,229.95,0,4.95,225,0,'wc-completed',62,'2023-07-30 15:01:29','2023-07-30 18:29:48'),(3040,0,'2023-07-30 19:46:27','2023-07-30 17:46:27',1,155.5,0,15.5,140,1,'wc-completed',28,'2023-07-30 19:46:32','2023-07-31 17:07:13'),(3041,0,'2023-08-06 16:50:27','2023-08-06 14:50:27',1,229.95,0,4.95,225,0,'wc-completed',63,'2023-08-06 16:50:32','2023-08-06 17:40:19'),(3045,0,'2023-08-31 11:04:36','2023-08-31 09:04:36',1,229.95,0,4.95,225,1,'wc-completed',47,'2023-08-31 11:04:40','2023-09-01 14:20:48'),(3048,0,'2023-09-01 21:32:42','2023-09-01 19:32:42',1,229.95,0,4.95,225,0,'wc-completed',64,'2023-09-01 21:32:47','2023-09-02 02:51:37'),(3051,0,'2023-09-21 16:20:44','2023-09-21 14:20:44',2,324.55,0,17.55,307,0,'wc-completed',66,'2023-09-21 16:22:03','2023-09-27 15:42:25'),(3054,0,'2023-09-26 16:04:43','2023-09-26 14:04:43',1,33.95,0,4.95,29,0,'wc-completed',67,'2023-09-26 16:05:32','2023-09-27 16:30:52'),(3055,0,'2023-09-27 14:25:17','2023-09-27 12:25:17',1,268.95,0,8.95,260,0,'wc-completed',68,'2023-09-27 14:25:21','2023-09-27 16:28:43'),(3056,0,'2023-10-10 20:17:58','2023-10-10 18:17:58',1,33.95,0,4.95,29,0,'wc-refunded',69,'2023-10-10 20:18:03','2023-10-17 04:55:54'),(3059,3056,'2023-10-17 15:25:06','2023-10-17 13:25:06',0,-33.95,0,0,-33.95,NULL,'wc-refunded',69,'2023-10-17 15:25:06','2023-10-17 15:25:06'),(3067,0,'2023-11-03 03:23:27','2023-11-03 02:23:27',1,23.95,0,4.95,19,0,'wc-completed',70,'2023-11-03 03:23:39','2023-11-05 14:30:54'),(3075,0,'2024-03-01 09:00:14','2024-03-01 08:00:14',1,268.95,0,8.95,260,1,'wc-completed',51,'2024-03-01 09:01:05','2024-04-23 15:21:51'),(3076,0,'2024-03-19 14:17:24','2024-03-19 13:17:24',1,229.95,0,4.95,225,0,'wc-completed',71,'2024-03-19 14:17:28','2024-04-23 15:20:55'),(3077,0,'2024-04-22 17:25:50','2024-04-22 15:25:50',1,229.95,0,4.95,225,0,'wc-completed',72,'2024-04-22 17:43:33','2024-04-23 15:19:44');

--
-- Table structure for table `wmp18_wc_order_tax_lookup`
--

CREATE TABLE `wmp18_wc_order_tax_lookup` (
  `order_id` bigint unsigned NOT NULL,
  `tax_rate_id` bigint unsigned NOT NULL,
  `date_created` datetime NOT NULL DEFAULT '0000-00-00 00:00:00',
  `shipping_tax` double NOT NULL DEFAULT '0',
  `order_tax` double NOT NULL DEFAULT '0',
  `total_tax` double NOT NULL DEFAULT '0',
  PRIMARY KEY (`order_id`,`tax_rate_id`),
  KEY `tax_rate_id` (`tax_rate_id`),
  KEY `date_created` (`date_created`)
) ENGINE=InnoDB DEFAULT CHARSET=utf8mb4 COLLATE=utf8mb4_unicode_520_ci;

--
-- Dumping data for table `wmp18_wc_order_tax_lookup`
--


--
-- Table structure for table `wmp18_wc_orders`
--

CREATE TABLE `wmp18_wc_orders` (
  `id` bigint unsigned NOT NULL,
  `status` varchar(20) COLLATE utf8mb4_unicode_520_ci DEFAULT NULL,
  `currency` varchar(10) COLLATE utf8mb4_unicode_520_ci DEFAULT NULL,
  `type` varchar(20) COLLATE utf8mb4_unicode_520_ci DEFAULT NULL,
  `tax_amount` decimal(26,8) DEFAULT NULL,
  `total_amount` decimal(26,8) DEFAULT NULL,
  `customer_id` bigint unsigned DEFAULT NULL,
  `billing_email` varchar(320) COLLATE utf8mb4_unicode_520_ci DEFAULT NULL,
  `date_created_gmt` datetime DEFAULT NULL,
  `date_updated_gmt` datetime DEFAULT NULL,
  `parent_order_id` bigint unsigned DEFAULT NULL,
  `payment_method` varchar(100) COLLATE utf8mb4_unicode_520_ci DEFAULT NULL,
  `payment_method_title` text COLLATE utf8mb4_unicode_520_ci,
  `transaction_id` varchar(100) COLLATE utf8mb4_unicode_520_ci DEFAULT NULL,
  `ip_address` varchar(100) COLLATE utf8mb4_unicode_520_ci DEFAULT NULL,
  `user_agent` text COLLATE utf8mb4_unicode_520_ci,
  `customer_note` text COLLATE utf8mb4_unicode_520_ci,
  PRIMARY KEY (`id`),
  KEY `status` (`status`),
  KEY `date_created` (`date_created_gmt`),
  KEY `customer_id_billing_email` (`customer_id`,`billing_email`),
  KEY `billing_email` (`billing_email`),
  KEY `type_status` (`type`,`status`),
  KEY `parent_order_id` (`parent_order_id`),
  KEY `date_updated` (`date_updated_gmt`)
) ENGINE=InnoDB DEFAULT CHARSET=utf8mb4 COLLATE=utf8mb4_unicode_520_ci;

--
-- Dumping data for table `wmp18_wc_orders`
--


--
-- Table structure for table `wmp18_wc_orders_meta`
--

CREATE TABLE `wmp18_wc_orders_meta` (
  `id` bigint unsigned NOT NULL AUTO_INCREMENT,
  `order_id` bigint unsigned DEFAULT NULL,
  `meta_key` varchar(255) COLLATE utf8mb4_unicode_520_ci DEFAULT NULL,
  `meta_value` text COLLATE utf8mb4_unicode_520_ci,
  PRIMARY KEY (`id`),
  KEY `meta_key_value` (`meta_key`,`meta_value`(100)),
  KEY `order_id_meta_key_meta_value` (`order_id`,`meta_key`,`meta_value`(100))
) ENGINE=InnoDB DEFAULT CHARSET=utf8mb4 COLLATE=utf8mb4_unicode_520_ci;

--
-- Dumping data for table `wmp18_wc_orders_meta`
--


--
-- Table structure for table `wmp18_wc_product_attributes_lookup`
--

CREATE TABLE `wmp18_wc_product_attributes_lookup` (
  `product_id` bigint NOT NULL,
  `product_or_parent_id` bigint NOT NULL,
  `taxonomy` varchar(32) COLLATE utf8mb4_unicode_520_ci NOT NULL,
  `term_id` bigint NOT NULL,
  `is_variation_attribute` tinyint(1) NOT NULL,
  `in_stock` tinyint(1) NOT NULL,
  PRIMARY KEY (`product_or_parent_id`,`term_id`,`product_id`,`taxonomy`),
  KEY `is_variation_attribute_term_id` (`is_variation_attribute`,`term_id`)
) ENGINE=InnoDB DEFAULT CHARSET=utf8mb4 COLLATE=utf8mb4_unicode_520_ci;

--
-- Dumping data for table `wmp18_wc_product_attributes_lookup`
--


--
-- Table structure for table `wmp18_wc_product_download_directories`
--

CREATE TABLE `wmp18_wc_product_download_directories` (
  `url_id` bigint unsigned NOT NULL AUTO_INCREMENT,
  `url` varchar(256) COLLATE utf8mb4_unicode_520_ci NOT NULL,
  `enabled` tinyint(1) NOT NULL DEFAULT '0',
  PRIMARY KEY (`url_id`),
  KEY `url` (`url`(191))
) ENGINE=InnoDB AUTO_INCREMENT=9 DEFAULT CHARSET=utf8mb4 COLLATE=utf8mb4_unicode_520_ci;

--
-- Dumping data for table `wmp18_wc_product_download_directories`
--

INSERT INTO `wmp18_wc_product_download_directories` VALUES (1,'file:///var/www/html/mp/wp-content/uploads/woocommerce_uploads/',1),(2,'https://medecines-paralleles.net/wp-content/uploads/woocommerce_uploads/',1),(3,'https://medecines-paralleles.net/wp-content/uploads/woocommerce_uploads/2018/06/',0),(4,'https://medecines-paralleles.net/wp-content/uploads/woocommerce_uploads/2021/03/',0),(5,'https://medecines-paralleles.net/wp-content/uploads/2018/07/',0),(6,'https://medecines-paralleles.net/wp-content/uploads/2018/02/',0),(7,'https://medecines-paralleles.net/wp-content/uploads/2018/06/',0),(8,'https://medecines-paralleles.net/wp-content/uploads/2018/05/',0);

--
-- Table structure for table `wmp18_wc_product_meta_lookup`
--

CREATE TABLE `wmp18_wc_product_meta_lookup` (
  `product_id` bigint NOT NULL,
  `sku` varchar(100) CHARACTER SET utf8mb4 COLLATE utf8mb4_unicode_520_ci DEFAULT '',
  `virtual` tinyint(1) DEFAULT '0',
  `downloadable` tinyint(1) DEFAULT '0',
  `min_price` decimal(19,4) DEFAULT NULL,
  `max_price` decimal(19,4) DEFAULT NULL,
  `onsale` tinyint(1) DEFAULT '0',
  `stock_quantity` double DEFAULT NULL,
  `stock_status` varchar(100) CHARACTER SET utf8mb4 COLLATE utf8mb4_unicode_520_ci DEFAULT 'instock',
  `rating_count` bigint DEFAULT '0',
  `average_rating` decimal(3,2) DEFAULT '0.00',
  `total_sales` bigint DEFAULT '0',
  `tax_status` varchar(100) CHARACTER SET utf8mb4 COLLATE utf8mb4_unicode_520_ci DEFAULT 'taxable',
  `tax_class` varchar(100) CHARACTER SET utf8mb4 COLLATE utf8mb4_unicode_520_ci DEFAULT '',
  `global_unique_id` varchar(100) COLLATE utf8mb4_unicode_520_ci DEFAULT '',
  PRIMARY KEY (`product_id`),
  KEY `virtual` (`virtual`),
  KEY `downloadable` (`downloadable`),
  KEY `stock_status` (`stock_status`),
  KEY `stock_quantity` (`stock_quantity`),
  KEY `onsale` (`onsale`),
  KEY `min_max_price` (`min_price`,`max_price`),
  KEY `sku` (`sku`(50))
) ENGINE=InnoDB DEFAULT CHARSET=utf8mb4 COLLATE=utf8mb4_unicode_520_ci;

--
-- Dumping data for table `wmp18_wc_product_meta_lookup`
--

INSERT INTO `wmp18_wc_product_meta_lookup` VALUES (673,'MP-vision-135241',0,1,45.0000,45.0000,0,NULL,'instock',0,0.00,10,'taxable','',''),(674,'MP-vision-135244',0,1,97.0000,97.0000,0,NULL,'instock',0,0.00,9,'taxable','',''),(676,'MP-vision-135245',0,1,182.0000,182.0000,0,NULL,'instock',0,0.00,12,'taxable','',''),(677,'MP-vision-135242',0,1,64.9000,64.9000,0,NULL,'instock',0,0.00,9,'taxable','',''),(678,'MP-vision-135243',0,1,143.0000,143.0000,0,NULL,'instock',0,0.00,9,'taxable','',''),(852,'MP-minilivre-0001',1,1,22.0000,22.0000,1,NULL,'instock',0,0.00,26,'taxable','',''),(875,'MP-minilivre-0002',1,1,15.0000,15.0000,0,NULL,'instock',0,0.00,0,'taxable','',''),(1066,'MP-mask-0001',0,1,18.0000,18.0000,1,NULL,'instock',0,0.00,0,'taxable','',''),(1069,'MP-mask-0002',0,1,78.0000,78.0000,1,NULL,'instock',0,0.00,2,'taxable','',''),(1070,'MP-mask-0003',0,1,72.0000,72.0000,0,NULL,'instock',0,0.00,2,'taxable','',''),(1173,'MP-LLL-0001',0,1,140.0000,140.0000,0,NULL,'outofstock',0,0.00,24,'taxable','',''),(2132,'Diver-00000001',0,0,9.9900,9.9900,0,NULL,'instock',0,0.00,0,'taxable','',''),(2133,'mask-0002-1',0,0,NULL,NULL,0,NULL,'instock',0,0.00,0,'taxable','',''),(2142,'MG_43362_33',0,0,29.0000,29.0000,0,NULL,'instock',0,0.00,10,'taxable','',''),(2471,NULL,0,0,NULL,NULL,0,NULL,NULL,0,NULL,NULL,NULL,NULL,''),(2489,'MP-vision-135241-1',0,1,37.0000,37.0000,1,NULL,'instock',0,0.00,1,'taxable','',''),(2490,'MP-vision-135243-1',0,1,94.0000,94.0000,1,NULL,'instock',0,0.00,4,'taxable','',''),(2491,'MP-vision-135242-1',0,1,32.0000,32.0000,1,NULL,'instock',0,0.00,10,'taxable','',''),(2492,'MP-mask-0003-1',0,1,47.0000,47.0000,1,NULL,'outofstock',0,0.00,8,'taxable','',''),(2544,'',0,0,0.0000,0.0000,0,NULL,'instock',0,0.00,0,'taxable','',''),(2552,'',0,0,260.0000,260.0000,0,NULL,'instock',0,0.00,8,'taxable','',''),(2600,'',0,0,0.0000,0.0000,0,NULL,'instock',0,0.00,0,'taxable','',''),(2604,'',0,1,245.0000,245.0000,0,NULL,'instock',0,0.00,1,'taxable','',''),(2616,'',0,1,290.0000,290.0000,0,NULL,'instock',0,0.00,2,'taxable','',''),(2655,'',0,1,225.0000,225.0000,0,NULL,'instock',0,0.00,18,'taxable','',''),(2960,'',0,0,18.2000,18.2000,1,NULL,'instock',0,0.00,0,'taxable','','');

--
-- Table structure for table `wmp18_wc_rate_limits`
--

CREATE TABLE `wmp18_wc_rate_limits` (
  `rate_limit_id` bigint unsigned NOT NULL AUTO_INCREMENT,
  `rate_limit_key` varchar(200) COLLATE utf8mb4_unicode_520_ci NOT NULL,
  `rate_limit_expiry` bigint unsigned NOT NULL,
  `rate_limit_remaining` smallint NOT NULL DEFAULT '0',
  PRIMARY KEY (`rate_limit_id`),
  UNIQUE KEY `rate_limit_key` (`rate_limit_key`(191))
) ENGINE=InnoDB DEFAULT CHARSET=utf8mb4 COLLATE=utf8mb4_unicode_520_ci;

--
-- Dumping data for table `wmp18_wc_rate_limits`
--


--
-- Table structure for table `wmp18_wc_reserved_stock`
--

CREATE TABLE `wmp18_wc_reserved_stock` (
  `order_id` bigint NOT NULL,
  `product_id` bigint NOT NULL,
  `stock_quantity` double NOT NULL DEFAULT '0',
  `timestamp` datetime NOT NULL DEFAULT '0000-00-00 00:00:00',
  `expires` datetime NOT NULL DEFAULT '0000-00-00 00:00:00',
  PRIMARY KEY (`order_id`,`product_id`)
) ENGINE=InnoDB DEFAULT CHARSET=utf8mb4 COLLATE=utf8mb4_unicode_520_ci;

--
-- Dumping data for table `wmp18_wc_reserved_stock`
--


--
-- Table structure for table `wmp18_wc_tax_rate_classes`
--

CREATE TABLE `wmp18_wc_tax_rate_classes` (
  `tax_rate_class_id` bigint unsigned NOT NULL AUTO_INCREMENT,
  `name` varchar(200) CHARACTER SET utf8mb4 COLLATE utf8mb4_unicode_520_ci NOT NULL DEFAULT '',
  `slug` varchar(200) CHARACTER SET utf8mb4 COLLATE utf8mb4_unicode_520_ci NOT NULL DEFAULT '',
  PRIMARY KEY (`tax_rate_class_id`),
  UNIQUE KEY `slug` (`slug`(191))
) ENGINE=InnoDB AUTO_INCREMENT=5 DEFAULT CHARSET=utf8mb4 COLLATE=utf8mb4_unicode_520_ci;

--
-- Dumping data for table `wmp18_wc_tax_rate_classes`
--

INSERT INTO `wmp18_wc_tax_rate_classes` VALUES (1,'Taux réduit','taux-reduit'),(2,'Taux zéro','taux-zero'),(3,'Reduced rate','reduced-rate'),(4,'Zero rate','zero-rate');

--
-- Table structure for table `wmp18_wcpdf_invoice_number`
--

CREATE TABLE `wmp18_wcpdf_invoice_number` (
  `id` int NOT NULL AUTO_INCREMENT,
  `order_id` int DEFAULT NULL,
  `date` datetime NOT NULL DEFAULT '1000-01-01 00:00:00',
  `calculated_number` int DEFAULT NULL,
  PRIMARY KEY (`id`)
) ENGINE=InnoDB AUTO_INCREMENT=70 DEFAULT CHARSET=utf8mb4 COLLATE=utf8mb4_unicode_520_ci;

--
-- Dumping data for table `wmp18_wcpdf_invoice_number`
--

INSERT INTO `wmp18_wcpdf_invoice_number` VALUES (1,2855,'2022-01-04 12:58:51',NULL),(2,2863,'2022-01-04 13:38:36',NULL),(3,2524,'2022-01-04 14:03:32',NULL),(4,2801,'2022-01-04 14:03:32',NULL),(5,2808,'2022-01-04 14:03:32',NULL),(6,2810,'2022-01-04 14:03:32',NULL),(7,2836,'2022-01-04 14:03:32',NULL),(8,2839,'2022-01-04 14:03:32',NULL),(9,2841,'2022-01-04 14:03:32',NULL),(10,2844,'2022-01-04 14:03:32',NULL),(11,2846,'2022-01-04 14:03:32',NULL),(12,2849,'2022-01-04 14:03:32',NULL),(13,2854,'2022-01-04 14:03:32',NULL),(14,2860,'2022-01-04 14:08:01',NULL),(15,2317,'2022-01-04 14:40:34',NULL),(16,2873,'2022-01-13 08:27:35',NULL),(17,2875,'2022-02-07 00:12:58',NULL),(18,2877,'2022-03-18 06:42:27',NULL),(19,2880,'2022-03-18 07:20:34',NULL),(20,2885,'2022-04-11 09:37:22',NULL),(21,2890,'2022-05-30 07:21:31',NULL),(22,2891,'2022-05-30 07:23:04',NULL),(23,2895,'2022-08-04 18:24:55',NULL),(24,2893,'2022-08-04 18:25:37',NULL),(25,2897,'2022-08-04 18:44:46',NULL),(26,2899,'2022-08-13 04:50:58',NULL),(27,2901,'2022-08-14 16:24:00',NULL),(28,2924,'2022-10-27 16:11:00',NULL),(29,2929,'2022-12-06 14:31:28',NULL),(30,2931,'2022-12-06 14:40:08',NULL),(31,2932,'2022-12-06 14:47:09',NULL),(32,2934,'2022-12-13 14:52:29',NULL),(33,2936,'2023-01-02 15:23:58',NULL),(34,2939,'2023-01-02 15:38:19',NULL),(35,2980,'2023-02-01 04:54:49',NULL),(36,2988,'2023-02-22 07:35:44',NULL),(37,2990,'2023-03-07 16:05:17',NULL),(38,2991,'2023-03-15 06:57:11',NULL),(39,2995,'2023-03-15 17:02:04',NULL),(40,2996,'2023-03-23 16:17:32',NULL),(41,2999,'2023-04-05 12:41:33',NULL),(42,3003,'2023-04-06 16:47:37',NULL),(43,3004,'2023-04-22 17:06:08',NULL),(44,3012,'2023-05-15 17:21:42',NULL),(45,3011,'2023-05-15 17:22:04',NULL),(46,3019,'2023-06-06 15:21:59',NULL),(47,3025,'2023-06-11 15:38:27',NULL),(48,3030,'2023-06-22 15:20:31',NULL),(49,3031,'2023-06-22 16:00:47',NULL),(50,3027,'2023-06-22 16:02:03',NULL),(51,3024,'2023-06-26 11:58:00',NULL),(52,3026,'2023-06-26 12:05:51',NULL),(53,3033,'2023-07-12 09:05:57',NULL),(54,3034,'2023-07-13 17:37:12',NULL),(55,3035,'2023-07-24 11:00:22',NULL),(56,3038,'2023-07-27 14:02:26',NULL),(57,3039,'2023-07-30 18:29:48',NULL),(58,3040,'2023-07-31 17:07:13',NULL),(59,3041,'2023-08-06 17:40:19',NULL),(60,3045,'2023-09-01 14:20:48',NULL),(61,3048,'2023-09-02 02:51:38',NULL),(62,3051,'2023-09-27 15:42:25',NULL),(63,3055,'2023-09-27 16:28:43',NULL),(64,3054,'2023-09-27 16:30:52',NULL),(65,3056,'2023-10-17 04:55:54',NULL),(66,3067,'2023-11-05 14:30:54',NULL),(67,3077,'2024-04-23 15:19:44',NULL),(68,3076,'2024-04-23 15:20:55',NULL),(69,3075,'2024-04-23 15:21:51',NULL);

--
-- Table structure for table `wmp18_woocommerce_attribute_taxonomies`
--

CREATE TABLE `wmp18_woocommerce_attribute_taxonomies` (
  `attribute_id` bigint unsigned NOT NULL AUTO_INCREMENT,
  `attribute_name` varchar(200) CHARACTER SET utf8mb4 COLLATE utf8mb4_unicode_520_ci NOT NULL,
  `attribute_label` varchar(200) CHARACTER SET utf8mb4 COLLATE utf8mb4_unicode_520_ci DEFAULT NULL,
  `attribute_type` varchar(20) CHARACTER SET utf8mb4 COLLATE utf8mb4_unicode_520_ci NOT NULL,
  `attribute_orderby` varchar(20) CHARACTER SET utf8mb4 COLLATE utf8mb4_unicode_520_ci NOT NULL,
  `attribute_public` int NOT NULL DEFAULT '1',
  PRIMARY KEY (`attribute_id`),
  KEY `attribute_name` (`attribute_name`(20))
) ENGINE=InnoDB DEFAULT CHARSET=utf8mb4 COLLATE=utf8mb4_unicode_520_ci;

--
-- Dumping data for table `wmp18_woocommerce_attribute_taxonomies`
--


--
-- Table structure for table `wmp18_woocommerce_downloadable_product_permissions`
--

CREATE TABLE `wmp18_woocommerce_downloadable_product_permissions` (
  `permission_id` bigint unsigned NOT NULL AUTO_INCREMENT,
  `download_id` varchar(36) CHARACTER SET utf8mb4 COLLATE utf8mb4_unicode_520_ci NOT NULL,
  `product_id` bigint unsigned NOT NULL,
  `order_id` bigint unsigned NOT NULL DEFAULT '0',
  `order_key` varchar(200) CHARACTER SET utf8mb4 COLLATE utf8mb4_unicode_520_ci NOT NULL,
  `user_email` varchar(200) CHARACTER SET utf8mb4 COLLATE utf8mb4_unicode_520_ci NOT NULL,
  `user_id` bigint unsigned DEFAULT NULL,
  `downloads_remaining` varchar(9) CHARACTER SET utf8mb4 COLLATE utf8mb4_unicode_520_ci DEFAULT NULL,
  `access_granted` datetime NOT NULL DEFAULT '0000-00-00 00:00:00',
  `access_expires` datetime DEFAULT NULL,
  `download_count` bigint unsigned NOT NULL DEFAULT '0',
  PRIMARY KEY (`permission_id`),
  KEY `download_order_key_product` (`product_id`,`order_id`,`order_key`(16),`download_id`),
  KEY `download_order_product` (`download_id`,`order_id`,`product_id`),
  KEY `order_id` (`order_id`),
  KEY `user_order_remaining_expires` (`user_id`,`order_id`,`downloads_remaining`,`access_expires`)
) ENGINE=InnoDB AUTO_INCREMENT=151 DEFAULT CHARSET=utf8mb4 COLLATE=utf8mb4_unicode_520_ci;

--
-- Dumping data for table `wmp18_woocommerce_downloadable_product_permissions`
--

INSERT INTO `wmp18_woocommerce_downloadable_product_permissions` VALUES (35,'ce1f216b-d002-42ad-aa79-3fd7337cdf72',676,1337,'wc_order_5b29ed72a42f2','gfv14680@outlook.fr',93,'','2018-06-20 00:00:00',NULL,1),(36,'6815c22f-65b2-4bba-9fca-08d79fadbe6e',676,1337,'wc_order_5b29ed72a42f2','gfv14680@outlook.fr',93,'','2018-06-20 00:00:00',NULL,1),(39,'d09f193b-bcaa-42e3-a4aa-ee0a56c88a8d',852,1792,'wc_order_5b309834ed194','rd2s@free.fr',95,'','2018-06-25 00:00:00',NULL,0),(42,'d09f193b-bcaa-42e3-a4aa-ee0a56c88a8d',852,1928,'wc_order_5b30edc3cbaca','rd2s@free.fr',95,'','2018-06-25 00:00:00',NULL,0),(43,'ce1f216b-d002-42ad-aa79-3fd7337cdf72',676,2131,'wc_order_5b4cd22c3e2db','biophysiqueb@yahoo.fr',98,'','2018-07-16 00:00:00',NULL,0),(44,'6815c22f-65b2-4bba-9fca-08d79fadbe6e',676,2131,'wc_order_5b4cd22c3e2db','biophysiqueb@yahoo.fr',98,'','2018-07-16 00:00:00',NULL,0),(45,'6a0ebae8-5d3b-4b4f-a4d8-6964f3b8389c',676,2131,'wc_order_5b4cd22c3e2db','biophysiqueb@yahoo.fr',98,'','2018-07-16 00:00:00',NULL,0),(46,'230511d7-b1ff-44c9-adcd-0910ebe2de4f',676,2131,'wc_order_5b4cd22c3e2db','biophysiqueb@yahoo.fr',98,'','2018-07-16 00:00:00',NULL,0),(47,'1ad217d6-fb0d-4ffb-bfcf-049e22c8b999',1173,2252,'wc_order_TbhyDEv3ZhH5h','rossier.martine@gmail.com',99,'','2019-07-10 00:00:00',NULL,1),(48,'1ad217d6-fb0d-4ffb-bfcf-049e22c8b999',1173,2259,'wc_order_uI9RmC9d2gVdC','dakorchestre@orange.fr',100,'','2019-08-02 00:00:00',NULL,2),(49,'d09f193b-bcaa-42e3-a4aa-ee0a56c88a8d',852,2270,'wc_order_WKyDUnLw3pAQo','rd2s@ism2d.com',11,'','2019-08-02 00:00:00',NULL,0),(50,'cde0a935-0275-4013-95de-22678b4d2292',673,2286,'wc_order_ytHA85HesA5wj','bouletclaude@hotmail.fr',102,'','2019-09-11 00:00:00',NULL,0),(51,'13a3b6ea-a93b-48fb-bf63-136b5255efd2',673,2286,'wc_order_ytHA85HesA5wj','bouletclaude@hotmail.fr',102,'','2019-09-11 00:00:00',NULL,0),(52,'1ad217d6-fb0d-4ffb-bfcf-049e22c8b999',1173,2304,'wc_order_MFCcVyi8EJNBt','dnevrouze@orange.fr',103,'','2019-10-21 00:00:00',NULL,0),(53,'1ad217d6-fb0d-4ffb-bfcf-049e22c8b999',1173,2317,'wc_order_usdrbP1A93DFM','zekraoui.ghizlane@gmail.com',105,'','2019-10-31 00:00:00',NULL,1),(54,'67620e6e-4dff-4982-bc55-27f379378add',1070,2421,'wc_order_eINDaIaekt6Pz','contact@notre-sante.ch',106,'1','2019-11-06 00:00:00',NULL,1),(55,'6aa4f5ad-75d0-410b-9001-95ecf88e2fb8',1069,2421,'wc_order_eINDaIaekt6Pz','contact@notre-sante.ch',106,'0','2019-11-06 00:00:00',NULL,1),(56,'1ad217d6-fb0d-4ffb-bfcf-049e22c8b999',1173,2421,'wc_order_eINDaIaekt6Pz','contact@notre-sante.ch',106,'','2019-11-06 00:00:00',NULL,2),(57,'d09f193b-bcaa-42e3-a4aa-ee0a56c88a8d',852,2421,'wc_order_eINDaIaekt6Pz','contact@notre-sante.ch',106,'','2019-11-06 00:00:00',NULL,2),(58,'1ad217d6-fb0d-4ffb-bfcf-049e22c8b999',1173,2431,'wc_order_42m9YO46svzpx','pbnegoce07@gmail.com',109,'','2020-01-13 00:00:00',NULL,0),(59,'1ad217d6-fb0d-4ffb-bfcf-049e22c8b999',1173,2433,'wc_order_stleeLsApxKre','guitaghodssi@yahoo.fr',110,'','2020-03-26 00:00:00',NULL,1),(60,'ce1f216b-d002-42ad-aa79-3fd7337cdf72',676,2446,'wc_order_IuF4Lr5l85Fua','jean-luc.macchi@wanadoo.fr',104,'','2020-05-06 00:00:00',NULL,2),(61,'6815c22f-65b2-4bba-9fca-08d79fadbe6e',676,2446,'wc_order_IuF4Lr5l85Fua','jean-luc.macchi@wanadoo.fr',104,'','2020-05-06 00:00:00',NULL,1),(62,'6a0ebae8-5d3b-4b4f-a4d8-6964f3b8389c',676,2446,'wc_order_IuF4Lr5l85Fua','jean-luc.macchi@wanadoo.fr',104,'','2020-05-06 00:00:00',NULL,1),(63,'230511d7-b1ff-44c9-adcd-0910ebe2de4f',676,2446,'wc_order_IuF4Lr5l85Fua','jean-luc.macchi@wanadoo.fr',104,'','2020-05-06 00:00:00',NULL,1),(64,'1ad217d6-fb0d-4ffb-bfcf-049e22c8b999',1173,2524,'wc_order_pSF44OWrgOGlq','elisabeth.pluchon@laposte.net',114,'','2021-01-31 00:00:00',NULL,1),(65,'1ad217d6-fb0d-4ffb-bfcf-049e22c8b999',1173,2801,'wc_order_OZ3z2j7uG0TXT','patricia.falippou62@orange.fr',229,'','2021-03-26 00:00:00',NULL,3),(66,'1ad217d6-fb0d-4ffb-bfcf-049e22c8b999',1173,2808,'wc_order_miOhDYqZ32Vah','paul.herrmann@wanadoo.fr',291,'','2021-04-19 00:00:00',NULL,0),(67,'8d3bd5f3-db92-41b7-9e78-1e335e571946',2491,2810,'wc_order_ugPao6GfaGliF','seb_vincent7@hotmail.com',292,'','2021-05-03 00:00:00',NULL,1),(68,'c896e837-46dd-480d-ba95-96ad28fde95a',2491,2810,'wc_order_ugPao6GfaGliF','seb_vincent7@hotmail.com',292,'','2021-05-03 00:00:00',NULL,1),(69,'a1a130bf-31e3-439c-8edb-7231d0ed8d7f',2491,2810,'wc_order_ugPao6GfaGliF','seb_vincent7@hotmail.com',292,'','2021-05-03 00:00:00',NULL,0),(70,'67620e6e-4dff-4982-bc55-27f379378add',2492,2810,'wc_order_ugPao6GfaGliF','seb_vincent7@hotmail.com',292,'1','2021-05-03 00:00:00',NULL,0),(71,'8d3bd5f3-db92-41b7-9e78-1e335e571946',2491,2836,'wc_order_TRoCqqxN2tsmo','josine.deplanque@orange.fr',380,'','2021-08-13 00:00:00',NULL,8),(72,'c896e837-46dd-480d-ba95-96ad28fde95a',2491,2836,'wc_order_TRoCqqxN2tsmo','josine.deplanque@orange.fr',380,'','2021-08-13 00:00:00',NULL,4),(73,'a1a130bf-31e3-439c-8edb-7231d0ed8d7f',2491,2836,'wc_order_TRoCqqxN2tsmo','josine.deplanque@orange.fr',380,'','2021-08-13 00:00:00',NULL,4),(74,'8d3bd5f3-db92-41b7-9e78-1e335e571946',2491,2839,'wc_order_kWek6jDz5miiS','pilawi@gmx.fr',381,'','2021-09-12 00:00:00',NULL,1),(75,'c896e837-46dd-480d-ba95-96ad28fde95a',2491,2839,'wc_order_kWek6jDz5miiS','pilawi@gmx.fr',381,'','2021-09-12 00:00:00',NULL,1),(76,'a1a130bf-31e3-439c-8edb-7231d0ed8d7f',2491,2839,'wc_order_kWek6jDz5miiS','pilawi@gmx.fr',381,'','2021-09-12 00:00:00',NULL,1),(77,'6878d515-36e0-4ec9-b00f-09727366f726',2655,2844,'wc_order_L4qcMYt8hpIQJ','phiso76@gmail.com',383,'','2021-10-20 00:00:00',NULL,0),(78,'1ad217d6-fb0d-4ffb-bfcf-049e22c8b999',1173,2849,'wc_order_jYAVo15JXwdgd','dmellin@wanadoo.fr',385,'','2021-12-09 00:00:00',NULL,2),(79,'1ad217d6-fb0d-4ffb-bfcf-049e22c8b999',1173,2854,'wc_order_SdNCUi3oNfgDJ','lucilleducret.3@gmail.com',386,'','2021-12-10 00:00:00',NULL,11),(80,'6aa4f5ad-75d0-410b-9001-95ecf88e2fb8',1069,2854,'wc_order_SdNCUi3oNfgDJ','lucilleducret.3@gmail.com',386,'0','2021-12-10 00:00:00',NULL,1),(81,'77d8756c-4ae2-4eee-b3b6-5a59524d55be',2490,2855,'wc_order_ZzAcx9hlsj4TP','lucilleducret.3@gmail.com',386,'0','2021-12-10 00:00:00',NULL,1),(82,'5b44388d-1833-46fa-a6be-baff2b8a21a6',2490,2855,'wc_order_ZzAcx9hlsj4TP','lucilleducret.3@gmail.com',386,'0','2021-12-10 00:00:00',NULL,1),(83,'07333f64-db13-4d02-b70a-dbf5620d2585',2490,2855,'wc_order_ZzAcx9hlsj4TP','lucilleducret.3@gmail.com',386,'0','2021-12-10 00:00:00',NULL,1),(84,'8d3bd5f3-db92-41b7-9e78-1e335e571946',2491,2855,'wc_order_ZzAcx9hlsj4TP','lucilleducret.3@gmail.com',386,'','2021-12-10 00:00:00',NULL,5),(85,'c896e837-46dd-480d-ba95-96ad28fde95a',2491,2855,'wc_order_ZzAcx9hlsj4TP','lucilleducret.3@gmail.com',386,'','2021-12-10 00:00:00',NULL,3),(86,'a1a130bf-31e3-439c-8edb-7231d0ed8d7f',2491,2855,'wc_order_ZzAcx9hlsj4TP','lucilleducret.3@gmail.com',386,'','2021-12-10 00:00:00',NULL,5),(87,'6878d515-36e0-4ec9-b00f-09727366f726',2655,2855,'wc_order_ZzAcx9hlsj4TP','lucilleducret.3@gmail.com',386,'','2021-12-10 00:00:00',NULL,5),(88,'8d3bd5f3-db92-41b7-9e78-1e335e571946',2491,2863,'wc_order_QGvbW10YWj55T','sebquen@hotmail.fr',387,'','2022-01-04 00:00:00',NULL,2),(89,'c896e837-46dd-480d-ba95-96ad28fde95a',2491,2863,'wc_order_QGvbW10YWj55T','sebquen@hotmail.fr',387,'','2022-01-04 00:00:00',NULL,2),(90,'a1a130bf-31e3-439c-8edb-7231d0ed8d7f',2491,2863,'wc_order_QGvbW10YWj55T','sebquen@hotmail.fr',387,'','2022-01-04 00:00:00',NULL,2),(91,'6878d515-36e0-4ec9-b00f-09727366f726',2655,2873,'wc_order_v0YC3vsVUf8qB','vivian.lucchesi@gmail.com',388,'','2022-01-12 00:00:00',NULL,0),(92,'8d3bd5f3-db92-41b7-9e78-1e335e571946',2491,2875,'wc_order_hFHVvjaeobKqO','melanie.branche@orange.fr',390,'','2022-01-27 00:00:00',NULL,0),(93,'c896e837-46dd-480d-ba95-96ad28fde95a',2491,2875,'wc_order_hFHVvjaeobKqO','melanie.branche@orange.fr',390,'','2022-01-27 00:00:00',NULL,0),(94,'a1a130bf-31e3-439c-8edb-7231d0ed8d7f',2491,2875,'wc_order_hFHVvjaeobKqO','melanie.branche@orange.fr',390,'','2022-01-27 00:00:00',NULL,0),(95,'67620e6e-4dff-4982-bc55-27f379378add',2492,2877,'wc_order_hMMUxpOu3kCSt','phiso76@gmail.com',383,'0','2022-02-15 00:00:00',NULL,1),(96,'1ad217d6-fb0d-4ffb-bfcf-049e22c8b999',1173,2880,'wc_order_FyoMlNL9SFZ9A','fabiangarin62@gmail.com',391,'','2022-03-17 00:00:00',NULL,1),(97,'1ad217d6-fb0d-4ffb-bfcf-049e22c8b999',1173,2885,'wc_order_RNSmVDxnLLXai','cat4eme@hotmail.fr',392,'','2022-04-07 00:00:00',NULL,0),(98,'6878d515-36e0-4ec9-b00f-09727366f726',2655,2890,'wc_order_9lnyGc2EWhC59','lassaube.andre@gmail.com',393,'','2022-05-27 00:00:00',NULL,2),(99,'1ad217d6-fb0d-4ffb-bfcf-049e22c8b999',1173,2891,'wc_order_Ulvu8xM5iq5L0','Dodo.d@gmx.com',394,'','2022-05-28 00:00:00',NULL,2),(100,'1ad217d6-fb0d-4ffb-bfcf-049e22c8b999',1173,2897,'wc_order_CFZUaCLVWw0LG','francinedrieu@hotmail.com',398,'','2022-08-04 00:00:00',NULL,3),(101,'8d3bd5f3-db92-41b7-9e78-1e335e571946',2491,2899,'wc_order_WL2ROxyaOUXzz','mcoeur7@gmail.com',400,'','2022-08-09 00:00:00',NULL,1),(102,'c896e837-46dd-480d-ba95-96ad28fde95a',2491,2899,'wc_order_WL2ROxyaOUXzz','mcoeur7@gmail.com',400,'','2022-08-09 00:00:00',NULL,1),(103,'a1a130bf-31e3-439c-8edb-7231d0ed8d7f',2491,2899,'wc_order_WL2ROxyaOUXzz','mcoeur7@gmail.com',400,'','2022-08-09 00:00:00',NULL,1),(104,'67620e6e-4dff-4982-bc55-27f379378add',2492,2899,'wc_order_WL2ROxyaOUXzz','mcoeur7@gmail.com',400,'0','2022-08-09 00:00:00',NULL,1),(105,'8d3bd5f3-db92-41b7-9e78-1e335e571946',2491,2901,'wc_order_6fsPPYd7lQULc','nicole.stephane@protonmail.ch',399,'','2022-08-13 00:00:00',NULL,1),(106,'c896e837-46dd-480d-ba95-96ad28fde95a',2491,2901,'wc_order_6fsPPYd7lQULc','nicole.stephane@protonmail.ch',399,'','2022-08-13 00:00:00',NULL,1),(107,'a1a130bf-31e3-439c-8edb-7231d0ed8d7f',2491,2901,'wc_order_6fsPPYd7lQULc','nicole.stephane@protonmail.ch',399,'','2022-08-13 00:00:00',NULL,1),(108,'1ad217d6-fb0d-4ffb-bfcf-049e22c8b999',1173,2924,'wc_order_6XrrzIYUxZwjt','anthonyjosephrohr@gmail.com',404,'','2022-10-26 00:00:00',NULL,0),(109,'8d3bd5f3-db92-41b7-9e78-1e335e571946',2491,2929,'wc_order_GdE1G694Kk9aM','provencalpsyckotyk@wanadoo.fr',406,'','2022-11-23 00:00:00',NULL,1),(110,'c896e837-46dd-480d-ba95-96ad28fde95a',2491,2929,'wc_order_GdE1G694Kk9aM','provencalpsyckotyk@wanadoo.fr',406,'','2022-11-23 00:00:00',NULL,1),(111,'a1a130bf-31e3-439c-8edb-7231d0ed8d7f',2491,2929,'wc_order_GdE1G694Kk9aM','provencalpsyckotyk@wanadoo.fr',406,'','2022-11-23 00:00:00',NULL,1),(112,'6878d515-36e0-4ec9-b00f-09727366f726',2655,2932,'wc_order_gol0wzdBq058R','bimbo57230@gmail.com',414,'','2022-12-06 00:00:00',NULL,1),(113,'1ad217d6-fb0d-4ffb-bfcf-049e22c8b999',1173,2934,'wc_order_cEevMWl7CZDz2','meyerfer46@gmail.com',409,'','2022-12-12 00:00:00',NULL,0),(114,'67620e6e-4dff-4982-bc55-27f379378add',2492,2936,'wc_order_usxcfEqwi7hbk','xtian777@yahoo.com',430,'0','2022-12-30 00:00:00',NULL,2),(115,'77d8756c-4ae2-4eee-b3b6-5a59524d55be',2490,2939,'wc_order_4wum7KhgVzAeK','phil.cdc@orange.fr',433,'0','2023-01-02 00:00:00',NULL,1),(116,'5b44388d-1833-46fa-a6be-baff2b8a21a6',2490,2939,'wc_order_4wum7KhgVzAeK','phil.cdc@orange.fr',433,'0','2023-01-02 00:00:00',NULL,1),(117,'07333f64-db13-4d02-b70a-dbf5620d2585',2490,2939,'wc_order_4wum7KhgVzAeK','phil.cdc@orange.fr',433,'0','2023-01-02 00:00:00',NULL,1),(118,'1ad217d6-fb0d-4ffb-bfcf-049e22c8b999',1173,2980,'wc_order_4UJVVtpbEGOpW','brigittegaleraud@orange.fr',442,'','2023-01-31 00:00:00',NULL,1),(119,'1ad217d6-fb0d-4ffb-bfcf-049e22c8b999',1173,2990,'wc_order_fNFMBG5iFLS11','jeanine.gosse@nordnet.fr',453,'','2023-03-06 00:00:00',NULL,0),(120,'67620e6e-4dff-4982-bc55-27f379378add',2492,2991,'wc_order_JGYy4rOhBxIrr','xuan.vo@orangge.fr',455,'0','2023-03-11 00:00:00',NULL,1),(121,'d09f193b-bcaa-42e3-a4aa-ee0a56c88a8d',852,2991,'wc_order_JGYy4rOhBxIrr','xuan.vo@orangge.fr',455,'','2023-03-11 00:00:00',NULL,1),(122,'6878d515-36e0-4ec9-b00f-09727366f726',2655,2995,'wc_order_PtLIQFTiczk9s','carinespegt@gmail.com',457,'','2023-03-15 00:00:00',NULL,1),(123,'6878d515-36e0-4ec9-b00f-09727366f726',2655,2996,'wc_order_Tp7fww4fYJiAz','sinfonie9@yahoo.de',461,'','2023-03-22 00:00:00',NULL,4),(124,'6878d515-36e0-4ec9-b00f-09727366f726',2655,3003,'wc_order_0x7efaXR4hj7j','patrick.ranalter@hotmail.fr',489,'','2023-04-05 00:00:00',NULL,0),(125,'6878d515-36e0-4ec9-b00f-09727366f726',2655,3004,'wc_order_Vll2RvqgnHwPS','jlgoralsky001@cegetel.rss.fr',491,'','2023-04-18 00:00:00',NULL,0),(126,'05015d80-cb07-4be9-9626-f4dc45863943',2604,3011,'wc_order_W9J5hNlXxnwDA','joel@desenfumage.com',505,'','2023-05-15 00:00:00',NULL,2),(127,'1ad217d6-fb0d-4ffb-bfcf-049e22c8b999',1173,3012,'wc_order_eIN82vBnZwbzr','joel@desenfumage.com',505,'','2023-05-15 00:00:00',NULL,3),(128,'1ad217d6-fb0d-4ffb-bfcf-049e22c8b999',1173,3019,'wc_order_7sxQc65XAjHRm','ythouven@sfr.fr',542,'','2023-06-05 00:00:00',NULL,0),(129,'197632b9-fff4-48d7-a051-a2d3f4ac9186',2616,3024,'wc_order_II9gn18HMKobn','s.miart@yahoo.com',543,'','2023-06-06 00:00:00',NULL,2),(130,'67620e6e-4dff-4982-bc55-27f379378add',2492,3025,'wc_order_uzQKWg9PUSgLv','marchands31tlse@gmail.com',546,'0','2023-06-07 00:00:00',NULL,1),(131,'197632b9-fff4-48d7-a051-a2d3f4ac9186',2616,3026,'wc_order_e4CipGiZbpJT7','giso@wanadoo.fr',550,'','2023-06-11 00:00:00',NULL,6),(132,'6878d515-36e0-4ec9-b00f-09727366f726',2655,3027,'wc_order_qI3q6uJoVgr0j','bruno.guyot@gmail.com',555,'','2023-06-21 00:00:00',NULL,0),(133,'77d8756c-4ae2-4eee-b3b6-5a59524d55be',2490,3033,'wc_order_hSMnozqFlYBO1','eric.terrasse@zeptonmail.com',566,'0','2023-07-10 00:00:00',NULL,1),(134,'5b44388d-1833-46fa-a6be-baff2b8a21a6',2490,3033,'wc_order_hSMnozqFlYBO1','eric.terrasse@zeptonmail.com',566,'0','2023-07-10 00:00:00',NULL,1),(135,'07333f64-db13-4d02-b70a-dbf5620d2585',2490,3033,'wc_order_hSMnozqFlYBO1','eric.terrasse@zeptonmail.com',566,'0','2023-07-10 00:00:00',NULL,1),(136,'6878d515-36e0-4ec9-b00f-09727366f726',2655,3034,'wc_order_TGgNeIqzI0ExS','jlgoralsky001@cegetel.rss.fr',491,'','2023-07-13 00:00:00',NULL,0),(137,'6878d515-36e0-4ec9-b00f-09727366f726',2655,3035,'wc_order_9xDxyyVm54ABC','longue.amely@gmail.com',571,'','2023-07-23 00:00:00',NULL,0),(138,'77d8756c-4ae2-4eee-b3b6-5a59524d55be',2490,3038,'wc_order_skVRggkPhsM1A','bernard.desard@free.fr',574,'0','2023-07-25 00:00:00',NULL,1),(139,'5b44388d-1833-46fa-a6be-baff2b8a21a6',2490,3038,'wc_order_skVRggkPhsM1A','bernard.desard@free.fr',574,'0','2023-07-25 00:00:00',NULL,1),(140,'07333f64-db13-4d02-b70a-dbf5620d2585',2490,3038,'wc_order_skVRggkPhsM1A','bernard.desard@free.fr',574,'0','2023-07-25 00:00:00',NULL,1),(141,'6878d515-36e0-4ec9-b00f-09727366f726',2655,3039,'wc_order_hX1kqMSHTLtxP','morasse-manivelles-0h@icloud.com',577,'','2023-07-30 00:00:00',NULL,5),(142,'1ad217d6-fb0d-4ffb-bfcf-049e22c8b999',1173,3040,'wc_order_NcOzKQbSfqcHK','nicole.stephane@protonmail.ch',399,'','2023-07-30 00:00:00',NULL,2),(143,'6878d515-36e0-4ec9-b00f-09727366f726',2655,3041,'wc_order_BoDy6uSFlrakb','agnes.reiss@yahoo.com',580,'','2023-08-06 00:00:00',NULL,0),(144,'6878d515-36e0-4ec9-b00f-09727366f726',2655,3045,'wc_order_1ceEnfzccyJFu','jlgoralsky001@cegetel.rss.fr',491,'','2023-08-31 00:00:00',NULL,0),(145,'6878d515-36e0-4ec9-b00f-09727366f726',2655,3048,'wc_order_lg9qIDiJPtj1N','trinity74200@gmail.com',588,'','2023-09-01 00:00:00',NULL,0),(146,'67620e6e-4dff-4982-bc55-27f379378add',2492,3051,'wc_order_De3DRiberf0aj','genevieve.leick@education.lu',602,'1','2023-09-21 00:00:00',NULL,0),(147,'cde0a935-0275-4013-95de-22678b4d2292',2489,3067,'wc_order_DPquYG7DVcR0B','laurenfabio@free.fr',628,'','2023-11-03 00:00:00',NULL,1),(148,'13a3b6ea-a93b-48fb-bf63-136b5255efd2',2489,3067,'wc_order_DPquYG7DVcR0B','laurenfabio@free.fr',628,'','2023-11-03 00:00:00',NULL,1),(149,'6878d515-36e0-4ec9-b00f-09727366f726',2655,3076,'wc_order_jnRwzJDWkqXUV','liamillich@orange.fr',716,'','2024-03-19 00:00:00',NULL,0),(150,'6878d515-36e0-4ec9-b00f-09727366f726',2655,3077,'wc_order_N1Hhsg02ScyYQ','philipp.jeanmarie@gmail.com',735,'','2024-04-22 00:00:00',NULL,0);

--
-- Table structure for table `wmp18_woocommerce_log`
--

CREATE TABLE `wmp18_woocommerce_log` (
  `log_id` bigint unsigned NOT NULL AUTO_INCREMENT,
  `timestamp` datetime NOT NULL,
  `level` smallint NOT NULL,
  `source` varchar(200) CHARACTER SET utf8mb4 COLLATE utf8mb4_unicode_520_ci NOT NULL,
  `message` longtext CHARACTER SET utf8mb4 COLLATE utf8mb4_unicode_520_ci NOT NULL,
  `context` longtext CHARACTER SET utf8mb4 COLLATE utf8mb4_unicode_520_ci,
  PRIMARY KEY (`log_id`),
  KEY `level` (`level`)
) ENGINE=InnoDB DEFAULT CHARSET=utf8mb4 COLLATE=utf8mb4_unicode_520_ci;

--
-- Dumping data for table `wmp18_woocommerce_log`
--


--
-- Table structure for table `wmp18_woocommerce_order_itemmeta`
--

CREATE TABLE `wmp18_woocommerce_order_itemmeta` (
  `meta_id` bigint unsigned NOT NULL AUTO_INCREMENT,
  `order_item_id` bigint unsigned NOT NULL,
  `meta_key` varchar(255) CHARACTER SET utf8mb4 COLLATE utf8mb4_unicode_520_ci DEFAULT NULL,
  `meta_value` longtext CHARACTER SET utf8mb4 COLLATE utf8mb4_unicode_520_ci,
  PRIMARY KEY (`meta_id`),
  KEY `order_item_id` (`order_item_id`),
  KEY `meta_key` (`meta_key`(32))
) ENGINE=InnoDB AUTO_INCREMENT=2985 DEFAULT CHARSET=utf8mb4 COLLATE=utf8mb4_unicode_520_ci;

--
-- Dumping data for table `wmp18_woocommerce_order_itemmeta`
--

INSERT INTO `wmp18_woocommerce_order_itemmeta` VALUES (892,129,'_product_id','676'),(893,129,'_variation_id','0'),(894,129,'_qty','1'),(895,129,'_tax_class',''),(896,129,'_line_subtotal','182'),(897,129,'_line_subtotal_tax','0'),(898,129,'_line_total','148.8'),(899,129,'_line_tax','0'),(900,129,'_line_tax_data','a:2:{s:5:\"total\";a:0:{}s:8:\"subtotal\";a:0:{}}'),(901,130,'method_id','flat_rate'),(902,130,'instance_id','15'),(903,130,'cost','14.00'),(904,130,'total_tax','0'),(905,130,'taxes','a:1:{s:5:\"total\";a:0:{}}'),(906,130,'Articles','Kit Luxe d\'Acuité visuelle à son meilleur : myopie presbytie &times; 1'),(907,131,'discount_amount','15'),(908,131,'discount_amount_tax','0'),(909,131,'coupon_data','a:24:{s:2:\"id\";i:1191;s:4:\"code\";s:19:\"100%surlivreacuité\";s:6:\"amount\";s:2:\"15\";s:12:\"date_created\";O:11:\"WC_DateTime\":4:{s:13:\"\0*\0utc_offset\";i:0;s:4:\"date\";s:26:\"2018-06-13 09:07:38.000000\";s:13:\"timezone_type\";i:3;s:8:\"timezone\";s:12:\"Europe/Paris\";}s:13:\"date_modified\";O:11:\"WC_DateTime\":4:{s:13:\"\0*\0utc_offset\";i:0;s:4:\"date\";s:26:\"2018-06-19 07:36:45.000000\";s:13:\"timezone_type\";i:3;s:8:\"timezone\";s:12:\"Europe/Paris\";}s:12:\"date_expires\";N;s:13:\"discount_type\";s:10:\"fixed_cart\";s:11:\"description\";s:0:\"\";s:11:\"usage_count\";i:6;s:14:\"individual_use\";b:0;s:11:\"product_ids\";a:5:{i:0;i:678;i:1;i:673;i:2;i:676;i:3;i:677;i:4;i:674;}s:20:\"excluded_product_ids\";a:0:{}s:11:\"usage_limit\";i:0;s:20:\"usage_limit_per_user\";i:0;s:22:\"limit_usage_to_x_items\";N;s:13:\"free_shipping\";b:0;s:18:\"product_categories\";a:0:{}s:27:\"excluded_product_categories\";a:0:{}s:18:\"exclude_sale_items\";b:0;s:14:\"minimum_amount\";s:0:\"\";s:14:\"maximum_amount\";s:0:\"\";s:18:\"email_restrictions\";a:0:{}s:7:\"virtual\";b:0;s:9:\"meta_data\";a:1:{i:0;O:12:\"WC_Meta_Data\":2:{s:15:\"\0*\0current_data\";a:3:{s:2:\"id\";i:7098;s:3:\"key\";s:14:\"slide_template\";s:5:\"value\";s:7:\"default\";}s:7:\"\0*\0data\";a:3:{s:2:\"id\";i:7098;s:3:\"key\";s:14:\"slide_template\";s:5:\"value\";s:7:\"default\";}}}}'),(910,132,'discount_amount','18.2'),(911,132,'discount_amount_tax','0'),(912,132,'coupon_data','a:24:{s:2:\"id\";i:940;s:4:\"code\";s:6:\"gbfcdc\";s:6:\"amount\";s:2:\"10\";s:12:\"date_created\";O:11:\"WC_DateTime\":4:{s:13:\"\0*\0utc_offset\";i:0;s:4:\"date\";s:26:\"2018-06-02 11:01:54.000000\";s:13:\"timezone_type\";i:3;s:8:\"timezone\";s:12:\"Europe/Paris\";}s:13:\"date_modified\";O:11:\"WC_DateTime\":4:{s:13:\"\0*\0utc_offset\";i:0;s:4:\"date\";s:26:\"2018-06-20 08:12:16.000000\";s:13:\"timezone_type\";i:3;s:8:\"timezone\";s:12:\"Europe/Paris\";}s:12:\"date_expires\";N;s:13:\"discount_type\";s:7:\"percent\";s:11:\"description\";s:0:\"\";s:11:\"usage_count\";i:0;s:14:\"individual_use\";b:0;s:11:\"product_ids\";a:4:{i:0;i:678;i:1;i:676;i:2;i:677;i:3;i:674;}s:20:\"excluded_product_ids\";a:0:{}s:11:\"usage_limit\";i:0;s:20:\"usage_limit_per_user\";i:1;s:22:\"limit_usage_to_x_items\";N;s:13:\"free_shipping\";b:0;s:18:\"product_categories\";a:1:{i:0;i:69;}s:27:\"excluded_product_categories\";a:1:{i:0;i:95;}s:18:\"exclude_sale_items\";b:0;s:14:\"minimum_amount\";s:0:\"\";s:14:\"maximum_amount\";s:0:\"\";s:18:\"email_restrictions\";a:0:{}s:7:\"virtual\";b:0;s:9:\"meta_data\";a:1:{i:0;O:12:\"WC_Meta_Data\":2:{s:15:\"\0*\0current_data\";a:3:{s:2:\"id\";i:6444;s:3:\"key\";s:14:\"slide_template\";s:5:\"value\";s:7:\"default\";}s:7:\"\0*\0data\";a:3:{s:2:\"id\";i:6444;s:3:\"key\";s:14:\"slide_template\";s:5:\"value\";s:7:\"default\";}}}}'),(1018,150,'_product_id','676'),(1019,150,'_variation_id','0'),(1020,150,'_qty','1'),(1021,150,'_tax_class',''),(1022,150,'_line_subtotal','182'),(1023,150,'_line_subtotal_tax','0'),(1024,150,'_line_total','182'),(1025,150,'_line_tax','0'),(1026,150,'_line_tax_data','a:2:{s:5:\"total\";a:0:{}s:8:\"subtotal\";a:0:{}}'),(1027,151,'method_id','advanced_shipping'),(1028,151,'instance_id','0'),(1029,151,'cost','19.52'),(1030,151,'total_tax','0'),(1031,151,'taxes','a:1:{s:5:\"total\";a:0:{}}'),(1032,151,'Articles','Kit Luxe d\'Acuité visuelle à son meilleur : myopie presbytie &times; 1'),(1033,152,'_product_id','852'),(1034,152,'_variation_id','0'),(1035,152,'_qty','1'),(1036,152,'_tax_class',''),(1037,152,'_line_subtotal','15'),(1038,152,'_line_subtotal_tax','0'),(1039,152,'_line_total','1'),(1040,152,'_line_tax','0'),(1041,152,'_line_tax_data','a:2:{s:5:\"total\";a:0:{}s:8:\"subtotal\";a:0:{}}'),(1042,153,'discount_amount','14'),(1043,153,'discount_amount_tax','0'),(1044,153,'coupon_data','a:24:{s:2:\"id\";i:1338;s:4:\"code\";s:13:\"specialraleur\";s:6:\"amount\";s:2:\"14\";s:12:\"date_created\";O:11:\"WC_DateTime\":4:{s:13:\"\0*\0utc_offset\";i:0;s:4:\"date\";s:26:\"2018-06-20 11:48:10.000000\";s:13:\"timezone_type\";i:3;s:8:\"timezone\";s:12:\"Europe/Paris\";}s:13:\"date_modified\";O:11:\"WC_DateTime\":4:{s:13:\"\0*\0utc_offset\";i:0;s:4:\"date\";s:26:\"2018-06-20 11:48:10.000000\";s:13:\"timezone_type\";i:3;s:8:\"timezone\";s:12:\"Europe/Paris\";}s:12:\"date_expires\";N;s:13:\"discount_type\";s:13:\"fixed_product\";s:11:\"description\";s:0:\"\";s:11:\"usage_count\";i:2;s:14:\"individual_use\";b:0;s:11:\"product_ids\";a:1:{i:0;i:852;}s:20:\"excluded_product_ids\";a:0:{}s:11:\"usage_limit\";i:0;s:20:\"usage_limit_per_user\";i:0;s:22:\"limit_usage_to_x_items\";N;s:13:\"free_shipping\";b:0;s:18:\"product_categories\";a:0:{}s:27:\"excluded_product_categories\";a:0:{}s:18:\"exclude_sale_items\";b:0;s:14:\"minimum_amount\";s:0:\"\";s:14:\"maximum_amount\";s:0:\"\";s:18:\"email_restrictions\";a:0:{}s:7:\"virtual\";b:0;s:9:\"meta_data\";a:0:{}}'),(1348,196,'_product_id','852'),(1349,196,'_variation_id','0'),(1350,196,'_qty','1'),(1351,196,'_tax_class',''),(1352,196,'_line_subtotal','15'),(1353,196,'_line_subtotal_tax','0'),(1354,196,'_line_total','1'),(1355,196,'_line_tax','0'),(1356,196,'_line_tax_data','a:2:{s:5:\"total\";a:0:{}s:8:\"subtotal\";a:0:{}}'),(1357,197,'discount_amount','14'),(1358,197,'discount_amount_tax','0'),(1359,197,'coupon_data','a:24:{s:2:\"id\";i:1338;s:4:\"code\";s:13:\"specialraleur\";s:6:\"amount\";s:2:\"14\";s:12:\"date_created\";O:11:\"WC_DateTime\":4:{s:13:\"\0*\0utc_offset\";i:0;s:4:\"date\";s:26:\"2018-06-20 11:48:10.000000\";s:13:\"timezone_type\";i:3;s:8:\"timezone\";s:12:\"Europe/Paris\";}s:13:\"date_modified\";O:11:\"WC_DateTime\":4:{s:13:\"\0*\0utc_offset\";i:0;s:4:\"date\";s:26:\"2018-06-20 11:48:10.000000\";s:13:\"timezone_type\";i:3;s:8:\"timezone\";s:12:\"Europe/Paris\";}s:12:\"date_expires\";N;s:13:\"discount_type\";s:13:\"fixed_product\";s:11:\"description\";s:0:\"\";s:11:\"usage_count\";i:5;s:14:\"individual_use\";b:0;s:11:\"product_ids\";a:1:{i:0;i:852;}s:20:\"excluded_product_ids\";a:0:{}s:11:\"usage_limit\";i:0;s:20:\"usage_limit_per_user\";i:0;s:22:\"limit_usage_to_x_items\";N;s:13:\"free_shipping\";b:0;s:18:\"product_categories\";a:0:{}s:27:\"excluded_product_categories\";a:0:{}s:18:\"exclude_sale_items\";b:0;s:14:\"minimum_amount\";s:0:\"\";s:14:\"maximum_amount\";s:0:\"\";s:18:\"email_restrictions\";a:0:{}s:7:\"virtual\";b:0;s:9:\"meta_data\";a:0:{}}'),(1360,198,'_product_id','676'),(1361,198,'_variation_id','0'),(1362,198,'_qty','1'),(1363,198,'_tax_class',''),(1364,198,'_line_subtotal','182'),(1365,198,'_line_subtotal_tax','0'),(1366,198,'_line_total','127.4'),(1367,198,'_line_tax','0'),(1368,198,'_line_tax_data','a:2:{s:5:\"total\";a:0:{}s:8:\"subtotal\";a:0:{}}'),(1369,199,'method_id','advanced_shipping'),(1370,199,'instance_id','0'),(1371,199,'cost','19.52'),(1372,199,'total_tax','0'),(1373,199,'taxes','a:1:{s:5:\"total\";a:0:{}}'),(1374,199,'Articles','Kit Luxe d\'Acuité visuelle à son meilleur : myopie presbytie &times; 1'),(1375,200,'discount_amount','54.6'),(1376,200,'discount_amount_tax','0'),(1377,200,'coupon_data','a:24:{s:2:\"id\";i:2130;s:4:\"code\";s:12:\"$%#part30#%$\";s:6:\"amount\";s:2:\"30\";s:12:\"date_created\";O:11:\"WC_DateTime\":4:{s:13:\"\0*\0utc_offset\";i:0;s:4:\"date\";s:26:\"2018-07-15 15:17:48.000000\";s:13:\"timezone_type\";i:3;s:8:\"timezone\";s:12:\"Europe/Paris\";}s:13:\"date_modified\";O:11:\"WC_DateTime\":4:{s:13:\"\0*\0utc_offset\";i:0;s:4:\"date\";s:26:\"2018-07-15 15:17:48.000000\";s:13:\"timezone_type\";i:3;s:8:\"timezone\";s:12:\"Europe/Paris\";}s:12:\"date_expires\";N;s:13:\"discount_type\";s:7:\"percent\";s:11:\"description\";s:36:\"Code promo réservé aux partenaires\";s:11:\"usage_count\";i:0;s:14:\"individual_use\";b:1;s:11:\"product_ids\";a:0:{}s:20:\"excluded_product_ids\";a:0:{}s:11:\"usage_limit\";i:0;s:20:\"usage_limit_per_user\";i:0;s:22:\"limit_usage_to_x_items\";N;s:13:\"free_shipping\";b:0;s:18:\"product_categories\";a:0:{}s:27:\"excluded_product_categories\";a:0:{}s:18:\"exclude_sale_items\";b:1;s:14:\"minimum_amount\";s:0:\"\";s:14:\"maximum_amount\";s:0:\"\";s:18:\"email_restrictions\";a:1:{i:0;s:21:\"biophysiqueb@yahoo.fr\";}s:7:\"virtual\";b:0;s:9:\"meta_data\";a:0:{}}'),(1378,201,'_product_id','1173'),(1379,201,'_variation_id','0'),(1380,201,'_qty','1'),(1381,201,'_tax_class',''),(1382,201,'_line_subtotal','245'),(1383,201,'_line_subtotal_tax','0'),(1384,201,'_line_total','245'),(1385,201,'_line_tax','0'),(1386,201,'_line_tax_data','a:2:{s:5:\"total\";a:0:{}s:8:\"subtotal\";a:0:{}}'),(1387,202,'method_id','advanced_shipping'),(1388,202,'instance_id','0'),(1389,202,'cost','9.70'),(1390,202,'total_tax','0'),(1391,202,'taxes','a:1:{s:5:\"total\";a:0:{}}'),(1392,202,'Articles','Laser Froid 650nm - 810nm &times; 1'),(1447,210,'_product_id','1173'),(1448,210,'_variation_id','0'),(1449,210,'_qty','1'),(1450,210,'_tax_class',''),(1451,210,'_line_subtotal','215'),(1452,210,'_line_subtotal_tax','0'),(1453,210,'_line_total','215'),(1454,210,'_line_tax','0'),(1455,210,'_line_tax_data','a:2:{s:5:\"total\";a:0:{}s:8:\"subtotal\";a:0:{}}'),(1456,211,'method_id','advanced_shipping'),(1457,211,'instance_id','0'),(1458,211,'cost','9.70'),(1459,211,'total_tax','0'),(1460,211,'taxes','a:1:{s:5:\"total\";a:0:{}}'),(1461,211,'Articles','Laser Froid 650nm - 810nm &times; 1'),(1462,212,'_product_id','1173'),(1463,212,'_variation_id','0'),(1464,212,'_qty','1'),(1465,212,'_tax_class',''),(1466,212,'_line_subtotal','215'),(1467,212,'_line_subtotal_tax','0'),(1468,212,'_line_total','215'),(1469,212,'_line_tax','0'),(1470,212,'_line_tax_data','a:2:{s:5:\"total\";a:0:{}s:8:\"subtotal\";a:0:{}}'),(1471,213,'method_id','advanced_shipping'),(1472,213,'instance_id','0'),(1473,213,'cost','10.13'),(1474,213,'total_tax','0'),(1475,213,'taxes','a:1:{s:5:\"total\";a:0:{}}'),(1476,213,'Articles','Laser Froid 650nm - 810nm &times; 1'),(1486,215,'_product_id','852'),(1487,215,'_variation_id','0'),(1488,215,'_qty','1'),(1489,215,'_tax_class',''),(1490,215,'_line_subtotal','5'),(1491,215,'_line_subtotal_tax','0'),(1492,215,'_line_total','5'),(1493,215,'_line_tax','0'),(1494,215,'_line_tax_data','a:2:{s:5:\"total\";a:0:{}s:8:\"subtotal\";a:0:{}}'),(1495,216,'_product_id','1173'),(1496,216,'_variation_id','0'),(1497,216,'_qty','1'),(1498,216,'_tax_class',''),(1499,216,'_line_subtotal','215'),(1500,216,'_line_subtotal_tax','0'),(1501,216,'_line_total','215'),(1502,216,'_line_tax','0'),(1503,216,'_line_tax_data','a:2:{s:5:\"total\";a:0:{}s:8:\"subtotal\";a:0:{}}'),(1504,217,'method_id','advanced_shipping'),(1505,217,'instance_id','0'),(1506,217,'cost','9.70'),(1507,217,'total_tax','0'),(1508,217,'taxes','a:1:{s:5:\"total\";a:0:{}}'),(1509,217,'Articles','Laser Froid 650nm - 810nm &times; 1'),(1510,218,'_product_id','673'),(1511,218,'_variation_id','0'),(1512,218,'_qty','1'),(1513,218,'_tax_class',''),(1514,218,'_line_subtotal','35'),(1515,218,'_line_subtotal_tax','0'),(1516,218,'_line_total','35'),(1517,218,'_line_tax','0'),(1518,218,'_line_tax_data','a:2:{s:5:\"total\";a:0:{}s:8:\"subtotal\";a:0:{}}'),(1519,219,'method_id','advanced_shipping'),(1520,219,'instance_id','0'),(1521,219,'cost','5.03'),(1522,219,'total_tax','0'),(1523,219,'taxes','a:1:{s:5:\"total\";a:0:{}}'),(1524,219,'Articles','Kit de base d\'Acuité visuelle vaincre la myopie presbytie hypermétropie &times; 1'),(1525,220,'_product_id','1173'),(1526,220,'_variation_id','0'),(1527,220,'_qty','1'),(1528,220,'_tax_class',''),(1529,220,'_line_subtotal','215'),(1530,220,'_line_subtotal_tax','0'),(1531,220,'_line_total','215'),(1532,220,'_line_tax','0'),(1533,220,'_line_tax_data','a:2:{s:5:\"total\";a:0:{}s:8:\"subtotal\";a:0:{}}'),(1534,221,'method_id','advanced_shipping'),(1535,221,'instance_id','0'),(1536,221,'cost','9.70'),(1537,221,'total_tax','0'),(1538,221,'taxes','a:1:{s:5:\"total\";a:0:{}}'),(1539,221,'Articles','Laser Froid 650nm - 810nm &times; 1'),(1540,222,'_product_id','1173'),(1541,222,'_variation_id','0'),(1542,222,'_qty','1'),(1543,222,'_tax_class',''),(1544,222,'_line_subtotal','215'),(1545,222,'_line_subtotal_tax','0'),(1546,222,'_line_total','215'),(1547,222,'_line_tax','0'),(1548,222,'_line_tax_data','a:2:{s:5:\"total\";a:0:{}s:8:\"subtotal\";a:0:{}}'),(1549,223,'method_id','advanced_shipping'),(1550,223,'instance_id','0'),(1551,223,'cost','9.70'),(1552,223,'total_tax','0'),(1553,223,'taxes','a:1:{s:5:\"total\";a:0:{}}'),(1554,223,'Articles','Laser Froid 650nm - 810nm &times; 1'),(1555,224,'_product_id','1173'),(1556,224,'_variation_id','0'),(1557,224,'_qty','1'),(1558,224,'_tax_class',''),(1559,224,'_line_subtotal','215'),(1560,224,'_line_subtotal_tax','0'),(1561,224,'_line_total','215'),(1562,224,'_line_tax','0'),(1563,224,'_line_tax_data','a:2:{s:5:\"total\";a:0:{}s:8:\"subtotal\";a:0:{}}'),(1564,225,'method_id','advanced_shipping'),(1565,225,'instance_id','0'),(1566,225,'cost','9.70'),(1567,225,'total_tax','0'),(1568,225,'taxes','a:1:{s:5:\"total\";a:0:{}}'),(1569,225,'Articles','Laser Froid 650nm - 810nm &times; 1'),(1570,226,'_product_id','1070'),(1571,226,'_variation_id','0'),(1572,226,'_qty','2'),(1573,226,'_tax_class',''),(1574,226,'_line_subtotal','138'),(1575,226,'_line_subtotal_tax','0'),(1576,226,'_line_total','138'),(1577,226,'_line_tax','0'),(1578,226,'_line_tax_data','a:2:{s:5:\"total\";a:0:{}s:8:\"subtotal\";a:0:{}}'),(1579,227,'_product_id','2142'),(1580,227,'_variation_id','0'),(1581,227,'_qty','1'),(1582,227,'_tax_class',''),(1583,227,'_line_subtotal','51'),(1584,227,'_line_subtotal_tax','0'),(1585,227,'_line_total','51'),(1586,227,'_line_tax','0'),(1587,227,'_line_tax_data','a:2:{s:5:\"total\";a:0:{}s:8:\"subtotal\";a:0:{}}'),(1588,228,'_product_id','1069'),(1589,228,'_variation_id','0'),(1590,228,'_qty','1'),(1591,228,'_tax_class',''),(1592,228,'_line_subtotal','98'),(1593,228,'_line_subtotal_tax','0'),(1594,228,'_line_total','98'),(1595,228,'_line_tax','0'),(1596,228,'_line_tax_data','a:2:{s:5:\"total\";a:0:{}s:8:\"subtotal\";a:0:{}}'),(1597,229,'_product_id','1173'),(1598,229,'_variation_id','0'),(1599,229,'_qty','1'),(1600,229,'_tax_class',''),(1601,229,'_line_subtotal','215'),(1602,229,'_line_subtotal_tax','0'),(1603,229,'_line_total','215'),(1604,229,'_line_tax','0'),(1605,229,'_line_tax_data','a:2:{s:5:\"total\";a:0:{}s:8:\"subtotal\";a:0:{}}'),(1606,230,'_product_id','852'),(1607,230,'_variation_id','0'),(1608,230,'_qty','1'),(1609,230,'_tax_class',''),(1610,230,'_line_subtotal','15'),(1611,230,'_line_subtotal_tax','0'),(1612,230,'_line_total','15'),(1613,230,'_line_tax','0'),(1614,230,'_line_tax_data','a:2:{s:5:\"total\";a:0:{}s:8:\"subtotal\";a:0:{}}'),(1615,231,'method_id','advanced_shipping'),(1616,231,'instance_id','0'),(1617,231,'cost','37.30'),(1618,231,'total_tax','0'),(1619,231,'taxes','a:1:{s:5:\"total\";a:0:{}}'),(1620,231,'Articles','Masque Intensif &times; 2, Laser à Froid LLL pour Rhume des foins, Rhinite, Sinusite, inflammation nasale &times; 1, Masque Confort &times; 1, Laser Froid 650nm - 810nm &times; 1'),(1621,232,'_product_id','1173'),(1622,232,'_variation_id','0'),(1623,232,'_qty','1'),(1624,232,'_tax_class',''),(1625,232,'_line_subtotal','215'),(1626,232,'_line_subtotal_tax','0'),(1627,232,'_line_total','215'),(1628,232,'_line_tax','0'),(1629,232,'_line_tax_data','a:2:{s:5:\"total\";a:0:{}s:8:\"subtotal\";a:0:{}}'),(1630,233,'method_id','advanced_shipping'),(1631,233,'instance_id','0'),(1632,233,'cost','9.70'),(1633,233,'total_tax','0'),(1634,233,'taxes','a:1:{s:5:\"total\";a:0:{}}'),(1635,233,'Articles','Laser Froid 650nm - 810nm &times; 1'),(1636,234,'_product_id','1173'),(1637,234,'_variation_id','0'),(1638,234,'_qty','1'),(1639,234,'_tax_class',''),(1640,234,'_line_subtotal','215'),(1641,234,'_line_subtotal_tax','0'),(1642,234,'_line_total','215'),(1643,234,'_line_tax','0'),(1644,234,'_line_tax_data','a:2:{s:5:\"total\";a:0:{}s:8:\"subtotal\";a:0:{}}'),(1645,235,'method_id','advanced_shipping'),(1646,235,'instance_id','0'),(1647,235,'cost','9.70'),(1648,235,'total_tax','0'),(1649,235,'taxes','a:1:{s:5:\"total\";a:0:{}}'),(1650,235,'Articles','Laser Froid 650nm - 810nm &times; 1'),(1651,236,'_product_id','676'),(1652,236,'_variation_id','0'),(1653,236,'_qty','1'),(1654,236,'_tax_class',''),(1655,236,'_line_subtotal','182'),(1656,236,'_line_subtotal_tax','0'),(1657,236,'_line_total','182'),(1658,236,'_line_tax','0'),(1659,236,'_line_tax_data','a:2:{s:5:\"total\";a:0:{}s:8:\"subtotal\";a:0:{}}'),(1660,237,'method_id','advanced_shipping'),(1661,237,'instance_id','0'),(1662,237,'cost','22.91'),(1663,237,'total_tax','0'),(1664,237,'taxes','a:1:{s:5:\"total\";a:0:{}}'),(1665,237,'Articles','Kit Luxe d\'Acuité visuelle à son meilleur : myopie presbytie &times; 1'),(1666,238,'_product_id','2489'),(1667,238,'_variation_id','0'),(1668,238,'_qty','1'),(1669,238,'_tax_class',''),(1670,238,'_line_subtotal','19.3'),(1671,238,'_line_subtotal_tax','0'),(1672,238,'_line_total','19.3'),(1673,238,'_line_tax','0'),(1674,238,'_line_tax_data','a:2:{s:5:\"total\";a:0:{}s:8:\"subtotal\";a:0:{}}'),(1675,239,'method_id','jem_table_rate'),(1676,239,'instance_id','5'),(1677,239,'cost','4.95'),(1678,239,'total_tax','0'),(1679,239,'taxes','a:1:{s:5:\"total\";a:0:{}}'),(1680,240,'_product_id','1173'),(1681,240,'_variation_id','0'),(1682,240,'_qty','1'),(1683,240,'_tax_class',''),(1684,240,'_line_subtotal','215'),(1685,240,'_line_subtotal_tax','0'),(1686,240,'_line_total','215'),(1687,240,'_line_tax','0'),(1688,240,'_line_tax_data','a:2:{s:5:\"total\";a:0:{}s:8:\"subtotal\";a:0:{}}'),(1689,241,'method_id','jem_table_rate'),(1690,241,'instance_id','5'),(1691,241,'cost','7.25'),(1692,241,'total_tax','0'),(1693,241,'taxes','a:1:{s:5:\"total\";a:0:{}}'),(1694,242,'_product_id','1173'),(1695,242,'_variation_id','0'),(1696,242,'_qty','1'),(1697,242,'_tax_class',''),(1698,242,'_line_subtotal','215'),(1699,242,'_line_subtotal_tax','0'),(1700,242,'_line_total','215'),(1701,242,'_line_tax','0'),(1702,242,'_line_tax_data','a:2:{s:5:\"total\";a:0:{}s:8:\"subtotal\";a:0:{}}'),(1703,243,'method_id','jem_table_rate'),(1704,243,'instance_id','5'),(1705,243,'cost','7.25'),(1706,243,'total_tax','0'),(1707,243,'taxes','a:1:{s:5:\"total\";a:0:{}}'),(1708,244,'_product_id','1173'),(1709,244,'_variation_id','0'),(1710,244,'_qty','1'),(1711,244,'_tax_class',''),(1712,244,'_line_subtotal','215'),(1713,244,'_line_subtotal_tax','0'),(1714,244,'_line_total','215'),(1715,244,'_line_tax','0'),(1716,244,'_line_tax_data','a:2:{s:5:\"total\";a:0:{}s:8:\"subtotal\";a:0:{}}'),(1717,245,'method_id','jem_table_rate'),(1718,245,'instance_id','5'),(1719,245,'cost','7.25'),(1720,245,'total_tax','0'),(1721,245,'taxes','a:1:{s:5:\"total\";a:0:{}}'),(1722,246,'_product_id','2491'),(1723,246,'_variation_id','0'),(1724,246,'_qty','1'),(1725,246,'_tax_class',''),(1726,246,'_line_subtotal','32'),(1727,246,'_line_subtotal_tax','0'),(1728,246,'_line_total','32'),(1729,246,'_line_tax','0'),(1730,246,'_line_tax_data','a:2:{s:5:\"total\";a:0:{}s:8:\"subtotal\";a:0:{}}'),(1731,247,'_product_id','2492'),(1732,247,'_variation_id','0'),(1733,247,'_qty','1'),(1734,247,'_tax_class',''),(1735,247,'_line_subtotal','47'),(1736,247,'_line_subtotal_tax','0'),(1737,247,'_line_total','47'),(1738,247,'_line_tax','0'),(1739,247,'_line_tax_data','a:2:{s:5:\"total\";a:0:{}s:8:\"subtotal\";a:0:{}}'),(1740,248,'method_id','jem_table_rate'),(1741,248,'instance_id','5'),(1742,248,'cost','8.95'),(1743,248,'total_tax','0'),(1744,248,'taxes','a:1:{s:5:\"total\";a:0:{}}'),(1745,249,'_product_id','2491'),(1746,249,'_variation_id','0'),(1747,249,'_qty','1'),(1748,249,'_tax_class',''),(1749,249,'_line_subtotal','32'),(1750,249,'_line_subtotal_tax','0'),(1751,249,'_line_total','32'),(1752,249,'_line_tax','0'),(1753,249,'_line_tax_data','a:2:{s:5:\"total\";a:0:{}s:8:\"subtotal\";a:0:{}}'),(1754,250,'method_id','jem_table_rate'),(1755,250,'instance_id','5'),(1756,250,'cost','6.35'),(1757,250,'total_tax','0'),(1758,250,'taxes','a:1:{s:5:\"total\";a:0:{}}'),(1759,251,'_product_id','2491'),(1760,251,'_variation_id','0'),(1761,251,'_qty','1'),(1762,251,'_tax_class',''),(1763,251,'_line_subtotal','32'),(1764,251,'_line_subtotal_tax','0'),(1765,251,'_line_total','32'),(1766,251,'_line_tax','0'),(1767,251,'_line_tax_data','a:2:{s:5:\"total\";a:0:{}s:8:\"subtotal\";a:0:{}}'),(1768,252,'method_id','jem_table_rate'),(1769,252,'instance_id','5'),(1770,252,'cost','6.35'),(1771,252,'total_tax','0'),(1772,252,'taxes','a:1:{s:5:\"total\";a:0:{}}'),(1773,253,'_product_id','2142'),(1774,253,'_variation_id','0'),(1775,253,'_qty','1'),(1776,253,'_tax_class',''),(1777,253,'_line_subtotal','29'),(1778,253,'_line_subtotal_tax','0'),(1779,253,'_line_total','29'),(1780,253,'_line_tax','0'),(1781,253,'_line_tax_data','a:2:{s:5:\"total\";a:0:{}s:8:\"subtotal\";a:0:{}}'),(1782,254,'method_id','jem_table_rate'),(1783,254,'instance_id','5'),(1784,254,'cost','4.95'),(1785,254,'total_tax','0'),(1786,254,'taxes','a:1:{s:5:\"total\";a:0:{}}'),(1787,255,'_product_id','2655'),(1788,255,'_variation_id','0'),(1789,255,'_qty','1'),(1790,255,'_tax_class',''),(1791,255,'_line_subtotal','225'),(1792,255,'_line_subtotal_tax','0'),(1793,255,'_line_total','225'),(1794,255,'_line_tax','0'),(1795,255,'_line_tax_data','a:2:{s:5:\"total\";a:0:{}s:8:\"subtotal\";a:0:{}}'),(1796,256,'method_id','jem_table_rate'),(1797,256,'instance_id','5'),(1798,256,'cost','4.95'),(1799,256,'total_tax','0'),(1800,256,'taxes','a:1:{s:5:\"total\";a:0:{}}'),(1801,257,'_product_id','2552'),(1802,257,'_variation_id','0'),(1803,257,'_qty','1'),(1804,257,'_tax_class',''),(1805,257,'_line_subtotal','260'),(1806,257,'_line_subtotal_tax','0'),(1807,257,'_line_total','260'),(1808,257,'_line_tax','0'),(1809,257,'_line_tax_data','a:2:{s:5:\"total\";a:0:{}s:8:\"subtotal\";a:0:{}}'),(1810,258,'method_id','jem_table_rate'),(1811,258,'instance_id','5'),(1812,258,'cost','8.95'),(1813,258,'total_tax','0'),(1814,258,'taxes','a:1:{s:5:\"total\";a:0:{}}'),(1815,259,'_product_id','1173'),(1816,259,'_variation_id','0'),(1817,259,'_qty','1'),(1818,259,'_tax_class',''),(1819,259,'_line_subtotal','215'),(1820,259,'_line_subtotal_tax','0'),(1821,259,'_line_total','215'),(1822,259,'_line_tax','0'),(1823,259,'_line_tax_data','a:2:{s:5:\"total\";a:0:{}s:8:\"subtotal\";a:0:{}}'),(1824,260,'method_id','jem_table_rate'),(1825,260,'instance_id','5'),(1826,260,'cost','7.25'),(1827,260,'total_tax','0'),(1828,260,'taxes','a:1:{s:5:\"total\";a:0:{}}'),(1829,261,'_product_id','1173'),(1830,261,'_variation_id','0'),(1831,261,'_qty','1'),(1832,261,'_tax_class',''),(1833,261,'_line_subtotal','215'),(1834,261,'_line_subtotal_tax','0'),(1835,261,'_line_total','215'),(1836,261,'_line_tax','0'),(1837,261,'_line_tax_data','a:2:{s:5:\"total\";a:0:{}s:8:\"subtotal\";a:0:{}}'),(1838,262,'_product_id','1069'),(1839,262,'_variation_id','0'),(1840,262,'_qty','1'),(1841,262,'_tax_class',''),(1842,262,'_line_subtotal','78'),(1843,262,'_line_subtotal_tax','0'),(1844,262,'_line_total','78'),(1845,262,'_line_tax','0'),(1846,262,'_line_tax_data','a:2:{s:5:\"total\";a:0:{}s:8:\"subtotal\";a:0:{}}'),(1847,263,'method_id','jem_table_rate'),(1848,263,'instance_id','5'),(1849,263,'cost','8.95'),(1850,263,'total_tax','0'),(1851,263,'taxes','a:1:{s:5:\"total\";a:0:{}}'),(1852,264,'_product_id','2490'),(1853,264,'_variation_id','0'),(1854,264,'_qty','1'),(1855,264,'_tax_class',''),(1856,264,'_line_subtotal','94'),(1857,264,'_line_subtotal_tax','0'),(1858,264,'_line_total','94'),(1859,264,'_line_tax','0'),(1860,264,'_line_tax_data','a:2:{s:5:\"total\";a:0:{}s:8:\"subtotal\";a:0:{}}'),(1861,265,'_product_id','2491'),(1862,265,'_variation_id','0'),(1863,265,'_qty','1'),(1864,265,'_tax_class',''),(1865,265,'_line_subtotal','32'),(1866,265,'_line_subtotal_tax','0'),(1867,265,'_line_total','32'),(1868,265,'_line_tax','0'),(1869,265,'_line_tax_data','a:2:{s:5:\"total\";a:0:{}s:8:\"subtotal\";a:0:{}}'),(1870,266,'_product_id','2655'),(1871,266,'_variation_id','0'),(1872,266,'_qty','1'),(1873,266,'_tax_class',''),(1874,266,'_line_subtotal','225'),(1875,266,'_line_subtotal_tax','0'),(1876,266,'_line_total','225'),(1877,266,'_line_tax','0'),(1878,266,'_line_tax_data','a:2:{s:5:\"total\";a:0:{}s:8:\"subtotal\";a:0:{}}'),(1879,267,'method_id','jem_table_rate'),(1880,267,'instance_id','5'),(1881,267,'cost','8.95'),(1882,267,'total_tax','0'),(1883,267,'taxes','a:1:{s:5:\"total\";a:0:{}}'),(1884,268,'_product_id','1066'),(1885,268,'_variation_id','0'),(1886,268,'_qty','1'),(1887,268,'_tax_class',''),(1888,268,'_line_subtotal','18'),(1889,268,'_line_subtotal_tax','0'),(1890,268,'_line_total','18'),(1891,268,'_line_tax','0'),(1892,268,'_line_tax_data','a:2:{s:5:\"total\";a:0:{}s:8:\"subtotal\";a:0:{}}'),(1893,269,'method_id','jem_table_rate'),(1894,269,'instance_id','5'),(1895,269,'cost','6.35'),(1896,269,'total_tax','0'),(1897,269,'taxes','a:1:{s:5:\"total\";a:0:{}}'),(1898,270,'_product_id','2491'),(1899,270,'_variation_id','0'),(1900,270,'_qty','2'),(1901,270,'_tax_class',''),(1902,270,'_line_subtotal','64'),(1903,270,'_line_subtotal_tax','0'),(1904,270,'_line_total','64'),(1905,270,'_line_tax','0'),(1906,270,'_line_tax_data','a:2:{s:5:\"total\";a:0:{}s:8:\"subtotal\";a:0:{}}'),(1907,271,'method_id','jem_table_rate'),(1908,271,'instance_id','5'),(1909,271,'cost','7.95'),(1910,271,'total_tax','0'),(1911,271,'taxes','a:1:{s:5:\"total\";a:0:{}}'),(1912,272,'_product_id','2655'),(1913,272,'_variation_id','0'),(1914,272,'_qty','1'),(1915,272,'_tax_class',''),(1916,272,'_line_subtotal','225'),(1917,272,'_line_subtotal_tax','0'),(1918,272,'_line_total','225'),(1919,272,'_line_tax','0'),(1920,272,'_line_tax_data','a:2:{s:5:\"total\";a:0:{}s:8:\"subtotal\";a:0:{}}'),(1921,273,'method_id','jem_table_rate'),(1922,273,'instance_id','9'),(1923,273,'cost','17.00'),(1924,273,'total_tax','0'),(1925,273,'taxes','a:1:{s:5:\"total\";a:0:{}}'),(1926,274,'_product_id','2655'),(1927,274,'_variation_id','0'),(1928,274,'_qty','1'),(1929,274,'_tax_class',''),(1930,274,'_line_subtotal','225'),(1931,274,'_line_subtotal_tax','0'),(1932,274,'_line_total','225'),(1933,274,'_line_tax','0'),(1934,274,'_line_tax_data','a:2:{s:5:\"total\";a:0:{}s:8:\"subtotal\";a:0:{}}'),(1935,275,'method_id','jem_table_rate'),(1936,275,'instance_id','5'),(1937,275,'cost','4.95'),(1938,275,'total_tax','0'),(1939,275,'taxes','a:1:{s:5:\"total\";a:0:{}}'),(1940,276,'_product_id','2491'),(1941,276,'_variation_id','0'),(1942,276,'_qty','1'),(1943,276,'_tax_class',''),(1944,276,'_line_subtotal','32'),(1945,276,'_line_subtotal_tax','0'),(1946,276,'_line_total','32'),(1947,276,'_line_tax','0'),(1948,276,'_line_tax_data','a:2:{s:5:\"total\";a:0:{}s:8:\"subtotal\";a:0:{}}'),(1949,277,'method_id','jem_table_rate'),(1950,277,'instance_id','5'),(1951,277,'cost','6.35'),(1952,277,'total_tax','0'),(1953,277,'taxes','a:1:{s:5:\"total\";a:0:{}}'),(1954,278,'_product_id','2492'),(1955,278,'_variation_id','0'),(1956,278,'_qty','1'),(1957,278,'_tax_class',''),(1958,278,'_line_subtotal','47'),(1959,278,'_line_subtotal_tax','0'),(1960,278,'_line_total','47'),(1961,278,'_line_tax','0'),(1962,278,'_line_tax_data','a:2:{s:5:\"total\";a:0:{}s:8:\"subtotal\";a:0:{}}'),(1963,279,'method_id','jem_table_rate'),(1964,279,'instance_id','5'),(1965,279,'cost','7.25'),(1966,279,'total_tax','0'),(1967,279,'taxes','a:1:{s:5:\"total\";a:0:{}}'),(1968,280,'_product_id','1173'),(1969,280,'_variation_id','0'),(1970,280,'_qty','1'),(1971,280,'_tax_class',''),(1972,280,'_line_subtotal','215'),(1973,280,'_line_subtotal_tax','0'),(1974,280,'_line_total','215'),(1975,280,'_line_tax','0'),(1976,280,'_line_tax_data','a:2:{s:5:\"total\";a:0:{}s:8:\"subtotal\";a:0:{}}'),(1977,281,'method_id','jem_table_rate'),(1978,281,'instance_id','5'),(1979,281,'cost','7.25'),(1980,281,'total_tax','0'),(1981,281,'taxes','a:1:{s:5:\"total\";a:0:{}}'),(1982,282,'_product_id','1066'),(1983,282,'_variation_id','0'),(1984,282,'_qty','2'),(1985,282,'_tax_class',''),(1986,282,'_line_subtotal','36'),(1987,282,'_line_subtotal_tax','0'),(1988,282,'_line_total','36'),(1989,282,'_line_tax','0'),(1990,282,'_line_tax_data','a:2:{s:5:\"total\";a:0:{}s:8:\"subtotal\";a:0:{}}'),(1991,283,'method_id','jem_table_rate'),(1992,283,'instance_id','5'),(1993,283,'cost','7.95'),(1994,283,'total_tax','0'),(1995,283,'taxes','a:1:{s:5:\"total\";a:0:{}}'),(2005,285,'_product_id','852'),(2006,285,'_variation_id','0'),(2007,285,'_qty','1'),(2008,285,'_tax_class',''),(2009,285,'_line_subtotal','12'),(2010,285,'_line_subtotal_tax','0'),(2011,285,'_line_total','12'),(2012,285,'_line_tax','0'),(2013,285,'_line_tax_data','a:2:{s:5:\"total\";a:0:{}s:8:\"subtotal\";a:0:{}}'),(2014,286,'_product_id','1173'),(2015,286,'_variation_id','0'),(2016,286,'_qty','1'),(2017,286,'_tax_class',''),(2018,286,'_line_subtotal','215'),(2019,286,'_line_subtotal_tax','0'),(2020,286,'_line_total','215'),(2021,286,'_line_tax','0'),(2022,286,'_line_tax_data','a:2:{s:5:\"total\";a:0:{}s:8:\"subtotal\";a:0:{}}'),(2023,287,'method_id','jem_table_rate'),(2024,287,'instance_id','6'),(2025,287,'cost','14.60'),(2026,287,'total_tax','0'),(2027,287,'taxes','a:1:{s:5:\"total\";a:0:{}}'),(2028,288,'_product_id','2655'),(2029,288,'_variation_id','0'),(2030,288,'_qty','1'),(2031,288,'_tax_class',''),(2032,288,'_line_subtotal','225'),(2033,288,'_line_subtotal_tax','0'),(2034,288,'_line_total','225'),(2035,288,'_line_tax','0'),(2036,288,'_line_tax_data','a:2:{s:5:\"total\";a:0:{}s:8:\"subtotal\";a:0:{}}'),(2037,289,'method_id','jem_table_rate'),(2038,289,'instance_id','5'),(2039,289,'cost','4.95'),(2040,289,'total_tax','0'),(2041,289,'taxes','a:1:{s:5:\"total\";a:0:{}}'),(2042,290,'_product_id','1173'),(2043,290,'_variation_id','0'),(2044,290,'_qty','1'),(2045,290,'_tax_class',''),(2046,290,'_line_subtotal','215'),(2047,290,'_line_subtotal_tax','0'),(2048,290,'_line_total','215'),(2049,290,'_line_tax','0'),(2050,290,'_line_tax_data','a:2:{s:5:\"total\";a:0:{}s:8:\"subtotal\";a:0:{}}'),(2051,291,'method_id','jem_table_rate'),(2052,291,'instance_id','5'),(2053,291,'cost','7.25'),(2054,291,'total_tax','0'),(2055,291,'taxes','a:1:{s:5:\"total\";a:0:{}}'),(2056,292,'_product_id','2142'),(2057,292,'_variation_id','0'),(2058,292,'_qty','1'),(2059,292,'_tax_class',''),(2060,292,'_line_subtotal','29'),(2061,292,'_line_subtotal_tax','0'),(2062,292,'_line_total','29'),(2063,292,'_line_tax','0'),(2064,292,'_line_tax_data','a:2:{s:5:\"total\";a:0:{}s:8:\"subtotal\";a:0:{}}'),(2065,293,'method_id','jem_table_rate'),(2066,293,'instance_id','5'),(2067,293,'cost','4.95'),(2068,293,'total_tax','0'),(2069,293,'taxes','a:1:{s:5:\"total\";a:0:{}}'),(2070,294,'_product_id','2142'),(2071,294,'_variation_id','0'),(2072,294,'_qty','1'),(2073,294,'_tax_class',''),(2074,294,'_line_subtotal','29'),(2075,294,'_line_subtotal_tax','0'),(2076,294,'_line_total','29'),(2077,294,'_line_tax','0'),(2078,294,'_line_tax_data','a:2:{s:5:\"total\";a:0:{}s:8:\"subtotal\";a:0:{}}'),(2079,295,'method_id','jem_table_rate'),(2080,295,'instance_id','5'),(2081,295,'cost','4.95'),(2082,295,'total_tax','0'),(2083,295,'taxes','a:1:{s:5:\"total\";a:0:{}}'),(2098,298,'_product_id','1173'),(2099,298,'_variation_id','0'),(2100,298,'_qty','1'),(2101,298,'_tax_class',''),(2102,298,'_line_subtotal','215'),(2103,298,'_line_subtotal_tax','0'),(2104,298,'_line_total','215'),(2105,298,'_line_tax','0'),(2106,298,'_line_tax_data','a:2:{s:5:\"total\";a:0:{}s:8:\"subtotal\";a:0:{}}'),(2107,299,'method_id','jem_table_rate'),(2108,299,'instance_id','5'),(2109,299,'cost','7.25'),(2110,299,'total_tax','0'),(2111,299,'taxes','a:1:{s:5:\"total\";a:0:{}}'),(2112,300,'_product_id','2491'),(2113,300,'_variation_id','0'),(2114,300,'_qty','1'),(2115,300,'_tax_class',''),(2116,300,'_line_subtotal','32'),(2117,300,'_line_subtotal_tax','0'),(2118,300,'_line_total','32'),(2119,300,'_line_tax','0'),(2120,300,'_line_tax_data','a:2:{s:5:\"total\";a:0:{}s:8:\"subtotal\";a:0:{}}'),(2121,301,'_product_id','2492'),(2122,301,'_variation_id','0'),(2123,301,'_qty','1'),(2124,301,'_tax_class',''),(2125,301,'_line_subtotal','47'),(2126,301,'_line_subtotal_tax','0'),(2127,301,'_line_total','47'),(2128,301,'_line_tax','0'),(2129,301,'_line_tax_data','a:2:{s:5:\"total\";a:0:{}s:8:\"subtotal\";a:0:{}}'),(2130,302,'method_id','jem_table_rate'),(2131,302,'instance_id','5'),(2132,302,'cost','8.95'),(2133,302,'total_tax','0'),(2134,302,'taxes','a:1:{s:5:\"total\";a:0:{}}'),(2135,303,'_product_id','2552'),(2136,303,'_variation_id','0'),(2137,303,'_qty','1'),(2138,303,'_tax_class',''),(2139,303,'_line_subtotal','260'),(2140,303,'_line_subtotal_tax','0'),(2141,303,'_line_total','260'),(2142,303,'_line_tax','0'),(2143,303,'_line_tax_data','a:2:{s:5:\"total\";a:0:{}s:8:\"subtotal\";a:0:{}}'),(2144,304,'_product_id','2491'),(2145,304,'_variation_id','0'),(2146,304,'_qty','1'),(2147,304,'_tax_class',''),(2148,304,'_line_subtotal','32'),(2149,304,'_line_subtotal_tax','0'),(2150,304,'_line_total','32'),(2151,304,'_line_tax','0'),(2152,304,'_line_tax_data','a:2:{s:5:\"total\";a:0:{}s:8:\"subtotal\";a:0:{}}'),(2153,305,'method_id','jem_table_rate'),(2154,305,'instance_id','8'),(2155,305,'cost','17.55'),(2156,305,'total_tax','0'),(2157,305,'taxes','a:1:{s:5:\"total\";a:0:{}}'),(2158,306,'_product_id','1173'),(2159,306,'_variation_id','0'),(2160,306,'_qty','1'),(2161,306,'_tax_class',''),(2162,306,'_line_subtotal','140'),(2163,306,'_line_subtotal_tax','0'),(2164,306,'_line_total','140'),(2165,306,'_line_tax','0'),(2166,306,'_line_tax_data','a:2:{s:5:\"total\";a:0:{}s:8:\"subtotal\";a:0:{}}'),(2167,307,'method_id','jem_table_rate'),(2168,307,'instance_id','5'),(2169,307,'cost','7.25'),(2170,307,'total_tax','0'),(2171,307,'taxes','a:1:{s:5:\"total\";a:0:{}}'),(2172,308,'_product_id','2491'),(2173,308,'_variation_id','0'),(2174,308,'_qty','1'),(2175,308,'_tax_class',''),(2176,308,'_line_subtotal','32'),(2177,308,'_line_subtotal_tax','0'),(2178,308,'_line_total','32'),(2179,308,'_line_tax','0'),(2180,308,'_line_tax_data','a:2:{s:5:\"total\";a:0:{}s:8:\"subtotal\";a:0:{}}'),(2181,309,'method_id','jem_table_rate'),(2182,309,'instance_id','5'),(2183,309,'cost','6.35'),(2184,309,'total_tax','0'),(2185,309,'taxes','a:1:{s:5:\"total\";a:0:{}}'),(2186,310,'_product_id','2552'),(2187,310,'_variation_id','0'),(2188,310,'_qty','1'),(2189,310,'_tax_class',''),(2190,310,'_line_subtotal','260'),(2191,310,'_line_subtotal_tax','0'),(2192,310,'_line_total','260'),(2193,310,'_line_tax','0'),(2194,310,'_line_tax_data','a:2:{s:5:\"total\";a:0:{}s:8:\"subtotal\";a:0:{}}'),(2195,311,'method_id','jem_table_rate'),(2196,311,'instance_id','5'),(2197,311,'cost','8.95'),(2198,311,'total_tax','0'),(2199,311,'taxes','a:1:{s:5:\"total\";a:0:{}}'),(2200,312,'_product_id','2655'),(2201,312,'_variation_id','0'),(2202,312,'_qty','1'),(2203,312,'_tax_class',''),(2204,312,'_line_subtotal','225'),(2205,312,'_line_subtotal_tax','0'),(2206,312,'_line_total','225'),(2207,312,'_line_tax','0'),(2208,312,'_line_tax_data','a:2:{s:5:\"total\";a:0:{}s:8:\"subtotal\";a:0:{}}'),(2209,313,'method_id','jem_table_rate'),(2210,313,'instance_id','5'),(2211,313,'cost','4.95'),(2212,313,'total_tax','0'),(2213,313,'taxes','a:1:{s:5:\"total\";a:0:{}}'),(2214,314,'_product_id','1173'),(2215,314,'_variation_id','0'),(2216,314,'_qty','1'),(2217,314,'_tax_class',''),(2218,314,'_line_subtotal','140'),(2219,314,'_line_subtotal_tax','0'),(2220,314,'_line_total','140'),(2221,314,'_line_tax','0'),(2222,314,'_line_tax_data','a:2:{s:5:\"total\";a:0:{}s:8:\"subtotal\";a:0:{}}'),(2223,315,'method_id','jem_table_rate'),(2224,315,'instance_id','5'),(2225,315,'cost','7.25'),(2226,315,'total_tax','0'),(2227,315,'taxes','a:1:{s:5:\"total\";a:0:{}}'),(2228,316,'_product_id','2492'),(2229,316,'_variation_id','0'),(2230,316,'_qty','2'),(2231,316,'_tax_class',''),(2232,316,'_line_subtotal','94'),(2233,316,'_line_subtotal_tax','0'),(2234,316,'_line_total','94'),(2235,316,'_line_tax','0'),(2236,316,'_line_tax_data','a:2:{s:5:\"total\";a:0:{}s:8:\"subtotal\";a:0:{}}'),(2237,317,'method_id','jem_table_rate'),(2238,317,'instance_id','10'),(2239,317,'cost','38.00'),(2240,317,'total_tax','0'),(2241,317,'taxes','a:1:{s:5:\"total\";a:0:{}}'),(2242,318,'_product_id','2490'),(2243,318,'_variation_id','0'),(2244,318,'_qty','1'),(2245,318,'_tax_class',''),(2246,318,'_line_subtotal','94'),(2247,318,'_line_subtotal_tax','0'),(2248,318,'_line_total','94'),(2249,318,'_line_tax','0'),(2250,318,'_line_tax_data','a:2:{s:5:\"total\";a:0:{}s:8:\"subtotal\";a:0:{}}'),(2251,319,'method_id','jem_table_rate'),(2252,319,'instance_id','5'),(2253,319,'cost','7.95'),(2254,319,'total_tax','0'),(2255,319,'taxes','a:1:{s:5:\"total\";a:0:{}}'),(2256,320,'_product_id','1173'),(2257,320,'_variation_id','0'),(2258,320,'_qty','1'),(2259,320,'_tax_class',''),(2260,320,'_line_subtotal','140'),(2261,320,'_line_subtotal_tax','0'),(2262,320,'_line_total','140'),(2263,320,'_line_tax','0'),(2264,320,'_line_tax_data','a:2:{s:5:\"total\";a:0:{}s:8:\"subtotal\";a:0:{}}'),(2265,321,'method_id','jem_table_rate'),(2266,321,'instance_id','5'),(2267,321,'cost','7.25'),(2268,321,'total_tax','0'),(2269,321,'taxes','a:1:{s:5:\"total\";a:0:{}}'),(2270,322,'_product_id','2142'),(2271,322,'_variation_id','0'),(2272,322,'_qty','1'),(2273,322,'_tax_class',''),(2274,322,'_line_subtotal','29'),(2275,322,'_line_subtotal_tax','0'),(2276,322,'_line_total','26.1'),(2277,322,'_line_tax','0'),(2278,322,'_line_tax_data','a:2:{s:5:\"total\";a:0:{}s:8:\"subtotal\";a:0:{}}'),(2279,323,'method_id','jem_table_rate'),(2280,323,'instance_id','5'),(2281,323,'cost','4.95'),(2282,323,'total_tax','0'),(2283,323,'taxes','a:1:{s:5:\"total\";a:0:{}}'),(2284,324,'discount_amount','2.9'),(2285,324,'discount_amount_tax','0'),(2286,324,'coupon_data','a:25:{s:2:\"id\";i:1071;s:4:\"code\";s:8:\"ja20aban\";s:6:\"amount\";s:2:\"10\";s:6:\"status\";s:7:\"publish\";s:12:\"date_created\";O:11:\"WC_DateTime\":4:{s:13:\"\0*\0utc_offset\";i:0;s:4:\"date\";s:26:\"2018-06-10 10:36:42.000000\";s:13:\"timezone_type\";i:3;s:8:\"timezone\";s:12:\"Europe/Paris\";}s:13:\"date_modified\";O:11:\"WC_DateTime\":4:{s:13:\"\0*\0utc_offset\";i:0;s:4:\"date\";s:26:\"2018-06-14 09:06:15.000000\";s:13:\"timezone_type\";i:3;s:8:\"timezone\";s:12:\"Europe/Paris\";}s:12:\"date_expires\";N;s:13:\"discount_type\";s:7:\"percent\";s:11:\"description\";s:0:\"\";s:11:\"usage_count\";i:0;s:14:\"individual_use\";b:1;s:11:\"product_ids\";a:0:{}s:20:\"excluded_product_ids\";a:0:{}s:11:\"usage_limit\";i:0;s:20:\"usage_limit_per_user\";i:0;s:22:\"limit_usage_to_x_items\";N;s:13:\"free_shipping\";b:0;s:18:\"product_categories\";a:0:{}s:27:\"excluded_product_categories\";a:0:{}s:18:\"exclude_sale_items\";b:0;s:14:\"minimum_amount\";s:0:\"\";s:14:\"maximum_amount\";s:0:\"\";s:18:\"email_restrictions\";a:0:{}s:7:\"virtual\";b:0;s:9:\"meta_data\";a:1:{i:0;O:12:\"WC_Meta_Data\":2:{s:15:\"\0*\0current_data\";a:3:{s:2:\"id\";i:6760;s:3:\"key\";s:14:\"slide_template\";s:5:\"value\";s:7:\"default\";}s:7:\"\0*\0data\";a:3:{s:2:\"id\";i:6760;s:3:\"key\";s:14:\"slide_template\";s:5:\"value\";s:7:\"default\";}}}}'),(2287,325,'_product_id','1173'),(2288,325,'_variation_id','0'),(2289,325,'_qty','1'),(2290,325,'_tax_class',''),(2291,325,'_line_subtotal','140'),(2292,325,'_line_subtotal_tax','0'),(2293,325,'_line_total','140'),(2294,325,'_line_tax','0'),(2295,325,'_line_tax_data','a:2:{s:5:\"total\";a:0:{}s:8:\"subtotal\";a:0:{}}'),(2296,326,'method_id','jem_table_rate'),(2297,326,'instance_id','5'),(2298,326,'cost','7.25'),(2299,326,'total_tax','0'),(2300,326,'taxes','a:1:{s:5:\"total\";a:0:{}}'),(2301,327,'_product_id','2492'),(2302,327,'_variation_id','0'),(2303,327,'_qty','1'),(2304,327,'_tax_class',''),(2305,327,'_line_subtotal','47'),(2306,327,'_line_subtotal_tax','0'),(2307,327,'_line_total','47'),(2308,327,'_line_tax','0'),(2309,327,'_line_tax_data','a:2:{s:5:\"total\";a:0:{}s:8:\"subtotal\";a:0:{}}'),(2310,328,'_product_id','852'),(2311,328,'_variation_id','0'),(2312,328,'_qty','1'),(2313,328,'_tax_class',''),(2314,328,'_line_subtotal','12'),(2315,328,'_line_subtotal_tax','0'),(2316,328,'_line_total','12'),(2317,328,'_line_tax','0'),(2318,328,'_line_tax_data','a:2:{s:5:\"total\";a:0:{}s:8:\"subtotal\";a:0:{}}'),(2319,329,'method_id','jem_table_rate'),(2320,329,'instance_id','5'),(2321,329,'cost','7.25'),(2322,329,'total_tax','0'),(2323,329,'taxes','a:1:{s:5:\"total\";a:0:{}}'),(2324,330,'_product_id','2655'),(2325,330,'_variation_id','0'),(2326,330,'_qty','1'),(2327,330,'_tax_class',''),(2328,330,'_line_subtotal','225'),(2329,330,'_line_subtotal_tax','0'),(2330,330,'_line_total','225'),(2331,330,'_line_tax','0'),(2332,330,'_line_tax_data','a:2:{s:5:\"total\";a:0:{}s:8:\"subtotal\";a:0:{}}'),(2333,331,'method_id','jem_table_rate'),(2334,331,'instance_id','5'),(2335,331,'cost','4.95'),(2336,331,'total_tax','0'),(2337,331,'taxes','a:1:{s:5:\"total\";a:0:{}}'),(2338,332,'_product_id','2655'),(2339,332,'_variation_id','0'),(2340,332,'_qty','1'),(2341,332,'_tax_class',''),(2342,332,'_line_subtotal','225'),(2343,332,'_line_subtotal_tax','0'),(2344,332,'_line_total','225'),(2345,332,'_line_tax','0'),(2346,332,'_line_tax_data','a:2:{s:5:\"total\";a:0:{}s:8:\"subtotal\";a:0:{}}'),(2347,333,'method_id','jem_table_rate'),(2348,333,'instance_id','5'),(2349,333,'cost','4.95'),(2350,333,'total_tax','0'),(2351,333,'taxes','a:1:{s:5:\"total\";a:0:{}}'),(2352,334,'_product_id','2142'),(2353,334,'_variation_id','0'),(2354,334,'_qty','1'),(2355,334,'_tax_class',''),(2356,334,'_line_subtotal','29'),(2357,334,'_line_subtotal_tax','0'),(2358,334,'_line_total','29'),(2359,334,'_line_tax','0'),(2360,334,'_line_tax_data','a:2:{s:5:\"total\";a:0:{}s:8:\"subtotal\";a:0:{}}'),(2361,335,'method_id','jem_table_rate'),(2362,335,'instance_id','5'),(2363,335,'cost','4.95'),(2364,335,'total_tax','0'),(2365,335,'taxes','a:1:{s:5:\"total\";a:0:{}}'),(2436,346,'_product_id','2655'),(2437,346,'_variation_id','0'),(2438,346,'_qty','1'),(2439,346,'_tax_class',''),(2440,346,'_line_subtotal','225'),(2441,346,'_line_subtotal_tax','0'),(2442,346,'_line_total','225'),(2443,346,'_line_tax','0'),(2444,346,'_line_tax_data','a:2:{s:5:\"total\";a:0:{}s:8:\"subtotal\";a:0:{}}'),(2445,347,'method_id','jem_table_rate'),(2446,347,'instance_id','5'),(2447,347,'cost','4.95'),(2448,347,'total_tax','0'),(2449,347,'taxes','a:1:{s:5:\"total\";a:0:{}}'),(2450,348,'_product_id','2655'),(2451,348,'_variation_id','0'),(2452,348,'_qty','1'),(2453,348,'_tax_class',''),(2454,348,'_line_subtotal','225'),(2455,348,'_line_subtotal_tax','0'),(2456,348,'_line_total','225'),(2457,348,'_line_tax','0'),(2458,348,'_line_tax_data','a:2:{s:5:\"total\";a:0:{}s:8:\"subtotal\";a:0:{}}'),(2459,349,'method_id','jem_table_rate'),(2460,349,'instance_id','5'),(2461,349,'cost','4.95'),(2462,349,'total_tax','0'),(2463,349,'taxes','a:1:{s:5:\"total\";a:0:{}}'),(2464,350,'_product_id','2655'),(2465,350,'_variation_id','0'),(2466,350,'_qty','1'),(2467,350,'_tax_class',''),(2468,350,'_line_subtotal','225'),(2469,350,'_line_subtotal_tax','0'),(2470,350,'_line_total','225'),(2471,350,'_line_tax','0'),(2472,350,'_line_tax_data','a:2:{s:5:\"total\";a:0:{}s:8:\"subtotal\";a:0:{}}'),(2473,351,'method_id','jem_table_rate'),(2474,351,'instance_id','5'),(2475,351,'cost','4.95'),(2476,351,'total_tax','0'),(2477,351,'taxes','a:1:{s:5:\"total\";a:0:{}}'),(2478,352,'_product_id','1173'),(2479,352,'_variation_id','0'),(2480,352,'_qty','1'),(2481,352,'_tax_class',''),(2482,352,'_line_subtotal','140'),(2483,352,'_line_subtotal_tax','0'),(2484,352,'_line_total','140'),(2485,352,'_line_tax','0'),(2486,352,'_line_tax_data','a:2:{s:5:\"total\";a:0:{}s:8:\"subtotal\";a:0:{}}'),(2487,353,'method_id','jem_table_rate'),(2488,353,'instance_id','5'),(2489,353,'cost','7.25'),(2490,353,'total_tax','0'),(2491,353,'taxes','a:1:{s:5:\"total\";a:0:{}}'),(2515,357,'_product_id','2604'),(2516,357,'_variation_id','0'),(2517,357,'_qty','1'),(2518,357,'_tax_class',''),(2519,357,'_line_subtotal','295'),(2520,357,'_line_subtotal_tax','0'),(2521,357,'_line_total','295'),(2522,357,'_line_tax','0'),(2523,357,'_line_tax_data','a:2:{s:5:\"total\";a:0:{}s:8:\"subtotal\";a:0:{}}'),(2524,358,'_product_id','2552'),(2525,358,'_variation_id','0'),(2526,358,'_qty','1'),(2527,358,'_tax_class',''),(2528,358,'_line_subtotal','260'),(2529,358,'_line_subtotal_tax','0'),(2530,358,'_line_total','260'),(2531,358,'_line_tax','0'),(2532,358,'_line_tax_data','a:2:{s:5:\"total\";a:0:{}s:8:\"subtotal\";a:0:{}}'),(2533,359,'method_id','jem_table_rate'),(2534,359,'instance_id','5'),(2535,359,'cost','20.05'),(2536,359,'total_tax','0'),(2537,359,'taxes','a:1:{s:5:\"total\";a:0:{}}'),(2538,360,'_product_id','1173'),(2539,360,'_variation_id','0'),(2540,360,'_qty','1'),(2541,360,'_tax_class',''),(2542,360,'_line_subtotal','140'),(2543,360,'_line_subtotal_tax','0'),(2544,360,'_line_total','140'),(2545,360,'_line_tax','0'),(2546,360,'_line_tax_data','a:2:{s:5:\"total\";a:0:{}s:8:\"subtotal\";a:0:{}}'),(2547,361,'method_id','jem_table_rate'),(2548,361,'instance_id','5'),(2549,361,'cost','7.25'),(2550,361,'total_tax','0'),(2551,361,'taxes','a:1:{s:5:\"total\";a:0:{}}'),(2552,362,'_product_id','1173'),(2553,362,'_variation_id','0'),(2554,362,'_qty','1'),(2555,362,'_tax_class',''),(2556,362,'_line_subtotal','140'),(2557,362,'_line_subtotal_tax','0'),(2558,362,'_line_total','140'),(2559,362,'_line_tax','0'),(2560,362,'_line_tax_data','a:2:{s:5:\"total\";a:0:{}s:8:\"subtotal\";a:0:{}}'),(2561,363,'method_id','jem_table_rate'),(2562,363,'instance_id','5'),(2563,363,'cost','7.25'),(2564,363,'total_tax','0'),(2565,363,'taxes','a:1:{s:5:\"total\";a:0:{}}'),(2594,368,'_product_id','2616'),(2595,368,'_variation_id','0'),(2596,368,'_qty','1'),(2597,368,'_tax_class',''),(2598,368,'_line_subtotal','290'),(2599,368,'_line_subtotal_tax','0'),(2600,368,'_line_total','290'),(2601,368,'_line_tax','0'),(2602,368,'_line_tax_data','a:2:{s:5:\"total\";a:0:{}s:8:\"subtotal\";a:0:{}}'),(2603,369,'method_id','jem_table_rate'),(2604,369,'instance_id','5'),(2605,369,'cost','8.95'),(2606,369,'total_tax','0'),(2607,369,'taxes','a:1:{s:5:\"total\";a:0:{}}'),(2608,370,'_product_id','2616'),(2609,370,'_variation_id','0'),(2610,370,'_qty','1'),(2611,370,'_tax_class',''),(2612,370,'_line_subtotal','290'),(2613,370,'_line_subtotal_tax','0'),(2614,370,'_line_total','290'),(2615,370,'_line_tax','0'),(2616,370,'_line_tax_data','a:2:{s:5:\"total\";a:0:{}s:8:\"subtotal\";a:0:{}}'),(2617,371,'method_id','jem_table_rate'),(2618,371,'instance_id','5'),(2619,371,'cost','8.95'),(2620,371,'total_tax','0'),(2621,371,'taxes','a:1:{s:5:\"total\";a:0:{}}'),(2622,372,'_product_id','2616'),(2623,372,'_variation_id','0'),(2624,372,'_qty','1'),(2625,372,'_tax_class',''),(2626,372,'_line_subtotal','290'),(2627,372,'_line_subtotal_tax','0'),(2628,372,'_line_total','290'),(2629,372,'_line_tax','0'),(2630,372,'_line_tax_data','a:2:{s:5:\"total\";a:0:{}s:8:\"subtotal\";a:0:{}}'),(2631,373,'method_id','jem_table_rate'),(2632,373,'instance_id','5'),(2633,373,'cost','8.95'),(2634,373,'total_tax','0'),(2635,373,'taxes','a:1:{s:5:\"total\";a:0:{}}'),(2636,374,'_product_id','2492'),(2637,374,'_variation_id','0'),(2638,374,'_qty','1'),(2639,374,'_tax_class',''),(2640,374,'_line_subtotal','47'),(2641,374,'_line_subtotal_tax','0'),(2642,374,'_line_total','47'),(2643,374,'_line_tax','0'),(2644,374,'_line_tax_data','a:2:{s:5:\"total\";a:0:{}s:8:\"subtotal\";a:0:{}}'),(2645,375,'method_id','jem_table_rate'),(2646,375,'instance_id','5'),(2647,375,'cost','7.25'),(2648,375,'total_tax','0'),(2649,375,'taxes','a:1:{s:5:\"total\";a:0:{}}'),(2650,376,'_product_id','2616'),(2651,376,'_variation_id','0'),(2652,376,'_qty','1'),(2653,376,'_tax_class',''),(2654,376,'_line_subtotal','290'),(2655,376,'_line_subtotal_tax','0'),(2656,376,'_line_total','290'),(2657,376,'_line_tax','0'),(2658,376,'_line_tax_data','a:2:{s:5:\"total\";a:0:{}s:8:\"subtotal\";a:0:{}}'),(2659,377,'method_id','jem_table_rate'),(2660,377,'instance_id','5'),(2661,377,'cost','8.95'),(2662,377,'total_tax','0'),(2663,377,'taxes','a:1:{s:5:\"total\";a:0:{}}'),(2664,378,'_product_id','2655'),(2665,378,'_variation_id','0'),(2666,378,'_qty','1'),(2667,378,'_tax_class',''),(2668,378,'_line_subtotal','225'),(2669,378,'_line_subtotal_tax','0'),(2670,378,'_line_total','225'),(2671,378,'_line_tax','0'),(2672,378,'_line_tax_data','a:2:{s:5:\"total\";a:0:{}s:8:\"subtotal\";a:0:{}}'),(2673,379,'_product_id','2142'),(2674,379,'_variation_id','0'),(2675,379,'_qty','1'),(2676,379,'_tax_class',''),(2677,379,'_line_subtotal','29'),(2678,379,'_line_subtotal_tax','0'),(2679,379,'_line_total','29'),(2680,379,'_line_tax','0'),(2681,379,'_line_tax_data','a:2:{s:5:\"total\";a:0:{}s:8:\"subtotal\";a:0:{}}'),(2682,380,'method_id','jem_table_rate'),(2683,380,'instance_id','5'),(2684,380,'cost','4.95'),(2685,380,'total_tax','0'),(2686,380,'taxes','a:1:{s:5:\"total\";a:0:{}}'),(2687,381,'_product_id','2552'),(2688,381,'_variation_id','0'),(2689,381,'_qty','1'),(2690,381,'_tax_class',''),(2691,381,'_line_subtotal','260'),(2692,381,'_line_subtotal_tax','0'),(2693,381,'_line_total','260'),(2694,381,'_line_tax','0'),(2695,381,'_line_tax_data','a:2:{s:5:\"total\";a:0:{}s:8:\"subtotal\";a:0:{}}'),(2696,382,'method_id','jem_table_rate'),(2697,382,'instance_id','5'),(2698,382,'cost','8.95'),(2699,382,'total_tax','0'),(2700,382,'taxes','a:1:{s:5:\"total\";a:0:{}}'),(2701,383,'_product_id','2142'),(2702,383,'_variation_id','0'),(2703,383,'_qty','1'),(2704,383,'_tax_class',''),(2705,383,'_line_subtotal','29'),(2706,383,'_line_subtotal_tax','0'),(2707,383,'_line_total','29'),(2708,383,'_line_tax','0'),(2709,383,'_line_tax_data','a:2:{s:5:\"total\";a:0:{}s:8:\"subtotal\";a:0:{}}'),(2710,384,'method_id','jem_table_rate'),(2711,384,'instance_id','5'),(2712,384,'cost','4.95'),(2713,384,'total_tax','0'),(2714,384,'taxes','a:1:{s:5:\"total\";a:0:{}}'),(2715,385,'_product_id','2490'),(2716,385,'_variation_id','0'),(2717,385,'_qty','1'),(2718,385,'_tax_class',''),(2719,385,'_line_subtotal','94'),(2720,385,'_line_subtotal_tax','0'),(2721,385,'_line_total','94'),(2722,385,'_line_tax','0'),(2723,385,'_line_tax_data','a:2:{s:5:\"total\";a:0:{}s:8:\"subtotal\";a:0:{}}'),(2724,386,'method_id','jem_table_rate'),(2725,386,'instance_id','8'),(2726,386,'cost','15.50'),(2727,386,'total_tax','0'),(2728,386,'taxes','a:1:{s:5:\"total\";a:0:{}}'),(2729,387,'_product_id','2655'),(2730,387,'_variation_id','0'),(2731,387,'_qty','1'),(2732,387,'_tax_class',''),(2733,387,'_line_subtotal','225'),(2734,387,'_line_subtotal_tax','0'),(2735,387,'_line_total','225'),(2736,387,'_line_tax','0'),(2737,387,'_line_tax_data','a:2:{s:5:\"total\";a:0:{}s:8:\"subtotal\";a:0:{}}'),(2738,388,'method_id','jem_table_rate'),(2739,388,'instance_id','5'),(2740,388,'cost','4.95'),(2741,388,'total_tax','0'),(2742,388,'taxes','a:1:{s:5:\"total\";a:0:{}}'),(2743,389,'_product_id','2655'),(2744,389,'_variation_id','0'),(2745,389,'_qty','1'),(2746,389,'_tax_class',''),(2747,389,'_line_subtotal','225'),(2748,389,'_line_subtotal_tax','0'),(2749,389,'_line_total','225'),(2750,389,'_line_tax','0'),(2751,389,'_line_tax_data','a:2:{s:5:\"total\";a:0:{}s:8:\"subtotal\";a:0:{}}'),(2752,390,'method_id','jem_table_rate'),(2753,390,'instance_id','5'),(2754,390,'cost','4.95'),(2755,390,'total_tax','0'),(2756,390,'taxes','a:1:{s:5:\"total\";a:0:{}}'),(2757,391,'_product_id','2490'),(2758,391,'_variation_id','0'),(2759,391,'_qty','1'),(2760,391,'_tax_class',''),(2761,391,'_line_subtotal','94'),(2762,391,'_line_subtotal_tax','0'),(2763,391,'_line_total','94'),(2764,391,'_line_tax','0'),(2765,391,'_line_tax_data','a:2:{s:5:\"total\";a:0:{}s:8:\"subtotal\";a:0:{}}'),(2766,392,'method_id','jem_table_rate'),(2767,392,'instance_id','5'),(2768,392,'cost','7.95'),(2769,392,'total_tax','0'),(2770,392,'taxes','a:1:{s:5:\"total\";a:0:{}}'),(2771,393,'_product_id','2655'),(2772,393,'_variation_id','0'),(2773,393,'_qty','1'),(2774,393,'_tax_class',''),(2775,393,'_line_subtotal','225'),(2776,393,'_line_subtotal_tax','0'),(2777,393,'_line_total','225'),(2778,393,'_line_tax','0'),(2779,393,'_line_tax_data','a:2:{s:5:\"total\";a:0:{}s:8:\"subtotal\";a:0:{}}'),(2780,394,'method_id','jem_table_rate'),(2781,394,'instance_id','5'),(2782,394,'cost','4.95'),(2783,394,'total_tax','0'),(2784,394,'taxes','a:1:{s:5:\"total\";a:0:{}}'),(2785,395,'_product_id','1173'),(2786,395,'_variation_id','0'),(2787,395,'_qty','1'),(2788,395,'_tax_class',''),(2789,395,'_line_subtotal','140'),(2790,395,'_line_subtotal_tax','0'),(2791,395,'_line_total','140'),(2792,395,'_line_tax','0'),(2793,395,'_line_tax_data','a:2:{s:5:\"total\";a:0:{}s:8:\"subtotal\";a:0:{}}'),(2794,396,'method_id','jem_table_rate'),(2795,396,'instance_id','8'),(2796,396,'cost','15.50'),(2797,396,'total_tax','0'),(2798,396,'taxes','a:1:{s:5:\"total\";a:0:{}}'),(2799,397,'_product_id','2655'),(2800,397,'_variation_id','0'),(2801,397,'_qty','1'),(2802,397,'_tax_class',''),(2803,397,'_line_subtotal','225'),(2804,397,'_line_subtotal_tax','0'),(2805,397,'_line_total','225'),(2806,397,'_line_tax','0'),(2807,397,'_line_tax_data','a:2:{s:5:\"total\";a:0:{}s:8:\"subtotal\";a:0:{}}'),(2808,398,'method_id','jem_table_rate'),(2809,398,'instance_id','5'),(2810,398,'cost','4.95'),(2811,398,'total_tax','0'),(2812,398,'taxes','a:1:{s:5:\"total\";a:0:{}}'),(2813,399,'_product_id','2655'),(2814,399,'_variation_id','0'),(2815,399,'_qty','1'),(2816,399,'_tax_class',''),(2817,399,'_line_subtotal','225'),(2818,399,'_line_subtotal_tax','0'),(2819,399,'_line_total','225'),(2820,399,'_line_tax','0'),(2821,399,'_line_tax_data','a:2:{s:5:\"total\";a:0:{}s:8:\"subtotal\";a:0:{}}'),(2822,400,'method_id','jem_table_rate'),(2823,400,'instance_id','5'),(2824,400,'cost','4.95'),(2825,400,'total_tax','0'),(2826,400,'taxes','a:1:{s:5:\"total\";a:0:{}}'),(2827,401,'_product_id','2655'),(2828,401,'_variation_id','0'),(2829,401,'_qty','1'),(2830,401,'_tax_class',''),(2831,401,'_line_subtotal','225'),(2832,401,'_line_subtotal_tax','0'),(2833,401,'_line_total','225'),(2834,401,'_line_tax','0'),(2835,401,'_line_tax_data','a:2:{s:5:\"total\";a:0:{}s:8:\"subtotal\";a:0:{}}'),(2836,402,'method_id','jem_table_rate'),(2837,402,'instance_id','5'),(2838,402,'cost','4.95'),(2839,402,'total_tax','0'),(2840,402,'taxes','a:1:{s:5:\"total\";a:0:{}}'),(2841,403,'_product_id','2492'),(2842,403,'_variation_id','0'),(2843,403,'_qty','1'),(2844,403,'_tax_class',''),(2845,403,'_line_subtotal','47'),(2846,403,'_line_subtotal_tax','0'),(2847,403,'_line_total','47'),(2848,403,'_line_tax','0'),(2849,403,'_line_tax_data','a:2:{s:5:\"total\";a:0:{}s:8:\"subtotal\";a:0:{}}'),(2850,404,'_product_id','2552'),(2851,404,'_variation_id','0'),(2852,404,'_qty','1'),(2853,404,'_tax_class',''),(2854,404,'_line_subtotal','260'),(2855,404,'_line_subtotal_tax','0'),(2856,404,'_line_total','260'),(2857,404,'_line_tax','0'),(2858,404,'_line_tax_data','a:2:{s:5:\"total\";a:0:{}s:8:\"subtotal\";a:0:{}}'),(2859,405,'method_id','jem_table_rate'),(2860,405,'instance_id','8'),(2861,405,'cost','17.55'),(2862,405,'total_tax','0'),(2863,405,'taxes','a:1:{s:5:\"total\";a:0:{}}'),(2864,406,'_product_id','2142'),(2865,406,'_variation_id','0'),(2866,406,'_qty','1'),(2867,406,'_tax_class',''),(2868,406,'_line_subtotal','29'),(2869,406,'_line_subtotal_tax','0'),(2870,406,'_line_total','29'),(2871,406,'_line_tax','0'),(2872,406,'_line_tax_data','a:2:{s:5:\"total\";a:0:{}s:8:\"subtotal\";a:0:{}}'),(2873,407,'method_id','jem_table_rate'),(2874,407,'instance_id','5'),(2875,407,'cost','4.95'),(2876,407,'total_tax','0'),(2877,407,'taxes','a:1:{s:5:\"total\";a:0:{}}'),(2878,408,'_product_id','2552'),(2879,408,'_variation_id','0'),(2880,408,'_qty','1'),(2881,408,'_tax_class',''),(2882,408,'_line_subtotal','260'),(2883,408,'_line_subtotal_tax','0'),(2884,408,'_line_total','260'),(2885,408,'_line_tax','0'),(2886,408,'_line_tax_data','a:2:{s:5:\"total\";a:0:{}s:8:\"subtotal\";a:0:{}}'),(2887,409,'method_id','jem_table_rate'),(2888,409,'instance_id','5'),(2889,409,'cost','8.95'),(2890,409,'total_tax','0'),(2891,409,'taxes','a:1:{s:5:\"total\";a:0:{}}'),(2892,410,'_product_id','2142'),(2893,410,'_variation_id','0'),(2894,410,'_qty','1'),(2895,410,'_tax_class',''),(2896,410,'_line_subtotal','29'),(2897,410,'_line_subtotal_tax','0'),(2898,410,'_line_total','29'),(2899,410,'_line_tax','0'),(2900,410,'_line_tax_data','a:2:{s:5:\"total\";a:0:{}s:8:\"subtotal\";a:0:{}}'),(2901,411,'method_id','jem_table_rate'),(2902,411,'instance_id','5'),(2903,411,'cost','4.95'),(2904,411,'total_tax','0'),(2905,411,'taxes','a:1:{s:5:\"total\";a:0:{}}'),(2906,412,'_product_id','2489'),(2907,412,'_variation_id','0'),(2908,412,'_qty','1'),(2909,412,'_tax_class',''),(2910,412,'_line_subtotal','19'),(2911,412,'_line_subtotal_tax','0'),(2912,412,'_line_total','19'),(2913,412,'_line_tax','0'),(2914,412,'_line_tax_data','a:2:{s:5:\"total\";a:0:{}s:8:\"subtotal\";a:0:{}}'),(2915,413,'method_id','jem_table_rate'),(2916,413,'instance_id','5'),(2917,413,'cost','4.95'),(2918,413,'total_tax','0'),(2919,413,'taxes','a:1:{s:5:\"total\";a:0:{}}'),(2920,414,'_product_id','2552'),(2921,414,'_variation_id','0'),(2922,414,'_qty','1'),(2923,414,'_tax_class',''),(2924,414,'_line_subtotal','260'),(2925,414,'_line_subtotal_tax','0'),(2926,414,'_line_total','260'),(2927,414,'_line_tax','0'),(2928,414,'_line_tax_data','a:2:{s:5:\"total\";a:0:{}s:8:\"subtotal\";a:0:{}}'),(2929,415,'method_id','jem_table_rate'),(2930,415,'instance_id','5'),(2931,415,'cost','8.95'),(2932,415,'total_tax','0'),(2933,415,'taxes','a:1:{s:5:\"total\";a:0:{}}'),(2934,416,'_product_id','2655'),(2935,416,'_variation_id','0'),(2936,416,'_qty','1'),(2937,416,'_tax_class',''),(2938,416,'_line_subtotal','225'),(2939,416,'_line_subtotal_tax','0'),(2940,416,'_line_total','225'),(2941,416,'_line_tax','0'),(2942,416,'_line_tax_data','a:2:{s:5:\"total\";a:0:{}s:8:\"subtotal\";a:0:{}}'),(2943,417,'method_id','jem_table_rate'),(2944,417,'instance_id','5'),(2945,417,'cost','4.95'),(2946,417,'total_tax','0'),(2947,417,'taxes','a:1:{s:5:\"total\";a:0:{}}'),(2962,420,'_product_id','2655'),(2963,420,'_variation_id','0'),(2964,420,'_qty','1'),(2965,420,'_tax_class',''),(2966,420,'_line_subtotal','225'),(2967,420,'_line_subtotal_tax','0'),(2968,420,'_line_total','225'),(2969,420,'_line_tax','0'),(2970,420,'_line_tax_data','a:2:{s:5:\"total\";a:0:{}s:8:\"subtotal\";a:0:{}}'),(2971,421,'method_id','jem_table_rate'),(2972,421,'instance_id','5'),(2973,421,'cost','4.95'),(2974,421,'total_tax','0'),(2975,421,'taxes','a:1:{s:5:\"total\";a:0:{}}');

--
-- Table structure for table `wmp18_woocommerce_order_items`
--

CREATE TABLE `wmp18_woocommerce_order_items` (
  `order_item_id` bigint unsigned NOT NULL AUTO_INCREMENT,
  `order_item_name` text COLLATE utf8mb4_unicode_520_ci NOT NULL,
  `order_item_type` varchar(200) CHARACTER SET utf8mb4 COLLATE utf8mb4_unicode_520_ci NOT NULL DEFAULT '',
  `order_id` bigint unsigned NOT NULL,
  PRIMARY KEY (`order_item_id`),
  KEY `order_id` (`order_id`)
) ENGINE=InnoDB AUTO_INCREMENT=423 DEFAULT CHARSET=utf8mb4 COLLATE=utf8mb4_unicode_520_ci;

--
-- Dumping data for table `wmp18_woocommerce_order_items`
--

INSERT INTO `wmp18_woocommerce_order_items` VALUES (129,'Kit Luxe d\'Acuité visuelle à son meilleur : myopie presbytie','line_item',1337),(130,'Forfait','shipping',1337),(131,'100%surlivreacuité','coupon',1337),(132,'gbfcdc','coupon',1337),(150,'Kit Luxe d\'Acuité visuelle à son meilleur : myopie presbytie','line_item',1519),(151,'France-Special line b normalement 4 -7 jours ouvrés peut-etre légérement +','shipping',1519),(152,'Oublions les lunettes','line_item',1792),(153,'specialraleur','coupon',1792),(196,'Oublions les lunettes','line_item',1928),(197,'specialraleur','coupon',1928),(198,'Kit Luxe d\'Acuité visuelle à son meilleur : myopie presbytie','line_item',2131),(199,'France-Special line b normalement 6-9 jours ouvrés peut-etre légérement +','shipping',2131),(200,'$%#part30#%$','coupon',2131),(201,'Laser Froid 650nm - 810nm','line_item',2139),(202,'France-epack normalement 7 -10 jours ouvrés peut-etre légérement +','shipping',2139),(210,'Laser Froid 650nm - 810nm','line_item',2252),(211,'France-epack normalement 7 -10 jours ouvrés peut-etre légérement +','shipping',2252),(212,'Laser Froid 650nm - 810nm','line_item',2259),(213,'France-Direct link normalement 7-14 jours ouvrés peut-etre légérement +','shipping',2259),(215,'Oublions les lunettes','line_item',2270),(216,'Laser Froid 650nm - 810nm','line_item',2279),(217,'France-epack normalement 7 -10 jours ouvrés peut-etre légérement +','shipping',2279),(218,'Kit de base d\'Acuité visuelle vaincre la myopie presbytie hypermétropie','line_item',2286),(219,'Canada-epack normalement 7 -10 jours ouvrés peut-etre légérement +','shipping',2286),(220,'Laser Froid 650nm - 810nm','line_item',2299),(221,'France-epack normalement 7 -10 jours ouvrés peut-etre légérement +','shipping',2299),(222,'Laser Froid 650nm - 810nm','line_item',2304),(223,'France-epack normalement 7 -10 jours ouvrés peut-etre légérement +','shipping',2304),(224,'Laser Froid 650nm - 810nm','line_item',2317),(225,'France-epack normalement 7 -10 jours ouvrés peut-etre légérement +','shipping',2317),(226,'Masque Intensif','line_item',2421),(227,'Laser à Froid LLL pour Rhume des foins, Rhinite, Sinusite, inflammation nasale','line_item',2421),(228,'Masque Confort','line_item',2421),(229,'Laser Froid 650nm - 810nm','line_item',2421),(230,'Oublions les lunettes','line_item',2421),(231,'France-Special line b normalement 6-9 jours ouvrés peut-etre légérement +','shipping',2421),(232,'Laser Froid 650nm - 810nm','line_item',2431),(233,'France-epack normalement 7 -10 jours ouvrés peut-etre légérement +','shipping',2431),(234,'Laser Froid 650nm - 810nm','line_item',2433),(235,'France-epack normalement 7 -10 jours ouvrés peut-etre légérement +','shipping',2433),(236,'Kit Luxe d\'Acuité visuelle à son meilleur : myopie presbytie','line_item',2446),(237,'Luxembourg-Special line b normalement 7-12 jours ouvrés peut-etre légérement +','shipping',2446),(238,'Kit de base d\'Acuité visuelle vaincre la myopie presbytie hypermétropie | Prix Spécial','line_item',2521),(239,'Colissimo France-Monaco: 2-3 jours ouvrés','shipping',2521),(240,'Laser Froid 650nm - 810nm','line_item',2524),(241,'Colissimo France-Monaco: 2-3 jours ouvrés','shipping',2524),(242,'Laser Froid LF1 650nm - 810nm','line_item',2801),(243,'Colissimo France-Monaco: 2-3 jours ouvrés','shipping',2801),(244,'Laser Froid LF1 650nm - 810nm','line_item',2808),(245,'Colissimo France-Monaco: 2-3 jours ouvrés','shipping',2808),(246,'Kit Yoga d\'Acuité visuelle','line_item',2810),(247,'Masque Intensif','line_item',2810),(248,'Colissimo France-Monaco: 2-3 jours ouvrés','shipping',2810),(249,'Kit Yoga d\'Acuité visuelle','line_item',2836),(250,'Colissimo France-Monaco: 2-3 jours ouvrés','shipping',2836),(251,'Kit Yoga d\'Acuité visuelle','line_item',2839),(252,'Colissimo France-Monaco: 2-3 jours ouvrés','shipping',2839),(253,'Laser à Froid pour Rhumes, Rhinites, Sinusites','line_item',2841),(254,'Colissimo France-Monaco: 2-3 jours ouvrés','shipping',2841),(255,'Laser Froid 650nm - 810nm LF2','line_item',2844),(256,'Colissimo France-Monaco: 2-3 jours ouvrés','shipping',2844),(257,'Laser froid 650nm multi utilisations','line_item',2846),(258,'Colissimo France-Monaco: 2-3 jours ouvrés','shipping',2846),(259,'Laser Froid LF1 650nm - 810nm','line_item',2849),(260,'Colissimo France-Monaco: 2-3 jours ouvrés','shipping',2849),(261,'Laser Froid LF1 650nm - 810nm','line_item',2854),(262,'Masque Confort','line_item',2854),(263,'Colissimo France-Monaco: 2-3 jours ouvrés','shipping',2854),(264,'Kit confort d\'acuité visuelle','line_item',2855),(265,'Kit Yoga d\'Acuité visuelle','line_item',2855),(266,'Laser Froid 650nm - 810nm LF2','line_item',2855),(267,'Colissimo France-Monaco: 2-3 jours ouvrés','shipping',2855),(268,'Masque simple','line_item',2860),(269,'Colissimo France-Monaco: 2-3 jours ouvrés','shipping',2860),(270,'Kit Yoga d\'Acuité visuelle','line_item',2863),(271,'Colissimo France-Monaco: 2-3 jours ouvrés','shipping',2863),(272,'Laser Froid 650nm - 810nm LF2','line_item',2872),(273,'Colissimo Europe de l Est (hors U.E.), Norvège et Maghreb: 3 à 12 jours ouvrés','shipping',2872),(274,'Laser Froid 650nm - 810nm LF2','line_item',2873),(275,'Colissimo France-Monaco: 2-3 jours ouvrés','shipping',2873),(276,'Kit Yoga d\'Acuité visuelle','line_item',2875),(277,'Colissimo France-Monaco: 2-3 jours ouvrés','shipping',2875),(278,'Masque Intensif','line_item',2877),(279,'Colissimo France-Monaco: 2-3 jours ouvrés','shipping',2877),(280,'Laser Froid LF1 650nm - 810nm','line_item',2880),(281,'Colissimo France-Monaco: 2-3 jours ouvrés','shipping',2880),(282,'Masque simple','line_item',2883),(283,'Colissimo France-Monaco: 2-3 jours ouvrés','shipping',2883),(285,'Oublions les lunettes','line_item',2884),(286,'Laser Froid LF1 650nm - 810nm','line_item',2885),(287,'Colissimo France Outre_Mer 1: 5 à 7 jours.','shipping',2885),(288,'Laser Froid 650nm - 810nm LF2','line_item',2890),(289,'Colissimo France-Monaco: 2-3 jours ouvrés','shipping',2890),(290,'Laser Froid LF1 650nm - 810nm','line_item',2891),(291,'Colissimo France-Monaco: 2-3 jours ouvrés','shipping',2891),(292,'Laser à Froid pour Rhumes, Rhinites, Sinusites','line_item',2893),(293,'Colissimo France-Monaco: 2-3 jours ouvrés','shipping',2893),(294,'Laser à Froid pour Rhumes, Rhinites, Sinusites','line_item',2895),(295,'Colissimo France-Monaco: 2-3 jours ouvrés','shipping',2895),(298,'Laser Froid LF1 650nm - 810nm','line_item',2897),(299,'Colissimo France-Monaco: 2-3 jours ouvrés','shipping',2897),(300,'Kit Yoga d\'Acuité visuelle','line_item',2899),(301,'Masque Intensif','line_item',2899),(302,'Colissimo France-Monaco: 2-3 jours ouvrés','shipping',2899),(303,'Laser froid 650nm multi utilisations','line_item',2901),(304,'Kit Yoga d\'Acuité visuelle','line_item',2901),(305,'Colissimo EU et Suisse: 3 à 10 jours ouvrés','shipping',2901),(306,'Laser Froid LF1 650nm - 810nm','line_item',2924),(307,'Colissimo France-Monaco: 2-3 jours ouvrés','shipping',2924),(308,'Kit Yoga d\'Acuité visuelle','line_item',2929),(309,'Colissimo France-Monaco: 2-3 jours ouvrés','shipping',2929),(310,'Laser froid 650nm multi utilisations','line_item',2931),(311,'Colissimo France-Monaco: 2-3 jours ouvrés','shipping',2931),(312,'Laser Froid 650nm - 810nm LF2','line_item',2932),(313,'Colissimo France-Monaco: 2-3 jours ouvrés','shipping',2932),(314,'Laser Froid LF1 650nm - 810nm','line_item',2934),(315,'Colissimo France-Monaco: 2-3 jours ouvrés','shipping',2934),(316,'Masque Intensif','line_item',2936),(317,'Colissimo Canada, USA,: 5 à 12 jours ouvrés','shipping',2936),(318,'Kit confort d\'acuité visuelle','line_item',2939),(319,'Colissimo France-Monaco: 2-3 jours ouvrés','shipping',2939),(320,'Laser Froid LF1 650nm - 810nm','line_item',2980),(321,'Colissimo France-Monaco: 2-3 jours ouvrés','shipping',2980),(322,'Laser à Froid pour Rhumes, Rhinites, Sinusites','line_item',2988),(323,'Colissimo France-Monaco: 2-3 jours ouvrés','shipping',2988),(324,'ja20aban','coupon',2988),(325,'Laser Froid LF1 650nm - 810nm','line_item',2990),(326,'Colissimo France-Monaco: 2-3 jours ouvrés','shipping',2990),(327,'Masque Intensif','line_item',2991),(328,'Oublions les lunettes','line_item',2991),(329,'Colissimo France-Monaco: 2-3 jours ouvrés','shipping',2991),(330,'Laser Froid 650nm - 810nm LF2','line_item',2995),(331,'Colissimo France-Monaco: 2-3 jours ouvrés','shipping',2995),(332,'Laser Froid 650nm - 810nm LF2','line_item',2996),(333,'Colissimo France-Monaco: 2-3 jours ouvrés','shipping',2996),(334,'Laser à Froid pour Rhumes, Rhinites, Sinusites','line_item',2999),(335,'Colissimo France-Monaco: 2-3 jours ouvrés','shipping',2999),(346,'Laser Froid 650nm - 810nm LF2','line_item',3000),(347,'Colissimo France-Monaco: 2-3 jours ouvrés','shipping',3000),(348,'Laser Froid 650nm - 810nm LF2','line_item',3003),(349,'Colissimo France-Monaco: 2-3 jours ouvrés','shipping',3003),(350,'Laser Froid 650nm - 810nm LF2','line_item',3004),(351,'Colissimo France-Monaco: 2-3 jours ouvrés','shipping',3004),(352,'Laser Froid LF1 650nm - 810nm','line_item',3007),(353,'Colissimo France-Monaco: 2-3 jours ouvrés','shipping',3007),(357,'Appareil de détoxication','line_item',3011),(358,'Laser froid 650nm multi utilisations','line_item',3011),(359,'Colissimo France-Monaco: 2-3 jours ouvrés','shipping',3011),(360,'Laser Froid LF1 650nm - 810nm','line_item',3012),(361,'Colissimo France-Monaco: 2-3 jours ouvrés','shipping',3012),(362,'Laser Froid LF1 650nm - 810nm','line_item',3019),(363,'Colissimo France-Monaco: 2-3 jours ouvrés','shipping',3019),(368,'Générateur d\'hydrogène moléculaire','line_item',3020),(369,'Colissimo France-Monaco: 2-3 jours ouvrés','shipping',3020),(370,'Générateur d\'hydrogène moléculaire','line_item',3021),(371,'Colissimo France-Monaco: 2-3 jours ouvrés','shipping',3021),(372,'Générateur d\'hydrogène moléculaire','line_item',3024),(373,'Colissimo France-Monaco: 2-3 jours ouvrés','shipping',3024),(374,'Masque Intensif','line_item',3025),(375,'Colissimo France-Monaco: 2-3 jours ouvrés','shipping',3025),(376,'Générateur d\'hydrogène moléculaire','line_item',3026),(377,'Colissimo France-Monaco: 2-3 jours ouvrés','shipping',3026),(378,'Laser Froid 650nm - 810nm LF2','line_item',3027),(379,'Laser à Froid pour Rhumes, Rhinites, Sinusites','line_item',3027),(380,'Colissimo France-Monaco: 2-3 jours ouvrés','shipping',3027),(381,'Laser froid 650nm multi utilisations','line_item',3030),(382,'Colissimo France-Monaco: 2-3 jours ouvrés','shipping',3030),(383,'Laser à Froid pour Rhumes, Rhinites, Sinusites','line_item',3031),(384,'Colissimo France-Monaco: 2-3 jours ouvrés','shipping',3031),(385,'Kit confort d\'acuité visuelle','line_item',3033),(386,'Colissimo EU et Suisse: 3 à 10 jours ouvrés','shipping',3033),(387,'Laser Froid 650nm - 810nm LF2','line_item',3034),(388,'Colissimo France-Monaco: 2-3 jours ouvrés','shipping',3034),(389,'Laser Froid 650nm - 810nm LF2','line_item',3035),(390,'Colissimo France-Monaco: 2-3 jours ouvrés','shipping',3035),(391,'Kit confort d\'acuité visuelle','line_item',3038),(392,'Colissimo France-Monaco: 2-3 jours ouvrés','shipping',3038),(393,'Laser Froid 650nm - 810nm LF2','line_item',3039),(394,'Colissimo France-Monaco: 2-3 jours ouvrés','shipping',3039),(395,'Laser Froid LF1 650nm - 810nm','line_item',3040),(396,'Colissimo EU et Suisse: 3 à 10 jours ouvrés','shipping',3040),(397,'Laser Froid 650nm - 810nm LF2','line_item',3041),(398,'Colissimo France-Monaco: 2-3 jours ouvrés','shipping',3041),(399,'Laser Froid 650nm - 810nm LF2','line_item',3045),(400,'Colissimo France-Monaco: 2-3 jours ouvrés','shipping',3045),(401,'Laser Froid 650nm - 810nm LF2','line_item',3048),(402,'Colissimo France-Monaco: 2-3 jours ouvrés','shipping',3048),(403,'Masque Intensif','line_item',3051),(404,'Laser froid 650nm multi utilisations','line_item',3051),(405,'Colissimo EU et Suisse: 3 à 10 jours ouvrés','shipping',3051),(406,'Laser à Froid pour Rhumes, Rhinites, Sinusites','line_item',3054),(407,'Colissimo France-Monaco: 2-3 jours ouvrés','shipping',3054),(408,'Laser froid 650nm multi utilisations','line_item',3055),(409,'Colissimo France-Monaco: 2-3 jours ouvrés','shipping',3055),(410,'Laser à Froid pour Rhumes, Rhinites, Sinusites','line_item',3056),(411,'Colissimo France-Monaco: 2-3 jours ouvrés','shipping',3056),(412,'Kit de base d\'Acuité visuelle','line_item',3067),(413,'Colissimo France-Monaco: 2-3 jours ouvrés','shipping',3067),(414,'Laser froid 650nm multi utilisations','line_item',3075),(415,'Colissimo France-Monaco: 2-3 jours ouvrés','shipping',3075),(416,'Laser Froid 650nm - 810nm LF2','line_item',3076),(417,'Colissimo France-Monaco: 2-3 jours ouvrés','shipping',3076),(420,'Laser Froid 650nm - 810nm LF2','line_item',3077),(421,'Colissimo France-Monaco: 2-3 jours ouvrés','shipping',3077);

--
-- Table structure for table `wmp18_woocommerce_payment_tokenmeta`
--

CREATE TABLE `wmp18_woocommerce_payment_tokenmeta` (
  `meta_id` bigint unsigned NOT NULL AUTO_INCREMENT,
  `payment_token_id` bigint unsigned NOT NULL,
  `meta_key` varchar(255) CHARACTER SET utf8mb4 COLLATE utf8mb4_unicode_520_ci DEFAULT NULL,
  `meta_value` longtext CHARACTER SET utf8mb4 COLLATE utf8mb4_unicode_520_ci,
  PRIMARY KEY (`meta_id`),
  KEY `payment_token_id` (`payment_token_id`),
  KEY `meta_key` (`meta_key`(32))
) ENGINE=InnoDB DEFAULT CHARSET=utf8mb4 COLLATE=utf8mb4_unicode_520_ci;

--
-- Dumping data for table `wmp18_woocommerce_payment_tokenmeta`
--


--
-- Table structure for table `wmp18_woocommerce_payment_tokens`
--

CREATE TABLE `wmp18_woocommerce_payment_tokens` (
  `token_id` bigint unsigned NOT NULL AUTO_INCREMENT,
  `gateway_id` varchar(200) CHARACTER SET utf8mb4 COLLATE utf8mb4_unicode_520_ci NOT NULL,
  `token` text CHARACTER SET utf8mb4 COLLATE utf8mb4_unicode_520_ci NOT NULL,
  `user_id` bigint unsigned NOT NULL DEFAULT '0',
  `type` varchar(200) CHARACTER SET utf8mb4 COLLATE utf8mb4_unicode_520_ci NOT NULL,
  `is_default` tinyint(1) NOT NULL DEFAULT '0',
  PRIMARY KEY (`token_id`),
  KEY `user_id` (`user_id`)
) ENGINE=InnoDB DEFAULT CHARSET=utf8mb4 COLLATE=utf8mb4_unicode_520_ci;

--
-- Dumping data for table `wmp18_woocommerce_payment_tokens`
--


--
-- Table structure for table `wmp18_woocommerce_shipping_zone_locations`
--

CREATE TABLE `wmp18_woocommerce_shipping_zone_locations` (
  `location_id` bigint unsigned NOT NULL AUTO_INCREMENT,
  `zone_id` bigint unsigned NOT NULL,
  `location_code` varchar(200) CHARACTER SET utf8mb4 COLLATE utf8mb4_unicode_520_ci NOT NULL,
  `location_type` varchar(40) CHARACTER SET utf8mb4 COLLATE utf8mb4_unicode_520_ci NOT NULL,
  PRIMARY KEY (`location_id`),
  KEY `location_id` (`location_id`),
  KEY `location_type_code` (`location_type`(10),`location_code`(20)),
  KEY `zone_id` (`zone_id`)
) ENGINE=InnoDB AUTO_INCREMENT=1938 DEFAULT CHARSET=utf8mb4 COLLATE=utf8mb4_unicode_520_ci;

--
-- Dumping data for table `wmp18_woocommerce_shipping_zone_locations`
--

INSERT INTO `wmp18_woocommerce_shipping_zone_locations` VALUES (1773,27,'ZA:LP','state'),(1774,27,'RE','country'),(1775,27,'YT','country'),(1776,27,'GP','country'),(1777,27,'MQ','country'),(1778,27,'BL','country'),(1779,27,'PM','country'),(1780,27,'MF','country'),(1781,27,'GF','country'),(1782,28,'AQ','country'),(1783,28,'TF','country'),(1784,28,'NC','country'),(1785,28,'PF','country'),(1786,28,'WF','country'),(1884,26,'FR','country'),(1885,26,'MC','country'),(1886,30,'DZ','country'),(1887,30,'LY','country'),(1888,30,'MA','country'),(1889,30,'MR','country'),(1890,30,'TN','country'),(1891,30,'AM','country'),(1892,30,'AZ','country'),(1893,30,'GE','country'),(1894,30,'AL','country'),(1895,30,'AD','country'),(1896,30,'BY','country'),(1897,30,'BA','country'),(1898,30,'IS','country'),(1899,30,'LI','country'),(1900,30,'MK','country'),(1901,30,'MD','country'),(1902,30,'NO','country'),(1903,30,'GB','country'),(1904,30,'RS','country'),(1905,30,'TR','country'),(1906,30,'UA','country'),(1907,30,'SX','country'),(1908,31,'CA','country'),(1909,31,'US','country'),(1910,29,'AF','continent'),(1911,29,'CY','country'),(1912,29,'DE','country'),(1913,29,'AT','country'),(1914,29,'BE','country'),(1915,29,'BG','country'),(1916,29,'HR','country'),(1917,29,'DK','country'),(1918,29,'ES','country'),(1919,29,'EE','country'),(1920,29,'FI','country'),(1921,29,'GR','country'),(1922,29,'HU','country'),(1923,29,'IE','country'),(1924,29,'IT','country'),(1925,29,'LV','country'),(1926,29,'LT','country'),(1927,29,'LU','country'),(1928,29,'MT','country'),(1929,29,'NL','country'),(1930,29,'PL','country'),(1931,29,'PT','country'),(1932,29,'CZ','country'),(1933,29,'RO','country'),(1934,29,'SK','country'),(1935,29,'SI','country'),(1936,29,'SE','country'),(1937,29,'CH','country');

--
-- Table structure for table `wmp18_woocommerce_shipping_zone_methods`
--

CREATE TABLE `wmp18_woocommerce_shipping_zone_methods` (
  `zone_id` bigint unsigned NOT NULL,
  `instance_id` bigint unsigned NOT NULL AUTO_INCREMENT,
  `method_id` varchar(200) CHARACTER SET utf8mb4 COLLATE utf8mb4_unicode_520_ci NOT NULL,
  `method_order` bigint unsigned NOT NULL,
  `is_enabled` tinyint(1) NOT NULL DEFAULT '1',
  PRIMARY KEY (`instance_id`)
) ENGINE=InnoDB AUTO_INCREMENT=12 DEFAULT CHARSET=utf8mb4 COLLATE=utf8mb4_unicode_520_ci;

--
-- Dumping data for table `wmp18_woocommerce_shipping_zone_methods`
--

INSERT INTO `wmp18_woocommerce_shipping_zone_methods` VALUES (26,5,'jem_table_rate',2,1),(27,6,'jem_table_rate',1,1),(28,7,'jem_table_rate',1,1),(29,8,'jem_table_rate',1,1),(30,9,'jem_table_rate',1,1),(31,10,'jem_table_rate',1,1),(0,11,'jem_table_rate',1,1);

--
-- Table structure for table `wmp18_woocommerce_shipping_zones`
--

CREATE TABLE `wmp18_woocommerce_shipping_zones` (
  `zone_id` bigint unsigned NOT NULL AUTO_INCREMENT,
  `zone_name` varchar(200) CHARACTER SET utf8mb4 COLLATE utf8mb4_unicode_520_ci NOT NULL,
  `zone_order` bigint unsigned NOT NULL,
  PRIMARY KEY (`zone_id`)
) ENGINE=InnoDB AUTO_INCREMENT=32 DEFAULT CHARSET=utf8mb4 COLLATE=utf8mb4_unicode_520_ci;

--
-- Dumping data for table `wmp18_woocommerce_shipping_zones`
--

INSERT INTO `wmp18_woocommerce_shipping_zones` VALUES (26,'Colissimo France Métropolitaine 2-3 jours ouvrés',0),(27,'Colissimo France Outre_Mer Zone 1: 5-7 jours ouvrés',0),(28,'Colissimo France Outre_Mer Zone 2: 5-7 jours ouvrés',0),(29,'Colissimo EU et Suisse: 3 à 10 jours ouvrés',0),(30,'Colissimo Europe de l\'Est (hors U.E.), Norvège et Maghreb: 3 à 12 jours ouvrés',0),(31,'Colissimo Canada, USA,: 5 à 12 jours ouvrés',0);

--
-- Table structure for table `wmp18_woocommerce_tax_rate_locations`
--

CREATE TABLE `wmp18_woocommerce_tax_rate_locations` (
  `location_id` bigint unsigned NOT NULL AUTO_INCREMENT,
  `location_code` varchar(200) CHARACTER SET utf8mb4 COLLATE utf8mb4_unicode_520_ci NOT NULL,
  `tax_rate_id` bigint unsigned NOT NULL,
  `location_type` varchar(40) CHARACTER SET utf8mb4 COLLATE utf8mb4_unicode_520_ci NOT NULL,
  PRIMARY KEY (`location_id`),
  KEY `tax_rate_id` (`tax_rate_id`),
  KEY `location_type_code` (`location_type`(10),`location_code`(20))
) ENGINE=InnoDB DEFAULT CHARSET=utf8mb4 COLLATE=utf8mb4_unicode_520_ci;

--
-- Dumping data for table `wmp18_woocommerce_tax_rate_locations`
--


--
-- Table structure for table `wmp18_woocommerce_tax_rates`
--

CREATE TABLE `wmp18_woocommerce_tax_rates` (
  `tax_rate_id` bigint unsigned NOT NULL AUTO_INCREMENT,
  `tax_rate_country` varchar(2) CHARACTER SET utf8mb4 COLLATE utf8mb4_unicode_520_ci NOT NULL DEFAULT '',
  `tax_rate_state` varchar(200) CHARACTER SET utf8mb4 COLLATE utf8mb4_unicode_520_ci NOT NULL DEFAULT '',
  `tax_rate` varchar(8) CHARACTER SET utf8mb4 COLLATE utf8mb4_unicode_520_ci NOT NULL DEFAULT '',
  `tax_rate_name` varchar(200) CHARACTER SET utf8mb4 COLLATE utf8mb4_unicode_520_ci NOT NULL DEFAULT '',
  `tax_rate_priority` bigint unsigned NOT NULL,
  `tax_rate_compound` int NOT NULL DEFAULT '0',
  `tax_rate_shipping` int NOT NULL DEFAULT '1',
  `tax_rate_order` bigint unsigned NOT NULL,
  `tax_rate_class` varchar(200) CHARACTER SET utf8mb4 COLLATE utf8mb4_unicode_520_ci NOT NULL DEFAULT '',
  PRIMARY KEY (`tax_rate_id`),
  KEY `tax_rate_country` (`tax_rate_country`),
  KEY `tax_rate_state` (`tax_rate_state`(2)),
  KEY `tax_rate_class` (`tax_rate_class`(10)),
  KEY `tax_rate_priority` (`tax_rate_priority`)
) ENGINE=InnoDB DEFAULT CHARSET=utf8mb4 COLLATE=utf8mb4_unicode_520_ci;

--
-- Dumping data for table `wmp18_woocommerce_tax_rates`
--


--
-- Table structure for table `wmp18_wpforms_entries`
--

CREATE TABLE `wmp18_wpforms_entries` (
  `entry_id` bigint NOT NULL AUTO_INCREMENT,
  `form_id` bigint NOT NULL,
  `post_id` bigint NOT NULL,
  `user_id` bigint NOT NULL,
  `status` varchar(30) CHARACTER SET utf8mb4 COLLATE utf8mb4_unicode_520_ci NOT NULL,
  `type` varchar(30) CHARACTER SET utf8mb4 COLLATE utf8mb4_unicode_520_ci NOT NULL,
  `viewed` tinyint(1) DEFAULT '0',
  `starred` tinyint(1) DEFAULT '0',
  `fields` longtext CHARACTER SET utf8mb4 COLLATE utf8mb4_unicode_520_ci NOT NULL,
  `meta` longtext CHARACTER SET utf8mb4 COLLATE utf8mb4_unicode_520_ci NOT NULL,
  `date` datetime NOT NULL,
  `date_modified` datetime NOT NULL,
  `ip_address` varchar(128) CHARACTER SET utf8mb4 COLLATE utf8mb4_unicode_520_ci NOT NULL,
  `user_agent` varchar(256) CHARACTER SET utf8mb4 COLLATE utf8mb4_unicode_520_ci NOT NULL,
  `user_uuid` varchar(36) CHARACTER SET utf8mb4 COLLATE utf8mb4_unicode_520_ci NOT NULL,
  PRIMARY KEY (`entry_id`),
  KEY `form_id` (`form_id`)
) ENGINE=InnoDB DEFAULT CHARSET=utf8mb4 COLLATE=utf8mb4_unicode_520_ci;

--
-- Dumping data for table `wmp18_wpforms_entries`
--


--
-- Table structure for table `wmp18_wpforms_entry_fields`
--

CREATE TABLE `wmp18_wpforms_entry_fields` (
  `id` bigint NOT NULL AUTO_INCREMENT,
  `entry_id` bigint NOT NULL,
  `form_id` bigint NOT NULL,
  `field_id` int NOT NULL,
  `value` longtext CHARACTER SET utf8mb4 COLLATE utf8mb4_unicode_520_ci NOT NULL,
  `date` datetime NOT NULL,
  PRIMARY KEY (`id`),
  KEY `entry_id` (`entry_id`),
  KEY `form_id` (`form_id`),
  KEY `field_id` (`field_id`)
) ENGINE=InnoDB DEFAULT CHARSET=utf8mb4 COLLATE=utf8mb4_unicode_520_ci;

--
-- Dumping data for table `wmp18_wpforms_entry_fields`
--


--
-- Table structure for table `wmp18_wpforms_entry_meta`
--

CREATE TABLE `wmp18_wpforms_entry_meta` (
  `id` bigint NOT NULL AUTO_INCREMENT,
  `entry_id` bigint NOT NULL,
  `form_id` bigint NOT NULL,
  `user_id` bigint NOT NULL,
  `status` varchar(30) CHARACTER SET utf8mb4 COLLATE utf8mb4_unicode_520_ci NOT NULL,
  `type` varchar(30) CHARACTER SET utf8mb4 COLLATE utf8mb4_unicode_520_ci NOT NULL,
  `data` longtext CHARACTER SET utf8mb4 COLLATE utf8mb4_unicode_520_ci NOT NULL,
  `date` datetime NOT NULL,
  PRIMARY KEY (`id`),
  KEY `entry_id` (`entry_id`)
) ENGINE=InnoDB DEFAULT CHARSET=utf8mb4 COLLATE=utf8mb4_unicode_520_ci;

--
-- Dumping data for table `wmp18_wpforms_entry_meta`
--



